644
CXUS51 KPHI 021416
CLMPHL


CLIMATE REPORT
NATIONAL WEATHER SERVICE MOUNT HOLLY NJ
1015 AM EDT TUE MAY 2 2017

...................................

...THE PHILADELPHIA CLIMATE SUMMARY FOR THE MONTH OF APRIL 2017...

CLIMATE NORMAL PERIOD 1981 TO 2010
CLIMATE RECORD PERIOD 1872 TO 2017

WEATHER         OBSERVED          NORMAL  DEPART  LAST YEAR`S
                 VALUE   DATE(S)  VALUE   FROM    VALUE  DATE(S)
                                          NORMAL
................................................................
TEMPERATURE (F)
RECORD
 HIGH              95   04/17/2002
 LOW               14   04/01/1923
HIGHEST            88                83       5       86
LOWEST             37                30       7       29
AVG. MAXIMUM     69.1              63.9     5.2     64.4
AVG. MINIMUM     49.8              44.1     5.7     44.5
MEAN             59.5              54.0     5.5     54.5
DAYS MAX >= 90      0               0.2    -0.2        0
DAYS MAX <= 32      0               0.0     0.0        0
DAYS MIN <= 32      0               1.3    -1.3        3
DAYS MIN <= 0       0               0.0     0.0        0

PRECIPITATION (INCHES)
RECORD
 MAXIMUM         9.76   1874
 MINIMUM         0.52   1985
TOTALS           3.15              3.56   -0.41     1.75
DAILY AVG.       0.11              0.12   -0.01     0.06
DAYS >= .01        12              11.3     0.7        9
DAYS >= .10         5               6.7    -1.7        7
DAYS >= .50         2               2.3    -0.3        0
DAYS >= 1.00        1               0.9     0.1        0
GREATEST
 24 HR. TOTAL    1.53   04/06 TO 04/06              0.39
                        03/31 TO 04/01
                        04/01 TO 04/02

SNOWFALL (INCHES)
RECORDS
 TOTAL             MM   5
 24 HR TOTAL       MM
TOTALS            0.0               0.5    -0.5      0.3
SINCE 7/1        15.0              22.4    -7.4     27.5
SNOWDEPTH AVG.      0                MM      MM        0
DAYS >= 1.0         0               0.2    -0.2        0
GREATEST
 SNOW DEPTH         0   MM                             0  MM
 24 HR TOTAL      0.0   04/30 TO 04/30               0.3

DEGREE_DAYS
HEATING TOTAL     200               343    -143      324
 SINCE 7/1       3729              4490    -761     3442
COOLING TOTAL      40                12      28       18
 SINCE 1/1         40                13      27       23
.................................................................

WIND (MPH)
AVERAGE WIND SPEED              9.4
HIGHEST WIND SPEED/DIRECTION    32/260    DATE  04/06
HIGHEST GUST SPEED/DIRECTION    39/220    DATE  04/06

SKY COVER
POSSIBLE SUNSHINE (PERCENT)   MM
AVERAGE SKY COVER           0.70
NUMBER OF DAYS FAIR            2
NUMBER OF DAYS PC             11
NUMBER OF DAYS CLOUDY         17

AVERAGE RH (PERCENT)     62

WEATHER CONDITIONS. NUMBER OF DAYS WITH
THUNDERSTORM              0     MIXED PRECIP               0
HEAVY RAIN                3     RAIN                       6
LIGHT RAIN               16     FREEZING RAIN              0
LT FREEZING RAIN          0     HEAVY SNOW                 0
SNOW                      0     LIGHT SNOW                 0
SLEET                     0     FOG                       13
FOG W/VIS <= 1/4 MILE     0     HAZE                       2

-  INDICATES NEGATIVE NUMBERS.
R  INDICATES RECORD WAS SET OR TIED.
MM INDICATES DATA IS MISSING.
T  INDICATES TRACE AMOUNT.

$$
