000
CXUS53 KILX 011611
CLMPIA

CLIMATE REPORT
NATIONAL WEATHER SERVICE LINCOLN IL
937 AM CDT TUE SEP 1 2015

...................................

...THE PEORIA IL CLIMATE SUMMARY FOR THE MONTH OF AUGUST 2015...

CLIMATE NORMAL PERIOD 1981 TO 2010
CLIMATE RECORD PERIOD 1883 TO 2015

WEATHER         OBSERVED          NORMAL  DEPART  LAST YEAR`S
                 VALUE   DATE(S)  VALUE   FROM    VALUE
                                          NORMAL
.............................................................
TEMPERATURE (F)
RECORD
 HIGH             106   08/18/1936
 LOW               41   08/28/1986
                        08/31/1915
                        08/26/1910
HIGHEST            94   08/02        84      10       96
LOWEST             54   08/27        63      -9       57
                        08/25
AVG. MAXIMUM     84.5              83.8     0.7     84.0
AVG. MINIMUM     64.5              63.7     0.8     67.5
MEAN             74.5              73.8     0.7     75.8
DAYS MAX >= 90      5               5.5    -0.5        3
DAYS MAX <= 32      0               0.0     0.0        0
DAYS MIN <= 32      0               0.0     0.0        0
DAYS MIN <= 0       0               0.0     0.0        0

PRECIPITATION (INCHES)
RECORD
 MAXIMUM         8.61   1965
 MINIMUM         0.25   1992
TOTALS           2.03              3.24   -1.21     6.94
DAILY AVG.       0.07              0.10   -0.03     0.22
DAYS >= .01         4               9.1    -5.1       14
DAYS >= .10         2               6.0    -4.0        9
DAYS >= .50         2               2.5    -0.5        8
DAYS >= 1.00        1               0.8     0.2        1
GREATEST
 24 HR. TOTAL    1.28   08/18 TO 08/18              1.77
                        08/17 TO 08/18
                        08/18 TO 08/18

SNOWFALL (INCHES)
RECORDS
 TOTAL            0.0   MM
TOTALS            0.0               0.0     0.0      0.0
SINCE 7/1         0.0               0.0     0.0      0.0
DAYS >= 1.0         0               0.0     0.0        0
GREATEST
 SNOW DEPTH         0   MM                             0
 24 HR TOTAL      0.0   08/31 TO 08/31               0.0

DEGREE_DAYS
HEATING TOTAL       0                 5      -5        0
 SINCE 7/1          5                 6      -1        2
COOLING TOTAL     302               276      26      342
 SINCE 1/1       1112               907     205     1024
..............................................................

WIND (MPH)
AVERAGE WIND SPEED              6.0
HIGHEST WIND SPEED/DIRECTION    33/200    DATE  08/18
HIGHEST GUST SPEED/DIRECTION    44/200    DATE  08/18

SKY COVER
POSSIBLE SUNSHINE (PERCENT)   MM
AVERAGE SKY COVER           0.20
NUMBER OF DAYS FAIR           25
NUMBER OF DAYS PC              5
NUMBER OF DAYS CLOUDY          1

AVERAGE RH (PERCENT)     66

WEATHER CONDITIONS. NUMBER OF DAYS WITH
THUNDERSTORM              3     MIXED PRECIP               0
HEAVY RAIN                2     RAIN                       2
LIGHT RAIN                8     FREEZING RAIN              0
LT FREEZING RAIN          0     HAIL                       0
HEAVY SNOW                0     SNOW                       0
LIGHT SNOW                0     SLEET                      0
FOG                      12     FOG W/VIS <= 1/4 MILE      2
HAZE                     12

-  INDICATES NEGATIVE NUMBERS.
R  INDICATES RECORD WAS SET OR TIED.
MM INDICATES DATA IS MISSING.
T  INDICATES TRACE AMOUNT.

$$
