000
CXUS53 KABR 011600
CLMPIR


CLIMATE REPORT
NATIONAL WEATHER SERVICE ABERDEEN SD
956 AM CST SUN MAR 1 2015

...................................

...THE PIERRE SD CLIMATE SUMMARY FOR THE MONTH OF FEBRUARY 2015...

CLIMATE NORMAL PERIOD 1981 TO 2010
CLIMATE RECORD PERIOD 1892 TO 2015

WEATHER         OBSERVED          NORMAL  DEPART  LAST YEAR`S
                 VALUE   DATE(S)  VALUE   FROM    VALUE  DATE(S)
                                          NORMAL
................................................................
TEMPERATURE (F)
RECORD
 HIGH              73   02/21/1982
                        02/10/1951
 LOW              -35   02/09/1994
HIGHEST            70   02/07        MM      MM       56  02/19
LOWEST            -10   02/27        MM      MM      -19  02/07
                        02/02
                        02/01
AVG. MAXIMUM     34.0              34.9    -0.9     26.4
AVG. MINIMUM      6.7              13.8    -7.1      3.4
MEAN             20.4              24.3    -3.9     14.9
DAYS MAX >= 90      0               0.0     0.0        0
DAYS MAX <= 32     14              11.7     2.3       17
DAYS MIN <= 32     28              26.6     1.4       28
DAYS MIN <= 0       9               4.8     4.2       13

PRECIPITATION (INCHES)
RECORD
 MAXIMUM         2.66   1952
 MINIMUM            T   2002
TOTALS           0.22              0.59   -0.37     0.43
DAYS >= .01         4               4.7    -0.7       10
DAYS >= .10         1               1.6    -0.6        1
DAYS >= .50         0               0.2    -0.2        0
DAYS >= 1.00        0               0.0     0.0        0

SNOWFALL (INCHES)
RECORDS
 TOTAL           27.4   1952
 SNOW DEPTH        MM   MM
TOTALS            1.5               5.9    -4.4      7.2
SINCE 7/1        22.3              21.8     0.5     24.9
SNOWDEPTH AVG.      0                 3      -3        1
DAYS >= TRACE       9               4.3     4.7       17
DAYS >= 1.0         1               1.6    -0.6        2
GREATEST
 SNOW DEPTH         1   02/05                          4  02/26
                        02/04                             02/25
                        02/03

DEGREE_DAYS
HEATING TOTAL    1242              1138     104     1398
 SINCE 7/1       5509              5498      11     5995
COOLING TOTAL       0                 0       0        0
 SINCE 1/1          0                 0       0        0

FREEZE DATES
RECORD
 EARLIEST     MM
 LATEST       MM
EARLIEST                        MM
LATEST                          MM
.................................................................

WIND (MPH)
AVERAGE WIND SPEED              11.1
RESULTANT WIND SPEED/DIRECTION   3/354
HIGHEST WIND SPEED/DIRECTION    35/330    DATE  02/10
HIGHEST GUST SPEED/DIRECTION    41/320    DATE  02/10

SKY COVER
POSSIBLE SUNSHINE (PERCENT)   MM
AVERAGE SKY COVER           0.40
NUMBER OF DAYS FAIR           14
NUMBER OF DAYS PC              8
NUMBER OF DAYS CLOUDY          6

AVERAGE RH (PERCENT)     68

WEATHER CONDITIONS. NUMBER OF DAYS WITH
THUNDERSTORM              0     MIXED PRECIP               0
HEAVY RAIN                0     RAIN                       0
LIGHT RAIN                5     FREEZING RAIN              0
LT FREEZING RAIN          0     HAIL                       0
HEAVY SNOW                0     SNOW                       0
LIGHT SNOW                9     SLEET                      0
FOG                       8     FOG W/VIS <= 1/4 MILE      3
HAZE                      2

-  INDICATES NEGATIVE NUMBERS.
R  INDICATES RECORD WAS SET OR TIED.
MM INDICATES DATA IS MISSING.
T  INDICATES TRACE AMOUNT.

$$
