000
CXUS53 KABR 011402
CLMPIR


CLIMATE REPORT
NATIONAL WEATHER SERVICE ABERDEEN SD
900 AM CDT FRI AUG 1 2014

...................................

...THE PIERRE SD CLIMATE SUMMARY FOR THE MONTH OF JULY 2014...

CLIMATE NORMAL PERIOD 1981 TO 2010
CLIMATE RECORD PERIOD 1892 TO 2014

WEATHER         OBSERVED          NORMAL  DEPART  LAST YEAR`S
                 VALUE   DATE(S)  VALUE   FROM    VALUE  DATE(S)
                                          NORMAL
................................................................
TEMPERATURE (F)
RECORD
 HIGH             117   07/15/2006
                        07/15/2006
                        07/06/1936
 LOW               42   07/30/1971
                        07/01/1959
HIGHEST           104   07/21        89      15      101  07/18
LOWEST             46   07/15        MM      MM       44  07/27
AVG. MAXIMUM     85.0              88.8    -3.8     86.1
AVG. MINIMUM     58.2              61.9    -3.7     59.9
MEAN             71.6              75.4    -3.8     73.0
DAYS MAX >= 90      7              13.8    -6.8        8
DAYS MAX <= 32      0               0.0     0.0        0
DAYS MIN <= 32      0               0.0     0.0        0
DAYS MIN <= 0       0               0.0     0.0        0

PRECIPITATION (INCHES)
RECORD
 MAXIMUM         6.43   1997
 MINIMUM         0.10   1936
TOTALS           0.87              2.61   -1.74     2.58
DAYS >= .01         7               9.2    -2.2        6
DAYS >= .10         2               5.0    -3.0        5
DAYS >= .50         0               1.6    -1.6        1
DAYS >= 1.00        0               0.5    -0.5        1

SNOWFALL (INCHES)
RECORDS
 TOTAL             MM   5
 SNOW DEPTH        MM   MM
TOTALS            0.0               0.0     0.0      0.0
SINCE 7/1         0.0               0.0     0.0      0.0
SNOWDEPTH AVG.      0                MM      MM        0
DAYS >= TRACE       0               0.0     0.0        0
DAYS >= 1.0         0               0.0     0.0        0
GREATEST
 SNOW DEPTH         0   MM                             0  MM

DEGREE_DAYS
HEATING TOTAL      19                 6      13        9
 SINCE 7/1         19                 6      13        9
COOLING TOTAL     230               327     -97      266
 SINCE 1/1        337               493    -156      407

FREEZE DATES
RECORD
 EARLIEST     MM
 LATEST       MM
EARLIEST                        MM
LATEST                          MM
.................................................................

WIND (MPH)
AVERAGE WIND SPEED              9.8
RESULTANT WIND SPEED/DIRECTION   2/053
HIGHEST WIND SPEED/DIRECTION    35/300    DATE  07/01
HIGHEST GUST SPEED/DIRECTION    41/310    DATE  07/01

SKY COVER
POSSIBLE SUNSHINE (PERCENT)   MM
AVERAGE SKY COVER           0.10
NUMBER OF DAYS FAIR           30
NUMBER OF DAYS PC              1
NUMBER OF DAYS CLOUDY          0

AVERAGE RH (PERCENT)     64

WEATHER CONDITIONS. NUMBER OF DAYS WITH
THUNDERSTORM              0     MIXED PRECIP               0
HEAVY RAIN                3     RAIN                       1
LIGHT RAIN                8     FREEZING RAIN              0
LT FREEZING RAIN          0     HAIL                       0
HEAVY SNOW                0     SNOW                       0
LIGHT SNOW                0     SLEET                      0
FOG                      10     FOG W/VIS <= 1/4 MILE      0
HAZE                      1

-  INDICATES NEGATIVE NUMBERS.
R  INDICATES RECORD WAS SET OR TIED.
MM INDICATES DATA IS MISSING.
T  INDICATES TRACE AMOUNT.

$$
