000
CXUS51 KRLX 021604
CLMPKB


CLIMATE REPORT
NATIONAL WEATHER SERVICE CHARLESTON WV
1059 AM EST TUE FEB 2 2016

...................................

...THE PARKERSBURG CLIMATE SUMMARY FOR THE MONTH OF JANUARY 2016...

CLIMATE NORMAL PERIOD 1981 TO 2010
CLIMATE RECORD PERIOD 1889 TO 2016

WEATHER         OBSERVED          NORMAL  DEPART  LAST YEAR`S
                 VALUE   DATE(S)  VALUE   FROM    VALUE  DATE(S)
                                          NORMAL
................................................................
TEMPERATURE (F)
RECORD
 HIGH              78   01/25/1950
 LOW              -24   01/19/1994
HIGHEST            66   01/31        MM      MM       62  01/04
LOWEST              0   01/24        MM      MM       -4  01/10
AVG. MAXIMUM     39.3              39.8    -0.5     37.2
AVG. MINIMUM     20.3              23.4    -3.1     20.5
MEAN             29.8              31.6    -1.8     28.9
DAYS MAX >= 90      0               0.0     0.0        0
DAYS MAX <= 32      9               8.3     0.7        9
DAYS MIN <= 32     27              23.4     3.6       29
DAYS MIN <= 0       1               1.0     0.0        2

PRECIPITATION (INCHES)
RECORD
 MAXIMUM         8.99   1937
 MINIMUM         0.68   1981
TOTALS           1.75              2.95   -1.20     2.23
DAILY AVG.       0.06              0.10   -0.04     0.07
DAYS >= .01        12              14.4    -2.4       14
DAYS >= .10         6               6.7    -0.7        8
DAYS >= .50         1               1.9    -0.9
DAYS >= 1.00        0               0.2    -0.2        0
GREATEST
 24 HR. TOTAL    0.74   01/09 TO 01/10           01/03 TO 01/04
                                                          01/04 TO 01/04
                                                          01/04 TO 01/04
 STORM TOTAL       MM                                 MM
 (MM/DD(HH))            MM                    01/04(00) TO 01/04(00)
                                                 01/04(00) TO 01/04(00)4
                                                 01/04(00) TO 01/04(00)4

SNOWFALL (INCHES)
TOTALS             MM

DEGREE_DAYS
HEATING TOTAL    1085              1035      50     1112
 SINCE 7/1       2390              2945    -555     3041
COOLING TOTAL       0                 0       0        0
 SINCE 1/1          0                 0       0        0
.....................................................

WIND (MPH)
AVERAGE WIND SPEED              6.9
HIGHEST WIND SPEED/DIRECTION    28/280    DATE  01/12
HIGHEST GUST SPEED/DIRECTION    46/260    DATE  01/10

SKY COVER
POSSIBLE SUNSHINE (PERCENT)   MM
AVERAGE SKY COVER           0.50
NUMBER OF DAYS FAIR           12
NUMBER OF DAYS PC             12
NUMBER OF DAYS CLOUDY          7

AVERAGE RH (PERCENT)     65

WEATHER CONDITIONS. NUMBER OF DAYS WITH
THUNDERSTORM              0     MIXED PRECIP               0
HEAVY RAIN                0     RAIN                       2
LIGHT RAIN                8     FREEZING RAIN              0
LT FREEZING RAIN          0     HAIL                       0
HEAVY SNOW                3     SNOW                       4
LIGHT SNOW               11     SLEET                      0
FOG                      14     FOG W/VIS <= 1/4 MILE      1
HAZE                     10

-  INDICATES NEGATIVE NUMBERS.
R  INDICATES RECORD WAS SET OR TIED.
MM INDICATES DATA IS MISSING.
T  INDICATES TRACE AMOUNT.

$$
