745
CXUS51 KRLX 032019
CLMPKB


CLIMATE REPORT
NATIONAL WEATHER SERVICE CHARLESTON WV
418 PM EDT WED MAY 3 2017

...................................

...THE PARKERSBURG WV CLIMATE SUMMARY FOR THE MONTH OF APRIL 2017...

CLIMATE NORMAL PERIOD 1981 TO 2010
CLIMATE RECORD PERIOD 1889 TO 2017

WEATHER         OBSERVED          NORMAL  DEPART  LAST YEAR`S
                 VALUE   DATE(S)  VALUE   FROM    VALUE  DATE(S)
                                          NORMAL
................................................................
TEMPERATURE (F)
RECORD
 HIGH              94   MM
 LOW               21   04/10/2016
HIGHEST            88   04/30        64      24       84  04/18
LOWEST             29   04/08        MM      MM       21  04/10
AVG. MAXIMUM     72.0              66.1     5.9     66.8
AVG. MINIMUM     48.0              42.1     5.9     41.4
MEAN             60.0              54.1     5.9     54.1
DAYS MAX >= 90      0               0.0     0.0        0
DAYS MAX <= 32      0               0.0     0.0        0
DAYS MIN <= 32      4               4.6    -0.6        7
DAYS MIN <= 0       0               0.0     0.0        0

PRECIPITATION (INCHES)
RECORD
 MAXIMUM         8.14   2011
 MINIMUM         0.77   1900
TOTALS           4.90              3.27    1.63     4.40
DAILY AVG.       0.16              0.11    0.05     0.15
DAYS >= .01        15              13.1     1.9       15
DAYS >= .10         9               7.6     1.4       10
DAYS >= .50         5               2.0     3.0
DAYS >= 1.00        0               0.4    -0.4        1
GREATEST
 24 HR. TOTAL    1.13   03/31 TO 04/01           04/26 TO 04/26
                                                          04/26 TO 04/27
                                                          04/27 TO 04/27
 STORM TOTAL       MM                                 MM
 (MM/DD(HH))            MM                    04/26(00) TO 04/26(00)
                                                 04/27(00) TO 04/27(00)7
                                                 04/27(00) TO 04/27(00)7

SNOWFALL (INCHES)
TOTALS             MM

DEGREE_DAYS
HEATING TOTAL     183               345    -162      332
 SINCE 7/1       3850              4806    -956     3982
COOLING TOTAL      37                18      19       12
 SINCE 1/1         43                21      22       20
........................................................

WIND (MPH)
AVERAGE WIND SPEED              6.9
HIGHEST WIND SPEED/DIRECTION    36/270    DATE  04/05
HIGHEST GUST SPEED/DIRECTION    46/320    DATE  04/29

SKY COVER
POSSIBLE SUNSHINE (PERCENT)   MM
AVERAGE SKY COVER           0.40
NUMBER OF DAYS FAIR           16
NUMBER OF DAYS PC             10
NUMBER OF DAYS CLOUDY          4

AVERAGE RH (PERCENT)     63

WEATHER CONDITIONS. NUMBER OF DAYS WITH
THUNDERSTORM              0     MIXED PRECIP               0
HEAVY RAIN                7     RAIN                       8
LIGHT RAIN               16     FREEZING RAIN              0
LT FREEZING RAIN          0     HAIL                       0
HEAVY SNOW                0     SNOW                       0
LIGHT SNOW                1     SLEET                      0
FOG                      17     FOG W/VIS <= 1/4 MILE      2
HAZE                     10

-  INDICATES NEGATIVE NUMBERS.
R  INDICATES RECORD WAS SET OR TIED.
MM INDICATES DATA IS MISSING.
T  INDICATES TRACE AMOUNT.

$$
