000
CXZS50 NSTU 101947
CLMPPG

CLIMATE REPORT
NATIONAL WEATHER SERVICE PAGO PAGO AS
846 AM SST THU AUG 10 2017

.....................................

...THE PAGO PAGO AIRPORT CLIMATE SUMMARY FOR THE MONTH OF JULY 2017...

CLIMATE NORMAL PERIOD 1981 TO 2010
CLIMATE RECORD PERIOD 1956 TO 2017

WEATHER ITEM      OBSERVED    DATES       NORMAL      DEPARTURE   LAST YEAR
                  VALUE                   VALUE       FROM        VALUE DATE(S)
                                                      NORMAL
.............................................................................
TEMPERATURE (F)
RECORD
 HIGH             91          7/28/2002
 LOW              62          7/04/1964

HIGHEST           88          7/29        84          4           87 7/1

LOWEST            72          7/10        76         -4           70 7/8
                                                                     7/1

AVG. MAXIMUM      84.3                    84.2        0.1         83.7
AVG. MINIMUM      77.0                    76.3        0.7         77.1
MEAN              80.7                    80.3        0.4         80.6
DAYS MAX >= 90     0                       0.2       -0.2          0
DAYS MAX <= 32     0                       0.0        0.0          0
DAYS MIN <= 32     0                       0.0        0.0          0
DAYS MIN <= 0      0                       0.0        0.0          0

PRECIPITATION (INCHES)
RECORD
 MAXIMUM          19.59      1962
 MINIMUM           0.72      1974
TOTALS             4.66                   6.47       -1.81         4.48
DAILY AVG.         0.15                   0.21       -0.06         0.14
DAYS >= .01       20                     19.3         0.7         13
DAYS >= .10       12                     10.4         1.6          7
DAYS >= .50        4                      3.8         0.2          3
DAYS >= 1.00       1                      1.9        -0.9          1
GREATEST
 24 HR. TOTAL      1.32     7/3 TO 4               2.66     7/18 TO 19

DEGREE DAYS
HEATING TOTAL     000                     00          00          00
SINCE 1/1         000                     00          00          00
COOLING TOTAL     493                    473          20         485
SINCE 1/1        3754                   3583         171        3828

WIND (MPH)
AVERAGE WIND SPEED 13.1
HIGHEST WIND SPEED/DIRECTION   28/130     DATE 7/17
HIGHEST GUST SPEED/DIRECTION   MM         DATE MM

SKY COVER
POSSIBLE SUNSHINE (PERCENT)    MM
AVERAGE SKY COVER               5.1
NUMBER OF DAYS FAIR            01
NUMBER OF DAYS PC              23
NUMBER OF DAYS CLOUDY           7

AVERAGE RH (PERCENT)           92.7

WEATHER CONDITIONS NUMBER OF DAYS WITH
THUNDERSTORM            00    MIXED PRECIP            00
HEAVY RAIN              11    RAIN                    00
LIGHT RAIN              24    FREEZING RAIN           00
LT FREEZING RAIN        00    HAIL                    00
HEAVY SNOW              00    SNOW                    00
LIGHT SNOW              00    SLEET                   00
FOG                     00    FOG W/VIS <= 1/4 MILE   00
HAZE                    00

- INDICATES NEGATIVE NUMBERS
R INDICATES RECORD WAS SET OR TIED
MM INDICATES DATA IS MISSING
T INDICATES TRACE AMOUNTTEMPERATURE (F)
