000
CXUS56 KPDT 012334
CLMPSC

CLIMATE REPORT
NATIONAL WEATHER SERVICE PENDLETON OREGON
330 PM PST SUN MAR 01 2015

....................................

...THE PASCO WA CLIMATE SUMMARY FOR THE MONTH OF FEBRUARY 2015...

CLIMATE NORMAL PERIOD 1981 TO 2010
CLIMATE RECORD PERIOD 1942 TO 2015

WEATHER         OBSERVED          NORMAL  DEPART  LAST YEAR`S
                 VALUE   DATE(S)  VALUE   FROM    VALUE  DATE(S)
                                          NORMAL

................................................................

TEMPERATURE (F)
RECORD
 HIGH              68   2/17/2007
 LOW                5   2/19/2006
HIGHEST            67   2/ 7       27        40            60   2/17
LOWEST             17   2/23        7        10             6   2/ 7
AVG. MAXIMUM     54.8            48.9       5.9          42.5
AVG. MINUMUM     31.3            28.7       2.6          28.5
MEAN             43.0            38.8       4.2          35.5
DAYS MAX >= 90      0               0         0             0
DAYS MAX <= 32      0              16       -16             7
DAYS MIN <= 32     15              25       -10            16
DAYS MIN <= 0       0              16       -16            16


PRECIPITATION (INCHES)
RECORD
 MAXIMUM          0.91   2002
 MINIMUM          0.05   2005
TOTALS            0.54            0.86     -0.32          0.62
DAILY AVG.        0.02            0.03     -0.01          0.02
DAYS >=  0.01       10               2         8            12
DAYS >=  0.10        3               1         2             2
DAYS >=  0.50        0               0         0             0
DAYS >=  1.00        0               0         0             0
GREATEST
 24 HR. TOTAL     0.12   2/ 9



SNOWFALL (INCHES)
RECORD
 MAXIMUM           0.0   2011
 MINIMUM           0.0   2013
TOTALS             0.0             0.0       0.0           4.7
SINCE 7/1          0.9             0.0       0.9           4.7
DAYS >=  TRACE                       0         0             3
DAYS >=  1.0         0               0         0             3
GREATEST
 24 HR. TOTAL      0.0   2/28


DEGREE DAYS
HEATING TOTAL      609             732      -123           819
 SINCE 7/1        3456            3899      -443          4229
COOLING TOTAL        0               0         0             0
 SINCE 1/1           0               0         0             0

.............................................................

WIND (MPH)
AVERAGE WIND SPEED                     5.2
RESULTANT WIND SPEED/DIRECTION         3/190
HIGHEST WIND SPEED/DIRECTION          36/210      DATE          02/06
HIGHEST GUST SPEED/DIRECTION          44/240      DATE          02/07


WEATHER CONDITIONS. NUMBER OF DAYS WITH
THUNDERSTORM               0    MIXED PRECIP                        0
HEAVY RAIN                 0    RAIN                                0
LIGHT RAIN                14    FREEZING RAIN                       0
LT FREEZING RAIN           0    HAIL                                0
HEAVY SNOW                 0    SNOW                                0
LIGHT SNOW                 0    SLEET                               0
FOG                       14    FOG W/VIS <=1/4 MILE                6
HAZE                       0

-  INDICATES NEGATIVE NUMBERS.
R  INDICATES RECORD WAS SET OR TIED.
MM INDICATES DATA IS MISSING.
T  INDICATES TRACE AMOUNT.

$$
