166
CXUS56 KSGX 012052
CLMPSP


CLIMATE REPORT
NATIONAL WEATHER SERVICE SAN DIEGO, CA
152 PM PDT MON AUG 1 2016

...................................

...THE PALM SPRINGS INTL AIRPORT CA CLIMATE SUMMARY FOR THE MONTH OF JULY 2016...

CLIMATE NORMAL PERIOD 1981 TO 2010
CLIMATE RECORD PERIOD 1893 TO 2016

WEATHER         OBSERVED          NORMAL  DEPART  LAST YEAR`S
                 VALUE   DATE(S)  VALUE   FROM    VALUE  DATE(S)
                                          NORMAL
................................................................
TEMPERATURE (F)
RECORD
 HIGH             123   07/29/1995
                        07/28/1995
                        07/10/1979
 LOW               54   07/02/1979
                        07/03/1935
HIGHEST           117   07/27       108       9      111  07/04
                        07/21                             07/03
LOWEST             74   07/12        76      -2       70  07/11
                        07/06
AVG. MAXIMUM    109.2             107.3     1.9    104.2
AVG. MINIMUM     81.3              77.3     4.0     77.4
MEAN             95.3              92.3     3.0     90.8
DAYS MAX >= 90     31              31.0     0.0       31
DAYS MAX <= 32      0               0.0     0.0        0
DAYS MAX >= 100    31                                 24
DAYS MAX >= 110    12                                  3
DAYS MIN <= 32      0               0.0     0.0        0

PRECIPITATION (INCHES)
RECORD
 MAXIMUM         2.80   1948
 MINIMUM         0.00   2009
                        2005
                        2004
TOTALS           0.00R             0.25   -0.25     0.42
DAILY AVG.       0.00              0.01   -0.01     0.01
DAYS >= .01         0                MM      MM        2
DAYS >= .10         0                MM      MM        1
DAYS >= .50         0                MM      MM        0
DAYS >= 1.00        0                MM      MM        0
DAYS >= 1.50        0                                  0
DAYS >= 2.00        0                                  0
GREATEST
 24 HR. TOTAL       T   07/15 TO 07/16           07/18 TO 07/18
                                                          07/31 TO 07/31
                                                          07/31 TO 07/31
 STORM TOTAL       MM                                 MM
 (MM/DD(HH))            MM                    07/18(00) TO 07/18(00)
                                                 07/31(00) TO 07/31(00)1
                                                 07/31(00) TO 07/31(00)1

DEGREE_DAYS
HEATING TOTAL       0                 0       0        0
 SINCE 7/1          0                 0       0        0
COOLING TOTAL     946               846     100      804
 SINCE 1/1       2746              2252     494     2655

FREEZE DATES
RECORD
 EARLIEST     10/24/1951
 LATEST       03/13/1956
EARLIEST                        12/16
LATEST                          01/29
..................................................

WIND (MPH)
AVERAGE WIND SPEED              7.5
RESULTANT WIND SPEED/DIRECTION   2/350
HIGHEST WIND SPEED/DIRECTION    32/320    DATE  07/10
HIGHEST GUST SPEED/DIRECTION    41/310    DATE  07/10

SKY COVER
POSSIBLE SUNSHINE (PERCENT)   MM
AVERAGE SKY COVER           0.00
NUMBER OF DAYS FAIR           30
NUMBER OF DAYS PC              1
NUMBER OF DAYS CLOUDY          0

AVERAGE RH (PERCENT)     27

WEATHER CONDITIONS. NUMBER OF DAYS WITH
THUNDERSTORM              0     MIXED PRECIP               0
HEAVY RAIN                0     RAIN                       0
LIGHT RAIN                0     FREEZING RAIN              0
LT FREEZING RAIN          0     HAIL                       0
HEAVY SNOW                0     SNOW                       0
LIGHT SNOW                0     SLEET                      0
FOG                       0     FOG W/VIS <= 1/4 MILE      0
HAZE                      1

-  INDICATES NEGATIVE NUMBERS.
R  INDICATES RECORD WAS SET OR TIED.
MM INDICATES DATA IS MISSING.
T  INDICATES TRACE AMOUNT.

$$
