000
CXUS55 KPUB 102358 CCA
CLMPUB

CLIMATE REPORT...CORRECTION
NATIONAL WEATHER SERVICE PUEBLO
1247 PM MDT FRI AUG 1 2014

...................................

...THE PUEBLO CO CLIMATE SUMMARY FOR THE MONTH OF JULY 2014...

CLIMATE NORMAL PERIOD 1981 TO 2010
CLIMATE RECORD PERIOD 1888 TO 2014

WEATHER         OBSERVED          NORMAL  DEPART  LAST YEAR`S
                 VALUE   DATE(S)  VALUE   FROM    VALUE  DATE(S)
                                          NORMAL
................................................................
TEMPERATURE (F)
RECORD
 HIGH             109   07/13/2003
 LOW               41   07/04/1903
HIGHEST           101   07/07        92       9      102  07/23
LOWEST             57   07/19        57       0       53  07/16
                        07/18                             07/03
                        07/17                             07/01
AVG. MAXIMUM     89.2              92.9    -3.7     91.9
AVG. MINIMUM     60.9              58.7     2.2     60.7
MEAN             75.1              75.8    -0.7     76.3
DAYS MAX >= 90     18              21.2    -3.2
DAYS MAX <= 32      0               0.0     0.0
DAYS MIN <= 32      0               0.0     0.0
DAYS MIN <= 0       0               0.0     0.0

PRECIPITATION (INCHES)
RECORD
 MAXIMUM         6.72   1895
 MINIMUM         0.09   1987
TOTALS           3.28              2.06    1.22     1.68
DAILY AVG.       0.11              0.07    0.04
DAYS >= .01        15               9.1     5.9
DAYS >= .10         9               4.6     4.4
DAYS >= .50         2               1.2     0.8
DAYS >= 1.00        0               0.5    -0.5
GREATEST
 24 HR. TOTAL    0.63   07/13 TO 07/14

SNOWFALL (INCHES)
RECORDS
 TOTAL              T   2013
                        2011
                        2009
TOTALS            0.0               0.0     0.0        T
SINCE 7/1         0.0               0.0     0.0        T
SNOWDEPTH AVG.      0
DAYS >= 1.0         0               0.0     0.0
GREATEST
 SNOW DEPTH         0   MM                             0
 24 HR TOTAL      0.0   07/31 TO 07/31                 T

DEGREE_DAYS
HEATING TOTAL       1                 1       0        0
 SINCE 7/1          1                 1       0        0
COOLING TOTAL     321               336     -15      363
 SINCE 1/1        613               545      68      739
.................................................................

WIND (MPH)
AVERAGE WIND SPEED              7.8
HIGHEST WIND SPEED/DIRECTION    45/020    DATE  07/12
HIGHEST GUST SPEED/DIRECTION    61/340    DATE  07/19

SKY COVER
POSSIBLE SUNSHINE (PERCENT)   MM
AVERAGE SKY COVER           0.30
NUMBER OF DAYS FAIR           21
NUMBER OF DAYS PC              8
NUMBER OF DAYS CLOUDY          2

AVERAGE RH (PERCENT)     56

WEATHER CONDITIONS. NUMBER OF DAYS WITH
THUNDERSTORM             12     MIXED PRECIP               0
HEAVY RAIN                8     RAIN                       8
LIGHT RAIN               20     FREEZING RAIN              0
LT FREEZING RAIN          0     HAIL                       0
HEAVY SNOW                0     SNOW                       0
LIGHT SNOW                0     SLEET                      0
FOG                      11     FOG W/VIS <= 1/4 MILE      0
HAZE                      4

-  INDICATES NEGATIVE NUMBERS.
R  INDICATES RECORD WAS SET OR TIED.
MM INDICATES DATA IS MISSING.
T  INDICATES TRACE AMOUNT.

$$

CORRECTION TO NUMBER OF DAYS WITH THUNDERSTORM.
