000
CXUS51 KRNK 011119
CLMROA


CLIMATE REPORT
NATIONAL WEATHER SERVICE BLACKSBURG VA
611 AM EST MON DEC 1 2014

...................................

...THE ROANOKE VA CLIMATE SUMMARY FOR THE MONTH OF NOVEMBER 2014...

CLIMATE NORMAL PERIOD 1981 TO 2010
CLIMATE RECORD PERIOD 1912 TO 2014

WEATHER         OBSERVED          NORMAL  DEPART  LAST YEAR`S
                 VALUE   DATE(S)  VALUE   FROM    VALUE
                                          NORMAL
.............................................................
TEMPERATURE (F)
RECORD
 HIGH              83   11/01/1950
 LOW                8   11/30/1929
HIGHEST            72   11/04                         77
LOWEST             18   11/19                         19
AVG. MAXIMUM     52.9              58.6    -5.7     53.9
AVG. MINIMUM     33.1              37.7    -4.6     34.4
MEAN             43.0              48.1    -5.1     44.1
DAYS MAX >= 90      0               0.0     0.0
DAYS MAX <= 32      1               0.0     1.0
DAYS MIN <= 32     15               8.3     6.7
DAYS MIN <= 0       0               0.0     0.0

PRECIPITATION (INCHES)
RECORD
 MAXIMUM        12.36   1985
 MINIMUM         0.18   2007
TOTALS           3.52              3.40    0.12     2.74
DAILY AVG.       0.12              0.11    0.01     0.09
DAYS >= .01         7               8.0    -1.0
DAYS >= .10         4               5.2    -1.2
DAYS >= .50         3               2.4     0.6
DAYS >= 1.00        1               1.0     0.0
GREATEST
 24 HR. TOTAL    1.45   11/26 TO 11/26

SNOWFALL (INCHES)
TOTALS            0.5                                  T
SINCE 7/1         0.5
SNOWDEPTH AVG.      0
DAYS >= 1.0         0
GREATEST
 SNOW DEPTH         0

DEGREE_DAYS
HEATING TOTAL     654               507     147
 SINCE 7/1        878               804      74
COOLING TOTAL       0                 1      -1
 SINCE 1/1       1128              1208     -80
..............................................................

WIND (MPH)
AVERAGE WIND SPEED              6.9
HIGHEST WIND SPEED/DIRECTION    35/320    DATE  11/02
HIGHEST GUST SPEED/DIRECTION    46/290    DATE  11/18

SKY COVER
POSSIBLE SUNSHINE (PERCENT)   MM
AVERAGE SKY COVER           0.50
NUMBER OF DAYS FAIR            9
NUMBER OF DAYS PC             13
NUMBER OF DAYS CLOUDY          8

AVERAGE RH (PERCENT)     56

WEATHER CONDITIONS. NUMBER OF DAYS WITH
THUNDERSTORM              0     MIXED PRECIP               0
HEAVY RAIN                1     RAIN                       4
LIGHT RAIN                8     FREEZING RAIN              0
LT FREEZING RAIN          0     HAIL                       0
HEAVY SNOW                0     SNOW                       1
LIGHT SNOW                3     SLEET                      0
FOG                       6     FOG W/VIS <= 1/4 MILE      1
HAZE                      0

-  INDICATES NEGATIVE NUMBERS.
R  INDICATES RECORD WAS SET OR TIED.
MM INDICATES DATA IS MISSING.
T  INDICATES TRACE AMOUNT.

$$
