000
CXUS55 KCYS 122251
CLMRWL


CLIMATE REPORT
NATIONAL WEATHER SERVICE CHEYENNE WY
451 PM MDT TUE JUL 12 2016

...................................

...THE RAWLINS WY AIRPORT CLIMATE SUMMARY FOR THE YEAR OF 2015...

CLIMATE NORMAL PERIOD 1981 TO 2010
CLIMATE RECORD PERIOD 1951 TO 2016

WEATHER         OBSERVED          NORMAL  DEPART  LAST YEAR`S
                 VALUE   DATE(S)  VALUE   FROM    VALUE
                                          NORMAL
.............................................................
TEMPERATURE (F)
RECORD
 HIGH              98   08/02/2000
                        07/12/1954
                        07/11/1954
 LOW              -36   02/02/2011
                        02/06/1989
                        01/19/1963
HIGHEST            93   06/30        MM      MM       96
LOWEST            -21   12/28        MM      MM      -27
                        12/27
                        03/04
AVG. MAXIMUM     58.3              55.5     2.8     57.1
AVG. MINIMUM     32.5              29.5     3.0     30.9
MEAN             45.4              42.5     2.9     44.0
DAYS MAX >= 90     10               7.4               12
DAYS MAX <= 32     44              55.9               43
DAYS MIN <= 32    166             197.2              188
DAYS MIN <= 0      15              16.0               20

PRECIPITATION (INCHES)
RECORD
 MAXIMUM        15.49   2009
 MINIMUM         3.24   2002
TOTALS          10.46              9.25    1.21     7.70
DAYS >= .01        94              84.5              100
DAYS >= .10        35              28.5               23
DAYS >= .50         1               2.8                2
DAYS >= 1.00        0               0.4                0
GREATEST
 24 HR. TOTAL    0.72   05/21 TO 05/22

DEGREE_DAYS
HEATING TOTAL    7255              8392   -1137     7746
 SINCE 7/1       3060              3454    -394     3133
COOLING TOTAL     214               186      28      211
 SINCE 1/1        214               186      28      211
..............................................................

WIND (MPH)
AVERAGE WIND SPEED              11.3
HIGHEST WIND SPEED/DIRECTION    53/240    DATE  01/05
HIGHEST GUST SPEED/DIRECTION    77/250    DATE  11/18

SKY COVER
POSSIBLE SUNSHINE (PERCENT)   MM
AVERAGE SKY COVER           0.30
NUMBER OF DAYS FAIR          219
NUMBER OF DAYS PC            110
NUMBER OF DAYS CLOUDY         34

AVERAGE RH (PERCENT)     55

WEATHER CONDITIONS. NUMBER OF DAYS WITH
THUNDERSTORM              0     MIXED PRECIP               0
HEAVY RAIN                9     RAIN                      28
LIGHT RAIN               89     FREEZING RAIN              0
LT FREEZING RAIN          0     HAIL                       0
HEAVY SNOW                4     SNOW                      18
LIGHT SNOW               70     SLEET                      0
FOG                      98     FOG W/VIS <= 1/4 MILE     17
HAZE                     52

-  INDICATES NEGATIVE NUMBERS.
R  INDICATES RECORD WAS SET OR TIED.
MM INDICATES DATA IS MISSING.
T  INDICATES TRACE AMOUNT.

$$
