000
CXUS54 KEWX 011425
CLMSAT

CLIMATE REPORT
NATIONAL WEATHER SERVICE AUSTIN/SAN ANTONIO, TX
925 AM CDT SAT AUG 1 2015

...................................

...THE SAN ANTONIO CLIMATE SUMMARY FOR THE MONTH OF JULY 2015...

CLIMATE NORMAL PERIOD 1981 TO 2010
CLIMATE RECORD PERIOD 1886 TO 2015

WEATHER         OBSERVED          NORMAL  DEPART  LAST YEAR`S
                 VALUE   DATE(S)  VALUE   FROM    VALUE  DATE(S)
                                          NORMAL
................................................................
TEMPERATURE (F)
HIGHEST           100   07/31                         99  07/29
                                                          07/14
LOWEST             70   07/02                         72  07/18
                                                          07/11
                                                          07/10
AVG. MAXIMUM     94.7              94.6     0.1     94.7
AVG. MINIMUM     76.5              74.6     1.9     75.0
MEAN             85.6              84.6     1.0     84.9
DAYS MAX >= 90     30                                 30
DAYS MAX <= 32      0                                  0
DAYS MIN <= 32      0                                  0
DAYS MIN <= 0       0                                  0

PRECIPITATION (INCHES)
TOTALS           0.07R             2.74   -2.67     3.25
DAILY AVG.       0.00              0.09   -0.09     0.10
DAYS >= .01         1                                  4
DAYS >= .10         0                                  2
DAYS >= .50         0                                  1
DAYS >= 1.00        0                                  1
GREATEST
 24 HR. TOTAL    0.22   06/30 TO 07/01

SNOWFALL (INCHES)
TOTALS            0.0               0.0     0.0      0.0
SINCE 7/1         0.0               0.0     0.0      0.0

DEGREE_DAYS
HEATING TOTAL       0                 0       0        0
 SINCE 7/1          0                 0       0        0
COOLING TOTAL     647               608      39      624
 SINCE 1/1       1798              1760      38     1879
.................................................................

WIND (MPH)
AVERAGE WIND SPEED              11.4
HIGHEST WIND SPEED/DIRECTION    37/140    DATE  07/02
HIGHEST GUST SPEED/DIRECTION    50/170    DATE  07/01

SKY COVER
POSSIBLE SUNSHINE (PERCENT)   MM
AVERAGE SKY COVER           0.50
NUMBER OF DAYS FAIR            9
NUMBER OF DAYS PC             19
NUMBER OF DAYS CLOUDY          3

AVERAGE RH (PERCENT)     64

WEATHER CONDITIONS. NUMBER OF DAYS WITH
THUNDERSTORM              0     MIXED PRECIP               0
HEAVY RAIN                1     RAIN                       1
LIGHT RAIN                3     FREEZING RAIN              0
LT FREEZING RAIN          0     HAIL                       0
HEAVY SNOW                0     SNOW                       0
LIGHT SNOW                0     SLEET                      0
FOG                       2     FOG W/VIS <= 1/4 MILE      0
HAZE                      3

-  INDICATES NEGATIVE NUMBERS.
R  INDICATES RECORD WAS SET OR TIED.
MM INDICATES DATA IS MISSING.
T  INDICATES TRACE AMOUNT.

&&

[MONTHLY CLIMATE SUMMARY]
JULY 2015 WAS THE 24TH WARMEST IN SAN ANTONIO WITH AN AVERAGE
TEMPERATURE OF 85.6 DEGREES F.

JULY 2015 WAS THE 14TH DRIEST ON RECORD WITH 0.07 INCHES OF
PRECIPITATION.

[SEA LEVEL PRESSURE DATA]
HIGHEST SLP WAS 30.12 ON THE 11TH.
LOWEST SLP WAS 29.77 ON THE 21ST.

PRELIMINARY LOCAL CLIMATOLOGICAL DATA (WS FORM: F-6)

                                          STATION:   SAN ANTONIO
                                          MONTH:     JULY
                                          YEAR:      2015
                                          LATITUDE:   29 31 N
                                          LONGITUDE:  98 28 W

  TEMPERATURE IN F:       :PCPN:    SNOW:  WIND      :SUNSHINE: SKY     :PK WND
================================================================================
1   2   3   4   5  6A  6B    7    8   9   10  11  12  13   14  15   16   17  18
                                     12Z  AVG MX 2MIN
DY MAX MIN AVG DEP HDD CDD  WTR  SNW DPTH SPD SPD DIR MIN PSBL S-S WX    SPD DR
================================================================================

 1  89  72  81  -3   0  16 0.07  0.0    0  9.1 37 170   M    M   6 1      50 170
 2  90  70  80  -4   0  15    T  0.0    0 12.5 37 140   M    M   5        45 150
 3  90  77  84   0   0  19 0.00  0.0    0 11.5 20 150   M    M   8        26 140
 4  92  77  85   1   0  20 0.00  0.0    0 12.2 22 140   M    M   6        28 140
 5  91  76  84   0   0  19    T  0.0    0 14.7 24 150   M    M   6        31 150
 6  92  77  85   1   0  20 0.00  0.0    0 16.3 25 150   M    M   6        32 140
 7  91  78  85   1   0  20    T  0.0    0 16.6 23 150   M    M   8        33 180
 8  92  78  85   1   0  20 0.00  0.0    0 16.9 26 130   M    M   9        30 130
 9  92  76  84   0   0  19 0.00  0.0    0 13.4 22 140   M    M   6 18     30 140
10  93  76  85   1   0  20 0.00  0.0    0 12.4 21 130   M    M   5        25 140
11  92  74  83  -1   0  18 0.00  0.0    0 10.5 17 150   M    M   4        22 150
12  94  76  85   1   0  20 0.00  0.0    0 10.2 17 160   M    M   3        23 150
13  95  77  86   2   0  21 0.00  0.0    0  9.0 18 160   M    M   2 8      23 150
14  95  74  85   1   0  20 0.00  0.0    0 10.2 22 130   M    M   2        26 130
15  94  76  85   1   0  20 0.00  0.0    0 11.6 21 150   M    M   3        27 150
16  95  75  85   0   0  20 0.00  0.0    0 11.0 22 150   M    M   4        27 160
17  96  77  87   2   0  22 0.00  0.0    0 12.7 21 140   M    M   4        25 130
18  96  79  88   3   0  23 0.00  0.0    0 12.6 21 130   M    M   5        25 140
19  96  77  87   2   0  22 0.00  0.0    0 12.3 20 150   M    M   5        26 180
20  96  77  87   2   0  22 0.00  0.0    0  9.5 21 150   M    M   3        25 150
21  96  76  86   1   0  21 0.00  0.0    0 10.9 21 150   M    M   2        27 150
22  97  79  88   3   0  23 0.00  0.0    0 12.3 22 150   M    M   4        27 150
23  98  78  88   3   0  23 0.00  0.0    0 13.0 22 130   M    M   4 8      26 160
24  97  78  88   3   0  23 0.00  0.0    0 11.9 21 150   M    M   5        28 150
25  96  76  86   1   0  21 0.00  0.0    0  8.2 21 150   M    M   3        25 150
26  97  77  87   2   0  22 0.00  0.0    0  8.3 20 160   M    M   5        24 160
27  98  79  89   4   0  24 0.00  0.0    0 11.4 22 150   M    M   3        29 140
28  99  78  89   4   0  24 0.00  0.0    0 11.7 24 130   M    M   5        30 130
29  99  77  88   3   0  23 0.00  0.0    0  9.6 18 160   M    M   2        28 150
30  99  75  87   2   0  22 0.00  0.0    0  5.9 14 110   M    M   4        18 120
31 100  80  90   4   0  25    T  0.0    0  6.5 26  10   M    M   7 3      43  40
================================================================================
SM 2937 2372         0 647  0.07     0.0 354.9          M      144
================================================================================
AV 94.7 76.5                              11.4 FASTST   M    M   5    MAX(MPH)
                                 MISC ---->  # 37 170               # 50  170
================================================================================
NOTES:
# LAST OF SEVERAL OCCURRENCES

COLUMN 17 PEAK WIND IN M.P.H.
SYMBOLS USED IN COLUMN 16
1 = FOG OR MIST
2 = FOG REDUCING VISIBILITY
3 = THUNDER
4 = ICE PELLETS
5 = HAIL
6 = FREEZING RAIN OR DRIZZLE
7 = DUSTSTORM OR SANDSTORM:
8 = SMOKE OR HAZE
9 = BLOWING SNOW
X = TORNADO

$$
