000
CXUS51 KAKQ 011530
CLMSBY


CLIMATE REPORT
NATIONAL WEATHER SERVICE WAKEFIELD, VA
1126 AM EDT MON AUG 1 2016

...................................

...THE SALISBURY MD CLIMATE SUMMARY FOR THE MONTH OF JULY 2016...

CLIMATE NORMAL PERIOD 1981 TO 2010
CLIMATE RECORD PERIOD 1900 TO 2016

WEATHER         OBSERVED          NORMAL  DEPART  LAST YEAR`S
                 VALUE   DATE(S)  VALUE   FROM    VALUE  DATE(S)
                                          NORMAL
................................................................
TEMPERATURE (F)
RECORD
 HIGH             106   07/21/1929
 LOW               42   07/12/2002
HIGHEST            95   07/25        89       6       94  07/20
LOWEST             60   07/03        66      -6       59  07/24
AVG. MAXIMUM     88.1              86.5     1.6     85.2
AVG. MINIMUM     70.9              67.0     3.9     67.7
MEAN             79.5              76.8     2.7     76.4
DAYS MAX >= 90     15               8.6     6.4        4
DAYS MAX <= 32      0               0.0     0.0        0
DAYS MIN <= 32      0               0.0     0.0        0
DAYS MIN <= 0       0               0.0     0.0        0

PRECIPITATION (INCHES)
RECORD
 MAXIMUM        10.42   1975
 MINIMUM         0.86   2010
TOTALS           6.30              4.38    1.92     6.26
DAILY AVG.       0.20              0.14    0.06     0.20
DAYS >= .01        14              10.0     4.0       11
DAYS >= .10         8               6.8     1.2       10
DAYS >= .50         4               2.5     1.5        4
DAYS >= 1.00        2               1.3     0.7        3
GREATEST
 24 HR. TOTAL    2.41   07/28 TO 07/28

DEGREE_DAYS
HEATING TOTAL       0                 1      -1        0
 SINCE 7/1          0                 1      -1        0
COOLING TOTAL     456               364      92      360
 SINCE 1/1        754               675      79      801
.................................................................

WIND (MPH)
AVERAGE WIND SPEED              5.4
HIGHEST WIND SPEED/DIRECTION    28/060    DATE  07/28
HIGHEST GUST SPEED/DIRECTION    34/070    DATE  07/28

SKY COVER
POSSIBLE SUNSHINE (PERCENT)   MM
AVERAGE SKY COVER           0.20

AVERAGE RH (PERCENT)     77

WEATHER CONDITIONS. NUMBER OF DAYS WITH
THUNDERSTORM             10     MIXED PRECIP               0
HEAVY RAIN                7     RAIN                       4
LIGHT RAIN               18     FREEZING RAIN              0
LT FREEZING RAIN          0     HAIL                       0
HEAVY SNOW                0     SNOW                       0
LIGHT SNOW                0     SLEET                      0
FOG                      24     FOG W/VIS <= 1/4 MILE      4
HAZE                      4

-  INDICATES NEGATIVE NUMBERS.
R  INDICATES RECORD WAS SET OR TIED.
MM INDICATES DATA IS MISSING.
T  INDICATES TRACE AMOUNT.

$$
