000
CXUS56 KSEW 011033
CLMSEW


CLIMATE REPORT
NATIONAL WEATHER SERVICE SEATTLE WA
333 AM PDT TUE JUL 1 2014

...................................

...THE SEATTLE WA WFO CLIMATE SUMMARY FOR THE MONTH OF JUNE 2014...

CLIMATE NORMAL PERIOD 1981 TO 2010
CLIMATE RECORD PERIOD 1986 TO 2014

WEATHER         OBSERVED          NORMAL  DEPART  LAST YEAR`S
                 VALUE   DATE(S)  VALUE   FROM    VALUE  DATE(S)
                                          NORMAL
................................................................
TEMPERATURE (F)
RECORD
 HIGH              92   06/13/2002
                        06/30/1995
 LOW               42   06/04/1991
HIGHEST            79   06/23        MM      MM       88  06/30
                                                          06/28
LOWEST             47   06/05        MM      MM       49  06/15
                                                          06/03
AVG. MAXIMUM     70.9              69.7     1.2     73.0
AVG. MINIMUM     53.3              52.3     1.0     54.8
MEAN             62.1              61.0     1.1     63.9
DAYS MAX >= 90      0               0.0     0.0        0
DAYS MAX <= 32      0               0.0     0.0        0
DAYS MIN <= 32      0               0.0     0.0        0
DAYS MIN <= 0       0               0.0     0.0        0

PRECIPITATION (INCHES)
RECORD
 MAXIMUM         3.39   2012
 MINIMUM         0.04   1987
TOTALS           1.25              1.63   -0.38     1.91
DAILY AVG.       0.04              0.05   -0.01     0.06
DAYS >= .01        11               9.9     1.1        9
DAYS >= .10         5               4.8     0.2        5
DAYS >= .50         0               0.7    -0.7        1
DAYS >= 1.00        0               0.1    -0.1        0

DEGREE_DAYS
HEATING TOTAL      88               134     -46       64
 SINCE 7/1       4416              4588    -172     4299
COOLING TOTAL       9                14      -5       37
 SINCE 1/1         23                17       6       42
.................................................................

WIND (MPH)
HIGHEST GUST SPEED/DIRECTION    MM        DATE   MM


WEATHER CONDITIONS. NUMBER OF DAYS WITH
THUNDERSTORM              0     MIXED PRECIP               0
HEAVY RAIN                0     RAIN                       0
LIGHT RAIN               14     FREEZING RAIN              0
LT FREEZING RAIN          0     HAIL                       0
HEAVY SNOW                0     SNOW                       0
LIGHT SNOW                0     SLEET                      0
FOG                       1     FOG W/VIS <= 1/4 MILE      0
HAZE                      0

-  INDICATES NEGATIVE NUMBERS.
R  INDICATES RECORD WAS SET OR TIED.
MM INDICATES DATA IS MISSING.
T  INDICATES TRACE AMOUNT.

$$
