000
CXUS56 KOTX 022201
CLMSFF


CLIMATE REPORT
NATIONAL WEATHER SERVICE SPOKANE, WA
256 PM PDT TUE JUN 2 2015

...................................

...THE SPOKANE WA FELTS AIRPORT CLIMATE SUMMARY FOR THE MONTH OF MAY 2015...

CLIMATE NORMAL PERIOD 1981 TO 2010
CLIMATE RECORD PERIOD 9999 TO 9999

WEATHER         OBSERVED          NORMAL  DEPART  LAST YEAR`S
                 VALUE   DATE(S)  VALUE   FROM    VALUE  DATE(S)
                                          NORMAL
................................................................
TEMPERATURE (F)
RECORD
 HIGH              MM   MM
 LOW               MM   MM
HIGHEST            85   05/30        MM      MM       83  05/23
                        05/23                             05/15
LOWEST             36   05/03        MM      MM       35  05/07
AVG. MAXIMUM     74.9              67.7     7.2     71.5
AVG. MINIMUM     47.7              42.1     5.6     44.7
MEAN             61.3              54.9     6.4     58.1
DAYS MAX >= 90      0               0.1    -0.1        0
DAYS MAX <= 32      0               0.0     0.0        0
DAYS MIN <= 32      0               1.8    -1.8        0
DAYS MIN <= 0       0               0.0     0.0        0

PRECIPITATION (INCHES)
RECORD
 MAXIMUM           MM   MM
 MINIMUM           MM   MM
TOTALS           1.23              1.71   -0.48     0.92
DAILY AVG.       0.04              0.06   -0.02     0.03
DAYS >= .01         5                MM      MM        6
DAYS >= .10         5                MM      MM        2
DAYS >= .50         0                MM      MM        0
DAYS >= 1.00        0                MM      MM        0
GREATEST
 24 HR. TOTAL    0.35   05/28 TO 05/28           05/08 TO 05/09
                                                          05/09 TO 05/09
                                                          05/09 TO 05/09

SNOWFALL (INCHES)
RECORDS
 TOTAL             MM   MM
TOTALS             MM                MM      MM       MM
SINCE 7/1          MM                MM      MM       MM
SNOWDEPTH AVG.     MM                MM      MM       MM
DAYS >= 1.0         0                MM      MM       MM
GREATEST
 SNOW DEPTH        MM                                 MM  MM
 24 HR TOTAL       MM                                 MM

DEGREE_DAYS
HEATING TOTAL     144               320    -176      210
 SINCE 7/1       5033              6175   -1142     6131
COOLING TOTAL      38                 7      31        5
 SINCE 1/1         38                 7      31        5
..........................................................

WIND (MPH)
AVERAGE WIND SPEED              4.8
HIGHEST WIND SPEED/DIRECTION    25/350    DATE  05/29
HIGHEST GUST SPEED/DIRECTION    43/320    DATE  05/29

SKY COVER
POSSIBLE SUNSHINE (PERCENT)    0
AVERAGE SKY COVER           0.30
NUMBER OF DAYS FAIR           23
NUMBER OF DAYS PC              6
NUMBER OF DAYS CLOUDY          2

AVERAGE RH (PERCENT)     52

WEATHER CONDITIONS. NUMBER OF DAYS WITH
THUNDERSTORM              0     MIXED PRECIP               0
HEAVY RAIN                2     RAIN                       4
LIGHT RAIN                5     FREEZING RAIN              0
LT FREEZING RAIN          0     HAIL                       0
HEAVY SNOW                0     SNOW                       0
LIGHT SNOW                0     SLEET                      0
FOG                       5     FOG W/VIS <= 1/4 MILE      0
HAZE                      5

-  INDICATES NEGATIVE NUMBERS.
R  INDICATES RECORD WAS SET OR TIED.
MM INDICATES DATA IS MISSING.
T  INDICATES TRACE AMOUNT.

$$
