000
CXCA52 TJSJ 020331
CLMSJU

CLIMATE REPORT
NATIONAL WEATHER SERVICE SAN JUAN, PR
220 AM AST TUE APR 1 2014

...................................

...THE SAN JUAN/P.R. CLIMATE SUMMARY FOR THE MONTH OF MARCH 2014...

CLIMATE NORMAL PERIOD 1981 TO 2010
CLIMATE RECORD PERIOD 1898 TO 2014

WEATHER         OBSERVED          NORMAL  DEPART
                 VALUE   DATE(S)  VALUE   FROM
                                          NORMAL
................................................
TEMPERATURE (F)
RECORD
 HIGH              96   03/19/1983
 LOW               60   03/03/1957
HIGHEST            92   03/22        90       2
                        03/21
LOWEST             71   03/21        67       4
AVG. MAXIMUM     86.7              84.9     1.8
AVG. MINIMUM     73.6              72.9     0.7
MEAN             80.1              78.9     1.2
DAYS MAX >= 90      4               1.8     2.2
DAYS MAX <= 32      0               0.0     0.0
DAYS MIN <= 32      0               0.0     0.0
DAYS MIN <= 0       0               0.0     0.0

PRECIPITATION (INCHES)
RECORD
 MAXIMUM         9.38   1927
 MINIMUM         0.00   2005
TOTALS           0.51              1.95   -1.44
DAILY AVG.       0.02              0.06   -0.04
DAYS >= .01         5              12.2    -7.2
DAYS >= .10         2               4.9    -2.9
DAYS >= .50         0               0.7    -0.7
DAYS >= 1.00        0               0.3    -0.3


DEGREE_DAYS
HEATING TOTAL       0                 0       0
 SINCE 7/1          0                 0       0
COOLING TOTAL     478               431      47
 SINCE 1/1       1366              1182     184
.................................................

WIND (MPH)
AVERAGE WIND SPEED              7.2
RESULTANT WIND SPEED/DIRECTION   6/079
HIGHEST WIND SPEED/DIRECTION    26/060    DATE  03/28
HIGHEST GUST SPEED/DIRECTION    32/060    DATE  03/28

SKY COVER
AVERAGE SKY COVER           0.40
NUMBER OF DAYS FAIR           12
NUMBER OF DAYS PC             19
NUMBER OF DAYS CLOUDY          0

AVERAGE RH (PERCENT)     68

WEATHER CONDITIONS. NUMBER OF DAYS WITH
THUNDERSTORM              0     MIXED PRECIP               0
HEAVY RAIN                0     RAIN                       0
LIGHT RAIN                6     FREEZING RAIN              0
LT FREEZING RAIN          0     HAIL                       0
HEAVY SNOW                0     SNOW                       0
LIGHT SNOW                0     SLEET                      0
FOG                       2     FOG W/VIS <= 1/4 MILE      0
HAZE                      3

-  INDICATES NEGATIVE NUMBERS.
R  INDICATES RECORD WAS SET OR TIED.
MM INDICATES DATA IS MISSING.
T  INDICATES TRACE AMOUNT.

$$
