000
CXUS45 KSLC 052038
CLMSLC

SLCCLMSLC 000
TTAA00 KSLC 052033

CLIMATE REPORT
NATIONAL WEATHER SERVICE SALT LAKE CITY UT
233 PM MDT TUE SEP 5 2017

...................................

...THE SALT LAKE CITY UT CLIMATE SUMMARY FOR THE MONTH OF AUGUST 2017...

CLIMATE NORMAL PERIOD 1981 TO 2010
CLIMATE RECORD PERIOD 1874 TO 2017

WEATHER         OBSERVED          NORMAL  DEPART  LAST YEAR`S
                 VALUE   DATE(S)  VALUE   FROM    VALUE  DATE(S)
                                          NORMAL
................................................................
TEMPERATURE (F)
RECORD
 HIGH             106   08/04/1994
 LOW               37   08/31/1965
                        08/29/1964
HIGHEST           101   08/01                        101  08/02
LOWEST             60   08/16                         55  08/25
                        08/15
AVG. MAXIMUM     93.3              90.5     2.8     93.5
AVG. MINIMUM     69.3              63.4     5.9     66.9
MEAN             81.3              77.0     4.3     80.2
DAYS MAX >= 90     25              18.2     6.8       26
DAYS MAX <= 32      0               0.0     0.0        0
DAYS MIN <= 32      0               0.0     0.0        0
DAYS MIN <= 0       0               0.0     0.0        0

PRECIPITATION (INCHES)
TOTALS           0.07              0.69   -0.62     0.15
DAYS >= .01         2               5.4    -3.4        3
DAYS >= .10         0               2.0    -2.0        0
DAYS >= .50         0               0.2    -0.2        0
DAYS >= 1.00        0               0.1    -0.1        0

SNOWFALL (INCHES)
TOTALS            0.0               0.0     0.0      0.0
SINCE 7/1         0.0               0.0              0.0

DEGREE_DAYS
HEATING TOTAL       0                 3      -3        0
 SINCE 7/1          0                 5      -5        1
COOLING TOTAL     510               374     136      479
 SINCE 1/1       1562              1036     526     1477
.................................................................

WIND (MPH)
AVERAGE WIND SPEED              8.0
HIGHEST WIND SPEED/DIRECTION    32/160    DATE  08/30
HIGHEST GUST SPEED/DIRECTION    44/160    DATE  08/30


WEATHER CONDITIONS. NUMBER OF DAYS WITH
THUNDERSTORM              9     RAIN                       2
HAIL                      0     SNOW                       0
FOG                       0     FOG W/VIS <= 1/4 MILE      0
HAZE                      6

-  INDICATES NEGATIVE NUMBERS.
R  INDICATES RECORD WAS SET OR TIED.
MM INDICATES DATA IS MISSING.
T  INDICATES TRACE AMOUNT.

$$
