040
CXAK58 PASN 011651
CLMSNP


CLIMATE REPORT
NATIONAL WEATHER SERVICE ANCHORAGE, AK
851 AM AKDT SAT APR 1 2017

...................................

...THE SAINT PAUL ISLAND CLIMATE SUMMARY FOR THE MONTH OF MARCH 2017...

CLIMATE NORMAL PERIOD 1981 TO 2010
CLIMATE RECORD PERIOD 1892 TO 2017

WEATHER         OBSERVED          NORMAL  DEPART  LAST YEAR`S
                 VALUE   DATE(S)  VALUE   FROM    VALUE  DATE(S)
                                          NORMAL
................................................................
TEMPERATURE (F)
RECORD
 HIGH              50   MM
 LOW               10   03/29/2017
HIGHEST            36                MM      MM       41
LOWEST             10R               MM      MM       18
AVG. MAXIMUM     30.2              29.3     0.9     31.1
AVG. MINIMUM     21.3              20.4     0.9     25.3
MEAN             25.7              24.8     0.9     28.2
DAYS MAX >= 90      0               0.0     0.0        0
DAYS MAX <= 32     23              16.0     7.0       17
DAYS MIN <= 32     31              27.5     3.5       23
DAYS MIN <= 0       0               1.5    -1.5        0

PRECIPITATION (INCHES)
RECORD
 MAXIMUM           MM   MM
 MINIMUM           MM   MM
TOTALS           0.10              1.07   -0.97     1.02
DAILY AVG.       0.00              0.03   -0.03     0.03
DAYS >= .01         2              14.2   -12.2       17
DAYS >= .10         0               3.5    -3.5        2
DAYS >= .50         0               0.1    -0.1        0
DAYS >= 1.00        0               0.0     0.0        0
GREATEST
 24 HR. TOTAL    0.09   03/04 TO 03/04           03/06 TO 03/06
                                                          03/29 TO 03/29
                                                          03/29 TO 03/29
 STORM TOTAL       MM                                 MM
 (MM/DD(HH))            MM                    03/06(00) TO 03/06(00)
                                                 03/29(00) TO 03/29(00)9
                                                 03/29(00) TO 03/29(00)9

SNOWFALL (INCHES)
RECORDS
 TOTAL             MM   MM
 24 HR TOTAL       MM
 SNOW DEPTH        MM   MM
TOTALS            0.4               8.0    -7.6      0.0
SINCE 7/1        48.6              53.0    -4.4      0.0
SNOWDEPTH AVG.      0                 5      -5        0
DAYS >= TRACE      12              13.1    -1.1        0
DAYS >= 1.0         0               2.7    -2.7
GREATEST
 SNOW DEPTH         0   MM                             0  MM
 24 HR TOTAL      0.4   MM                       03/29 TO 03/29
                                                          03/29 TO 03/29
                                                          03/29 TO 03/29
 STORM TOTAL       MM                                 MM
 (MM/DD(HH))            MM

DEGREE_DAYS
HEATING TOTAL    1209              1245     -36      952
 SINCE 7/1       7084              8162   -1078     6090
COOLING TOTAL       0                 0       0        0
 SINCE 1/1          0                 0       0        0

FREEZE DATES
RECORD
 EARLIEST     MM
 LATEST       MM
EARLIEST                        MM
LATEST                          MM
..........................................................

WIND (MPH)
AVERAGE WIND SPEED              16.6
RESULTANT WIND SPEED/DIRECTION  12/065
HIGHEST WIND SPEED/DIRECTION    35/090    DATE  03/06
HIGHEST GUST SPEED/DIRECTION    41/360    DATE  03/30

SKY COVER
POSSIBLE SUNSHINE (PERCENT)   MM
AVERAGE SKY COVER           0.50
NUMBER OF DAYS FAIR           12
NUMBER OF DAYS PC              8
NUMBER OF DAYS CLOUDY         11

AVERAGE RH (PERCENT)     78

WEATHER CONDITIONS. NUMBER OF DAYS WITH
THUNDERSTORM              0     MIXED PRECIP               0
HEAVY RAIN                0     RAIN                       0
LIGHT RAIN                1     FREEZING RAIN              0
LT FREEZING RAIN          1     HAIL                       0
HEAVY SNOW                0     SNOW                       1
LIGHT SNOW               15     SLEET                      0
FOG                       9     FOG W/VIS <= 1/4 MILE      0
HAZE                     10

-  INDICATES NEGATIVE NUMBERS.
R  INDICATES RECORD WAS SET OR TIED.
MM INDICATES DATA IS MISSING.
T  INDICATES TRACE AMOUNT.

$$
