000
CXUS52 KTBW 011727
CLMSRQ


CLIMATE REPORT
NATIONAL WEATHER SERVICE TAMPA BAY FL
117 PM EDT FRI AUG 1 2014

...................................

...THE SARASOTA BRADENTON CLIMATE SUMMARY FOR THE MONTH OF JULY 2014...

         ...2ND DRIEST JULY SINCE RECORDS BEGAN IN 1911...

CLIMATE NORMAL PERIOD 1981 TO 2010
CLIMATE RECORD PERIOD 1911 TO 2014

WEATHER         OBSERVED          NORMAL  DEPART  LAST YEAR`S
                 VALUE   DATE(S)  VALUE   FROM    VALUE  DATE(S)
                                          NORMAL
................................................................
TEMPERATURE (F)
ALL-TIME JULY RECORD
 HIGH             101   07/23/1971
 LOW               60   07/06/1948

JULY 2014
HIGHEST            93   07/28        MM      MM       94  07/30
                        07/27
                        07/26
LOWEST             73   07/22        MM      MM       72  07/18
AVG. MAXIMUM     91.5              89.8     1.7     89.5
AVG. MINIMUM     76.4              75.0     1.4     75.4
MEAN             83.9              82.4     1.5     82.4
DAYS MAX >= 90     28              14.4    13.6       15
DAYS MAX <= 32      0               0.0     0.0        0
DAYS MIN <= 32      0               0.0     0.0        0
DAYS MIN <= 0       0               0.0     0.0        0

PRECIPITATION (INCHES)
ALL-TIME JULY RECORD
 MAXIMUM        20.15   1960
 MINIMUM         0.93   1970

JULY 2014
TOTALS           2.15              7.98   -5.83    10.41
DAILY AVG.       0.07              0.26   -0.19     0.34
DAYS >= .01         8                MM      MM       19
DAYS >= .10         3                MM      MM       15
DAYS >= .50         1                MM      MM        7
DAYS >= 1.00        1                MM      MM        2
GREATEST
 24 HR. TOTAL    1.24   07/15 TO 07/15
                        07/14 TO 07/15
                        07/15 TO 07/15

DEGREE_DAYS
HEATING TOTAL       0                 0       0        0
 SINCE 7/1          0                 0       0        0
COOLING TOTAL     597               539      58      549
 SINCE 1/1       1919              1762     157     1930
.................................................................

WIND (MPH)
AVERAGE WIND SPEED              6.8
HIGHEST WIND SPEED/DIRECTION    28/300    DATE  07/16
HIGHEST GUST SPEED/DIRECTION    37/290    DATE  07/16

SKY COVER
POSSIBLE SUNSHINE (PERCENT)   MM
AVERAGE SKY COVER           0.10
NUMBER OF DAYS FAIR           31
NUMBER OF DAYS PC              0
NUMBER OF DAYS CLOUDY          0

AVERAGE RH (PERCENT)     72

WEATHER CONDITIONS. NUMBER OF DAYS WITH
THUNDERSTORM              0     MIXED PRECIP               0
HEAVY RAIN                3     RAIN                       5
LIGHT RAIN               15     FREEZING RAIN              0
LT FREEZING RAIN          0     HAIL                       0
HEAVY SNOW                0     SNOW                       0
LIGHT SNOW                0     SLEET                      0
FOG                       2     FOG W/VIS <= 1/4 MILE      0
HAZE                      3

-  INDICATES NEGATIVE NUMBERS.
R  INDICATES RECORD WAS SET OR TIED.
MM INDICATES DATA IS MISSING.
T  INDICATES TRACE AMOUNT.

$$
