000
CXUS53 KEAX 020421
CLMSTJ

CLIMATE REPORT
NATIONAL WEATHER SERVICE KANSAS CITY/PLEASANT HILL MO
1117 PM CDT MON MAY 1 2017

...................................

...THE ST. JOSEPH MO CLIMATE SUMMARY FOR THE MONTH OF APRIL 2017...

CLIMATE NORMAL PERIOD 1981 TO 2010
CLIMATE RECORD PERIOD 1892 TO 2017

WEATHER         OBSERVED          NORMAL  DEPART  LAST YEAR`S
                 VALUE   DATE(S)  VALUE   FROM    VALUE  DATE(S)
                                          NORMAL
................................................................
TEMPERATURE (F)
RECORD
 HIGH              96   04/25/2012
                        04/28/1970
                        54/01/2206
 LOW                2   04/03/1975
HIGHEST            82   04/19        87      -5       84  04/03
LOWEST             31   04/07        25       6       25  04/09
AVG. MAXIMUM     64.9              65.8    -0.9     68.5
AVG. MINIMUM     43.7              42.5     1.2     44.1
MEAN             54.0              54.2    -0.2     56.3
DAYS MAX >= 90      0               0.7    -0.7        0
DAYS MAX <= 32      0               0.0     0.0        0
DAYS MIN <= 32      2               5.1    -3.1        7
DAYS MIN <= 0       0               0.0     0.0        0

PRECIPITATION (INCHES)
RECORD
 MAXIMUM        10.88   1944
 MINIMUM         0.62   1924
TOTALS           4.64              3.79    0.85     6.43
DAILY AVG.       0.15              0.13    0.02     0.21
DAYS >= .01        13               9.6     3.4       12
DAYS >= .10         8               6.3     1.7        8
DAYS >= .50         4               2.2     1.8        4
DAYS >= 1.00        0               0.8    -0.8        2
GREATEST
 24 HR. TOTAL    0.97   04/05 TO 04/05

DEGREE_DAYS
HEATING TOTAL     280               345     -65      272
 SINCE 7/1       4144              5338   -1194     4393
COOLING TOTAL      14                19      -5       17
 SINCE 1/1         18                21      -3       19
.................................................................

WIND (MPH)
AVERAGE WIND SPEED              10.9
HIGHEST WIND SPEED/DIRECTION    41/070    DATE  04/29
HIGHEST GUST SPEED/DIRECTION    54/070    DATE  04/29

SKY COVER
POSSIBLE SUNSHINE (PERCENT)    0
AVERAGE SKY COVER           0.40
NUMBER OF DAYS FAIR           15
NUMBER OF DAYS PC              6
NUMBER OF DAYS CLOUDY          9

AVERAGE RH (PERCENT)     66

WEATHER CONDITIONS. NUMBER OF DAYS WITH
THUNDERSTORM              5     MIXED PRECIP               0
HEAVY RAIN                3     RAIN                       7
LIGHT RAIN               17     FREEZING RAIN              0
LT FREEZING RAIN          0     HAIL                       0
HEAVY SNOW                0     SNOW                       0
LIGHT SNOW                0     SLEET                      0
FOG                      11     FOG W/VIS <= 1/4 MILE      2
HAZE                      0

-  INDICATES NEGATIVE NUMBERS.
R  INDICATES RECORD WAS SET OR TIED.
MM INDICATES DATA IS MISSING.
T  INDICATES TRACE AMOUNT.

$$
