018
CXUS54 KBMX 011312
CLMTCL


CLIMATE REPORT
NATIONAL WEATHER SERVICE BIRMINGHAM, AL
812 AM CDT SAT APR 1 2017

...................................

...THE TUSCALOOSA CLIMATE SUMMARY FOR THE MONTH OF MARCH 2017...

CLIMATE NORMAL PERIOD 1981 TO 2010
CLIMATE RECORD PERIOD 1948 TO 2017

WEATHER         OBSERVED          NORMAL  DEPART  LAST YEAR`S
                 VALUE   DATE(S)  VALUE   FROM    VALUE  DATE(S)
                                          NORMAL
................................................................
TEMPERATURE (F)
RECORD
 HIGH              90   03/23/1995
 LOW               12   03/14/1993
HIGHEST            88   03/21        MM      MM       86  03/15
LOWEST             27   03/16        MM      MM       33  03/22
AVG. MAXIMUM     70.7              68.7     2.0     70.6
AVG. MINIMUM     46.8              43.5     3.3     47.8
MEAN             58.8                               59.2
DAYS MAX >= 90      0               0.0     0.0        0
DAYS MAX <= 32      0               0.0     0.0        0
DAYS MIN <= 32      4               3.4     0.6        0
DAYS MIN <= 0       0               0.0     0.0        0

PRECIPITATION (INCHES)
RECORD
 MAXIMUM        19.99   1976
 MINIMUM         1.12   1986
TOTALS           3.72              4.54   -0.82     6.19
DAILY AVG.       0.12              0.15   -0.03
DAYS >= .01        10               9.6     0.4
DAYS >= .10         6               6.9    -0.9
DAYS >= .50         2               3.5    -1.5
DAYS >= 1.00        2               1.4     0.6

DEGREE_DAYS
HEATING TOTAL     236               294     -58      198
 SINCE 7/1       1539              2384    -845     1868
COOLING TOTAL      50                18      32       26
 SINCE 1/1         69                23      46       33
.................................................................

WIND (MPH)
AVERAGE WIND SPEED              6.8
HIGHEST WIND SPEED/DIRECTION    26/150    DATE  03/30
HIGHEST GUST SPEED/DIRECTION    35/360    DATE  03/10

AVERAGE RH (PERCENT)     64

WEATHER CONDITIONS. NUMBER OF DAYS WITH
THUNDERSTORM              0     MIXED PRECIP               0
HEAVY RAIN                3     RAIN                       5
LIGHT RAIN               10     FREEZING RAIN              0
LT FREEZING RAIN          0     HAIL                       0
HEAVY SNOW                0     SNOW                       0
LIGHT SNOW                0     SLEET                      0
FOG                      13     FOG W/VIS <= 1/4 MILE      2
HAZE                      2

-  INDICATES NEGATIVE NUMBERS.
R  INDICATES RECORD WAS SET OR TIED.
MM INDICATES DATA IS MISSING.
T  INDICATES TRACE AMOUNT.

$$
