000
CXUS55 KLKN 011414
CLMTPH


CLIMATE REPORT
NATIONAL WEATHER SERVICE ELKO NV
602 AM PST THU DEC 1 2016

...................................

...THE TONOPAH AIRPORT NV CLIMATE SUMMARY FOR THE MONTH OF NOVEMBER 2016...

CLIMATE NORMAL PERIOD 1981 TO 2010
CLIMATE RECORD PERIOD 1954 TO 2016

WEATHER         OBSERVED          NORMAL  DEPART  LAST YEAR`S
                 VALUE   DATE(S)  VALUE   FROM    VALUE  DATE(S)
                                          NORMAL
................................................................
TEMPERATURE (F)
RECORD
 HIGH              77   11/03/1988
 LOW                4   11/15/1985
HIGHEST            72   11/08        69       3       71  11/01
LOWEST             15   11/30        13       2       11  11/30
AVG. MAXIMUM     58.0              53.8     4.2     50.2
AVG. MINIMUM     28.9              26.5     2.4     25.6
MEAN             43.5              40.1     3.4     37.9
DAYS MAX >= 90      0               0.0     0.0        0
DAYS MAX <= 32      0               0.4    -0.4        0
DAYS MIN <= 32     18              23.6    -5.6       26
DAYS MIN <= 0       0               0.0     0.0        0

PRECIPITATION (INCHES)
RECORD
 MAXIMUM         2.68   1981
 MINIMUM         0.00   2006
                        2005
                        1999
TOTALS           0.20              0.44   -0.24     0.35
DAILY AVG.       0.01              0.01    0.00     0.01
DAYS >= .01         3               2.5     0.5        3
DAYS >= .10         0               1.2    -1.2        1
DAYS >= .50         0               0.1    -0.1        0
DAYS >= 1.00        0               0.1    -0.1        0
GREATEST
 24 HR. TOTAL    0.14   11/27 TO 11/28              0.28

DEGREE_DAYS
HEATING TOTAL     636               745    -109      807
 SINCE 7/1       1017              1217    -200     1074
COOLING TOTAL       0                 0       0        0
 SINCE 1/1       1022               783     239     1034
.................................................................

WIND (MPH)
AVERAGE WIND SPEED              8.6
HIGHEST WIND SPEED/DIRECTION    45/320    DATE  11/16
HIGHEST GUST SPEED/DIRECTION    52/320    DATE  11/16

AVERAGE RH (PERCENT)     43

WEATHER CONDITIONS. NUMBER OF DAYS WITH
THUNDERSTORM              0     MIXED PRECIP               0
HEAVY RAIN                0     RAIN                       1
LIGHT RAIN                2     FREEZING RAIN              0
LT FREEZING RAIN          0     HAIL                       0
HEAVY SNOW                1     SNOW                       1
LIGHT SNOW                2     SLEET                      0
FOG                       2     FOG W/VIS <= 1/4 MILE      2
HAZE                      0

-  INDICATES NEGATIVE NUMBERS.
R  INDICATES RECORD WAS SET OR TIED.
MM INDICATES DATA IS MISSING.
T  INDICATES TRACE AMOUNT.

&&

=====================================================================

...TIED 9TH WARMEST NOVEMBER ON RECORD IN TONOPAH WITH AN AVERAGE
   MONTHLY TEMPERATURE OF 43.5 DEGREES...

$$
