980
CXUS54 KTSA 011134
CLMTUL

CLIMATE REPORT
NATIONAL WEATHER SERVICE TULSA OK
634 AM CDT FRI JUL 1 2016

...................................

...THE TULSA OKLAHOMA CLIMATE SUMMARY FOR THE MONTH OF JUNE 2016...

CLIMATE NORMAL PERIOD 1981 TO 2010
CLIMATE RECORD PERIOD 1882 TO 2016

WEATHER         OBSERVED          NORMAL  DEPART  LAST YEAR`S
                 VALUE   DATE(S)  VALUE   FROM    VALUE  DATE(S)
                                          NORMAL
................................................................
TEMPERATURE (F)
RECORD
 HIGH             108   06/10/1911
 LOW               49   06/04/1954
                        06/05/1919
                        06/04/1919
HIGHEST            99   06/15        88      11       98  06/30
                                                          06/10
LOWEST             59   06/06        67      -8       55  06/01
AVG. MAXIMUM     92.5              87.5     5.0     90.2
AVG. MINIMUM     72.6              67.7     4.9     71.4
MEAN             82.5              77.6     4.9     80.8
DAYS MAX >= 90     21              11.3     9.7       19
DAYS MAX <= 32      0               0.0     0.0        0
DAYS MIN <= 32      0               0.0     0.0        0
DAYS MIN <= 0       0               0.0     0.0        0

PRECIPITATION (INCHES)
RECORD
 MAXIMUM        14.87   1904
 MINIMUM         0.27   1933
TOTALS           0.77              4.72   -3.95     4.77
DAILY AVG.       0.03              0.16   -0.13     0.16
DAYS >= .01         6               9.8    -3.8        7
DAYS >= .10         3               6.9    -3.9        6
DAYS >= .50         0               3.2    -3.2        4
DAYS >= 1.00        0               1.4    -1.4        2
GREATEST
 24 HR. TOTAL    0.39   06/02 TO 06/03

DEGREE_DAYS
COOLING TOTAL     533               379     154      482
 SINCE 1/1        737               613     124      687
.................................................................

WIND (MPH)
AVERAGE WIND SPEED              7.8
HIGHEST WIND SPEED/DIRECTION    31/350    DATE  06/30
HIGHEST GUST SPEED/DIRECTION    39/190    DATE  06/12

SKY COVER
POSSIBLE SUNSHINE (PERCENT)   MM
AVERAGE SKY COVER           0.50
NUMBER OF DAYS FAIR           12
NUMBER OF DAYS PC             14
NUMBER OF DAYS CLOUDY          4

AVERAGE RH (PERCENT)     68

WEATHER CONDITIONS. NUMBER OF DAYS WITH
THUNDERSTORM              0     MIXED PRECIP               0
HEAVY RAIN                2     RAIN                       2
LIGHT RAIN                8     FREEZING RAIN              0
LT FREEZING RAIN          0     HAIL                       0
HEAVY SNOW                0     SNOW                       0
LIGHT SNOW                0     SLEET                      0
FOG                       3     FOG W/VIS <= 1/4 MILE      0
HAZE                      0

-  INDICATES NEGATIVE NUMBERS.
R  INDICATES RECORD WAS SET OR TIED.
MM INDICATES DATA IS MISSING.
T  INDICATES TRACE AMOUNT.

&&
-------------------------------------------------------------------
 YEARLY PRECIPITATION (INCHES):
 TOTAL.....................14.63
 DEPARTURE FROM NORMAL.....-6.59
$$
