000
CXUS54 KMEG 021905
CLMTUP


CLIMATE REPORT
NATIONAL WEATHER SERVICE MEMPHIS TN
102 PM CST FRI DEC 2 2016

...................................

...THE TUPELO CLIMATE SUMMARY FOR THE MONTH OF NOVEMBER 2016...

CLIMATE NORMAL PERIOD 1981 TO 2010
CLIMATE RECORD PERIOD 1930 TO 2016

WEATHER         OBSERVED          NORMAL  DEPART  LAST YEAR`S
                 VALUE   DATE(S)  VALUE   FROM    VALUE  DATE(S)
                                          NORMAL
................................................................
TEMPERATURE (F)
RECORD
 HIGH              88   11/01/2016
 LOW                8   11/25/1950
HIGHEST            88R  11/01        64      24       80  11/05
LOWEST             25   11/27        42     -17       24  11/23
AVG. MAXIMUM     70.6              64.1     6.5     67.6
AVG. MINIMUM     42.5              41.7     0.8     47.6
MEAN             56.5              52.9     3.6     57.6
DAYS MAX >= 90      0               0.0     0.0        0
DAYS MAX <= 32      0               0.0     0.0        0
DAYS MIN <= 32      5               5.8    -0.8        3
DAYS MIN <= 0       0               0.0     0.0        0

PRECIPITATION (INCHES)
RECORD
 MAXIMUM        14.89   1957
 MINIMUM         0.66   1953
TOTALS           4.65              4.70   -0.05     6.33
DAILY AVG.       0.16              0.16    0.00     0.21
DAYS >= .01         7               9.0    -2.0        8
DAYS >= .10         5               6.5    -1.5        4
DAYS >= .50         2               3.2    -1.2        4
DAYS >= 1.00        2               1.4     0.6        2
GREATEST
 24 HR. TOTAL    2.66   11/29 TO 11/30

SNOWFALL (INCHES)
RECORDS
 TOTAL            1.5   1938
TOTALS            0.0               0.0     0.0      0.0
SINCE 7/1         0.0               0.0     0.0      0.0
SNOWDEPTH AVG.      0                MM      MM        0
DAYS >= 1.0         0               0.0     0.0        0
GREATEST
 SNOW DEPTH         0   MM                             0  MM
 24 HR TOTAL      0.0   11/30 TO 11/30

DEGREE_DAYS
HEATING TOTAL     272               374    -102      243
 SINCE 7/1        294               522    -228      341
COOLING TOTAL      25                11      14       29
 SINCE 1/1       2539              2044     495     2148
.................................................................

WIND (MPH)
AVERAGE WIND SPEED              5.4
HIGHEST WIND SPEED/DIRECTION    25/130    DATE  11/28
HIGHEST GUST SPEED/DIRECTION    36/120    DATE  11/28

SKY COVER
POSSIBLE SUNSHINE (PERCENT)   MM
AVERAGE SKY COVER           0.20
NUMBER OF DAYS FAIR           20
NUMBER OF DAYS PC              8
NUMBER OF DAYS CLOUDY          2

AVERAGE RH (PERCENT)     60

WEATHER CONDITIONS. NUMBER OF DAYS WITH
THUNDERSTORM              0     MIXED PRECIP               0
HEAVY RAIN                4     RAIN                       4
LIGHT RAIN                7     FREEZING RAIN              0
LT FREEZING RAIN          0     HAIL                       0
HEAVY SNOW                0     SNOW                       0
LIGHT SNOW                0     SLEET                      0
FOG                      10     FOG W/VIS <= 1/4 MILE      3
HAZE                      3

-  INDICATES NEGATIVE NUMBERS.
R  INDICATES RECORD WAS SET OR TIED.
MM INDICATES DATA IS MISSING.
T  INDICATES TRACE AMOUNT.

$$
