000
CXUS53 KAPX 071400
CLMTVC


CLIMATE REPORT
NATIONAL WEATHER SERVICE GAYLORD MI
1000 AM EDT THU MAY 7 2015

...................................

...THE TRAVERSE CITY MI CLIMATE SUMMARY FOR THE MONTH OF APRIL 2015...

CLIMATE NORMAL PERIOD 1981 TO 2010
CLIMATE RECORD PERIOD 1896 TO 2015

WEATHER         OBSERVED          NORMAL  DEPART  LAST YEAR`S
                 VALUE   DATE(S)  VALUE   FROM    VALUE  DATE(S)
                                          NORMAL
................................................................
TEMPERATURE (F)
RECORD
 HIGH              90   04/29/1970
 LOW                1   04/02/1965
HIGHEST            72   04/12        MM      MM       68  04/21
                                                          04/20
LOWEST             18   04/04        MM      MM       17  04/16
AVG. MAXIMUM     53.3              53.8    -0.5     51.2
AVG. MINIMUM     32.8              32.1     0.7     31.6
MEAN             43.0              43.0     0.0     41.4
DAYS MAX >= 90      0               0.0     0.0        0
DAYS MAX <= 32      0               0.7    -0.7        1
DAYS MIN <= 32     14              15.8    -1.8       18
DAYS MIN <= 0       0               0.0     0.0        0

PRECIPITATION (INCHES)
RECORD
 MAXIMUM           MM   MM
 MINIMUM           MM   MM
TOTALS           1.41              2.78   -1.37     4.16
DAILY AVG.       0.05              0.09   -0.04     0.14
DAYS >= .01        10              10.8    -0.8       12
DAYS >= .10         4               6.1    -2.1        7
DAYS >= .50         1               1.9    -0.9        3
DAYS >= 1.00        0               0.3    -0.3        2
GREATEST
 24 HR. TOTAL    0.62   04/09 TO 04/10
 STORM TOTAL       MM
 (MM/DD(HH))            MM

SNOWFALL (INCHES)
RECORDS
 TOTAL             MM   MM
TOTALS             MM               2.6      MM       MM
SINCE 7/1          MM             101.3      MM       MM
SNOWDEPTH AVG.     MM                MM      MM       MM
DAYS >= TRACE       0               2.5    -2.5        0
DAYS >= 1.0         0               0.8    -0.8        0
GREATEST
 SNOW DEPTH        MM                                 MM  MM
 24 HR TOTAL       MM                                 MM

DEGREE_DAYS
HEATING TOTAL     650               665     -15
 SINCE 7/1       7465              7067     398
COOLING TOTAL       0                 3      -3
 SINCE 1/1          0                 3      -3

FREEZE DATES
RECORD
 EARLIEST     MM
 LATEST       MM
EARLIEST                        MM
LATEST                          MM
.................................................................

WIND (MPH)
AVERAGE WIND SPEED              6.8
HIGHEST WIND SPEED/DIRECTION    29/280    DATE  04/13
HIGHEST GUST SPEED/DIRECTION    35/270    DATE  04/13

SKY COVER
POSSIBLE SUNSHINE (PERCENT)   MM
AVERAGE SKY COVER           0.60
NUMBER OF DAYS FAIR            6
NUMBER OF DAYS PC             14
NUMBER OF DAYS CLOUDY         10

AVERAGE RH (PERCENT)     64

WEATHER CONDITIONS. NUMBER OF DAYS WITH
THUNDERSTORM              0     MIXED PRECIP               0
HEAVY RAIN                0     RAIN                       2
LIGHT RAIN               11     FREEZING RAIN              0
LT FREEZING RAIN          0     HAIL                       0
HEAVY SNOW                0     SNOW                       2
LIGHT SNOW                6     SLEET                      0
FOG                       7     FOG W/VIS <= 1/4 MILE      0
HAZE                      1

-  INDICATES NEGATIVE NUMBERS.
R  INDICATES RECORD WAS SET OR TIED.
MM INDICATES DATA IS MISSING.
T  INDICATES TRACE AMOUNT.

$$
