000
CXUS54 KMRX 032316
CLMTYS

CLIMATE REPORT
NATIONAL WEATHER SERVICE MORRISTOWN TN
615 PM EST TUE FEB 3 2015

...................................

...THE KNOXVILLE CLIMATE SUMMARY FOR THE MONTH OF JANUARY 2015...

CLIMATE NORMAL PERIOD 1981 TO 2010
CLIMATE RECORD PERIOD 1871 TO 2015

WEATHER         OBSERVED          NORMAL  DEPART
                 VALUE   DATE(S)  VALUE   FROM
                                          NORMAL
................................................
TEMPERATURE (F)
HIGHEST            64   01/04
LOWEST              6   01/08
AVG. MAXIMUM     45.7              47.3    -1.6
AVG. MINIMUM     28.3              29.2    -0.9
MEAN             37.0              38.2    -1.2
DAYS MAX >= 90      0
DAYS MAX <= 32      2
DAYS MIN <= 32     20
DAYS MIN <= 0       0

PRECIPITATION (INCHES)
RECORD
 MAXIMUM        16.98   1882
 MINIMUM         0.95   1986
TOTALS           3.39              4.32   -0.93
DAYS >= .01        11
DAYS >= .10         6
DAYS >= .50         3
DAYS >= 1.00        1
GREATEST
 24 HR. TOTAL    1.13   01/12 TO 01/12

SNOWFALL (INCHES)
TOTALS            1.1               2.7    -1.6
SINCE 7/1         1.1
SNOWDEPTH AVG.      0
DAYS >= TRACE       7
GREATEST
 SNOW DEPTH         0   MM

DEGREE_DAYS
HEATING TOTAL     861               829      32
 SINCE 7/1       2351              2262      89
COOLING TOTAL       0                 0       0
 SINCE 1/1          0                 0       0
.................................................



-  INDICATES NEGATIVE NUMBERS.
R  INDICATES RECORD WAS SET OR TIED.
MM INDICATES DATA IS MISSING.
T  INDICATES TRACE AMOUNT.

$$
