000
CXUS56 KPQR 011426
CLMUAO


CLIMATE REPORT
NATIONAL WEATHER SERVICE PORTLAND OREGON
726 AM PDT TUE AUG 1 2017

...................................

...THE AURORA STATE OR CLIMATE SUMMARY FOR THE MONTH OF JULY 2017...

CLIMATE NORMAL PERIOD 1981 TO 2010
CLIMATE RECORD PERIOD 9999 TO 9999

WEATHER         OBSERVED          NORMAL  DEPART  LAST YEAR`S
                 VALUE   DATE(S)  VALUE   FROM    VALUE  DATE(S)
                                          NORMAL
................................................................
TEMPERATURE (F)
HIGHEST            94                                 95  07/29
LOWEST             51                                 50  07/31
                                                          07/15
                                                          07/04
AVG. MAXIMUM     85.4              80.9     4.5     79.0
AVG. MINIMUM     55.7              55.1     0.6     55.3
MEAN             70.6              68.0     2.6     67.1
DAYS MAX >= 90      8               5.1     2.9        2
DAYS MAX <= 32      0               0.0     0.0        0
DAYS MIN <= 32      0               0.0     0.0        0
DAYS MIN <= 0       0               0.0     0.0        0

PRECIPITATION (INCHES)
RECORD
 MAXIMUM           MM   MM
 MINIMUM           MM   MM
TOTALS           0.00              0.68   -0.68     0.40
DAYS >= .01         0                MM      MM        4
DAYS >= .10         0                MM      MM        2
DAYS >= .50         0                MM      MM        0
DAYS >= 1.00        0                MM      MM        0
GREATEST
 24 HR. TOTAL    0.00   07/31 TO 07/31
                        07/30 TO 07/30
                        07/29 TO 07/29

DEGREE_DAYS
HEATING TOTAL       1                25     -24       14
 SINCE 7/1          1                25     -24       14
COOLING TOTAL     183               118      65       87
 SINCE 1/1        319               167     152      186
.................................................................

WIND (MPH)
AVERAGE WIND SPEED              5.1
RESULTANT WIND SPEED/DIRECTION   3/014
HIGHEST WIND SPEED/DIRECTION    17/020    DATE  07/31
HIGHEST GUST SPEED/DIRECTION    23/350    DATE  07/31

SKY COVER
POSSIBLE SUNSHINE (PERCENT)   MM
AVERAGE SKY COVER           0.10

AVERAGE RH (PERCENT)     54

WEATHER CONDITIONS. NUMBER OF DAYS WITH
THUNDERSTORM              0     MIXED PRECIP               0
HEAVY RAIN                0     RAIN                       0
LIGHT RAIN                0     FREEZING RAIN              0
LT FREEZING RAIN          0     HAIL                       0
HEAVY SNOW                0     SNOW                       0
LIGHT SNOW                0     SLEET                      0
FOG                       1     FOG W/VIS <= 1/4 MILE      0
HAZE                      2

-  INDICATES NEGATIVE NUMBERS.
R  INDICATES RECORD WAS SET OR TIED.
MM INDICATES DATA IS MISSING.
T  INDICATES TRACE AMOUNT.

$$
