000
CXUS53 KUNR 011604
CLMUNR


CLIMATE REPORT
NATIONAL WEATHER SERVICE RAPID CITY SD
902 AM MST THU DEC 1 2016

...................................

...THE EAST RAPID CITY SD CLIMATE SUMMARY FOR THE MONTH OF NOVEMBER 2016...

CLIMATE NORMAL PERIOD 1981 TO 2010
CLIMATE RECORD PERIOD 1888 TO 2016

WEATHER         OBSERVED          NORMAL  DEPART  LAST YEAR`S
                 VALUE   DATE(S)  VALUE   FROM    VALUE  DATE(S)
                                          NORMAL
................................................................
TEMPERATURE (F)
RECORD
 HIGH              83   11/07/1999
 LOW              -15   11/14/1959
HIGHEST            77   11/04                         73  11/01
LOWEST             15   11/19                         10  11/30
                                                          11/27
AVG. MAXIMUM     56.5              45.8    10.7     47.7
AVG. MINIMUM     35.2              27.5     7.7     28.3
MEAN             45.8              36.6     9.2     38.0
DAYS MAX >= 90      0                                  0
DAYS MAX <= 32      1                                  6
DAYS MIN <= 32     14                                 17
DAYS MIN <= 0       0                                  0

PRECIPITATION (INCHES)
RECORD
 MAXIMUM         3.24   1922
 MINIMUM         0.00   1903
TOTALS           0.22              0.60   -0.38     0.30
DAILY AVG.       0.01              0.02   -0.01     0.01
DAYS >= .01         2                                  6
DAYS >= .10         1                                  0
DAYS >= .50         0                                  0
DAYS >= 1.00        0                                  0
GREATEST
 24 HR. TOTAL    0.17   11/17 TO 11/17              0.09

SNOWFALL (INCHES)
RECORDS
 TOTAL           21.3   1998
TOTALS            3.7               6.2    -2.5      6.0
SINCE 7/1         3.7               8.6    -4.9      6.0
SNOWDEPTH AVG.      0                 2      -2        0
DAYS >= 1.0         1               1.5    -0.5        3
GREATEST
 SNOW DEPTH         3   11/18                          2  11/30
                                                          11/20
 24 HR TOTAL      3.0   11/17 TO 11/17               2.3

DEGREE_DAYS
HEATING TOTAL     565               851    -286      801
 SINCE 7/1       1031              1580    -549     1258
COOLING TOTAL       0                 0       0        0
 SINCE 1/1        813               665     148      716
.................................................................

WIND (MPH)
AVERAGE WIND SPEED              10.0
HIGHEST WIND SPEED/DIRECTION    39/320    DATE  11/29
HIGHEST GUST SPEED/DIRECTION    61/310    DATE  11/28

AVERAGE RH (PERCENT)     49

WEATHER CONDITIONS. NUMBER OF DAYS WITH
THUNDERSTORM              0     MIXED PRECIP               0
HEAVY RAIN                0     RAIN                       0
LIGHT RAIN                0     FREEZING RAIN              0
LT FREEZING RAIN          0     HAIL                       0
HEAVY SNOW                0     SNOW                       0
LIGHT SNOW                4     SLEET                      0
FOG                       2     FOG W/VIS <= 1/4 MILE      1
HAZE                      0

-  INDICATES NEGATIVE NUMBERS.
R  INDICATES RECORD WAS SET OR TIED.
MM INDICATES DATA IS MISSING.
T  INDICATES TRACE AMOUNT.

$$
