000
CXUS52 KMLB 021943 AAA
CLMVRB

CLIMATE REPORT
NATIONAL WEATHER SERVICE MELBOURNE FL
243 PM EST TUE JAN 2 2018

...................................

...THE VERO BEACH CLIMATE SUMMARY FOR THE MONTH OF DECEMBER 2017...

CLIMATE NORMAL PERIOD 1981 TO 2010
CLIMATE RECORD PERIOD 1942 TO 2018

WEATHER         OBSERVED          NORMAL  DEPART  LAST YEAR`S
                 VALUE   DATE(S)  VALUE   FROM    VALUE  DATE(S)
                                          NORMAL
................................................................
TEMPERATURE (F)
MONTHLY RECORD
 WARMEST         74.0   2015
 COOLEST         53.9   2010
DAILY RECORD
 HIGH              87   12/1/2016
12/17/2015
12/24/2014
 LOW               23   12/24/1989
DECEMBER 2017
HIGHEST            84   12/19                         87
                        12/08
LOWEST             37   12/14                         42
AVG. MAXIMUM     76.5              74.2     2.3     79.4
AVG. MINIMUM     55.2              55.0     0.2     62.3
MEAN             65.9              64.6     1.3     70.8
DAYS MAX >= 90      0               0.0     0.0        0
DAYS MAX <= 32      0               0.0     0.0        0
DAYS MIN <= 32      0               0.5    -0.5        0
DAYS MIN <= 0       0               0.0     0.0        0

PRECIPITATION (INCHES)
MONTHLY RECORD
 MAXIMUM         6.68   1977
 MINIMUM         0.08   1961
DAILY RECORD
 MAXIMUM         2.80   12/10/2011
DECEMBER 2017
TOTALS           2.23              2.19    0.04     2.14
DAYS >= .01         3               7.7    -4.7       11
DAYS >= .10         3               3.9    -0.9        6
DAYS >= .50         2               1.6     0.4        1
DAYS >= 1.00        1               0.6     0.4        0
GREATEST
 24 HR. TOTAL    1.27   12/09 TO 12/09

SNOWFALL (INCHES)
TOTALS            0.0               0.0     0.0      0.0
SINCE 7/1         0.0               0.0     0.0      0.0
DAYS >= TRACE       0                                  0

DEGREE_DAYS
HEATING TOTAL      83               105     -22       15
 SINCE 7/1        103               135     -32       34
COOLING TOTAL     118                93      25      205
 SINCE 1/1       3930              3404     526     3885
.................................................................

WIND (MPH)
AVERAGE WIND SPEED              6.2
HIGHEST WIND SPEED/DIRECTION    25/280    DATE  12/12
HIGHEST GUST SPEED/DIRECTION    39/200    DATE  12/09

SKY COVER
POSSIBLE SUNSHINE (PERCENT)   MM
AVERAGE SKY COVER           0.30
NUMBER OF DAYS FAIR           20
NUMBER OF DAYS PC             10
NUMBER OF DAYS CLOUDY          1

AVERAGE RH (PERCENT)     77

WEATHER CONDITIONS. NUMBER OF DAYS WITH
THUNDERSTORM              1     MIXED PRECIP               0
HEAVY RAIN                3     RAIN                       2
LIGHT RAIN                4     LT FREEZING RAIN           0
HAIL                      0     LIGHT SNOW                 0
SLEET                     0     FOG                       23
FOG W/VIS <= 1/4 MILE     9     HAZE                       1

-  INDICATES NEGATIVE NUMBERS.
R  INDICATES RECORD WAS SET OR TIED.
MM INDICATES DATA IS MISSING.
T  INDICATES TRACE AMOUNT.

============================================================
...THE VERO BEACH CLIMATE SUMMARY FOR THE YEAR OF 2017...

CLIMATE NORMAL PERIOD 1981 TO 2010
CLIMATE RECORD PERIOD 1942 TO 2018

WEATHER         OBSERVED          NORMAL  DEPART  LAST YEAR`S
                 VALUE   DATE(S)  VALUE   FROM    VALUE
                                          NORMAL
.............................................................
TEMPERATURE (F)
YEARLY RECORDS
 WARMEST 76.22015
 COOLEST 70.61968
DAILY RECORD
 HIGH             102   06/22/2009
 LOW               21   01/22/1985
2017 DATA
HIGHEST            97   07/29                     96
                        07/28
LOWEST             34   01/31                         35
AVG. MAXIMUM     83.8              81.9     1.9     83.0
AVG. MINIMUM     65.7              64.2     1.5     65.9
MEAN             74.8              73.1     1.7     74.5
DAYS MAX >= 90     88              48.1    39.9       89
DAYS MAX <= 32      0               0.0     0.0        0
DAYS MIN <= 32      0               1.7    -1.7        0
DAYS MIN <= 0       0               0.0     0.0        0

PRECIPITATION (INCHES)
YEARLY RECORDS
 MAXIMUM        81.74   1982
 MINIMUM        32.70   1961
DAILY RECORD
 MAXIMUM11.2205/17/2016
2017 DATA
TOTALS          58.42             51.87    6.55    65.30
DAILY AVG.       0.15              0.14    0.01     0.18
DAYS >= .01       131             122.6     8.4      122
DAYS >= .10        75              75.5    -0.5       73
DAYS >= .50        30              32.5    -2.5       35
DAYS >= 1.00       22              15.2     6.8       17
GREATEST
 24 HR. TOTAL    8.11   10/10 TO 10/10

SNOWFALL (INCHES)
TOTALS            0.0               0.0              0.0
SINCE 7/1         0.0               0.0              0.0
DAYS >= TRACE       0               0.0                0

DEGREE_DAYS
HEATING TOTAL     254               455    -201      315
 SINCE 7/1        103               135     -32       34
COOLING TOTAL    3930              3404     526     3886
 SINCE 1/1       3930              3404     526     3886
..............................................................

WIND (MPH)
AVERAGE WIND SPEED              8.3
HIGHEST WIND SPEED/DIRECTION    38/190    DATE  07/29
HIGHEST GUST SPEED/DIRECTION    54/070    DATE  03/23

SKY COVER
POSSIBLE SUNSHINE (PERCENT)   MM
AVERAGE SKY COVER           0.30
NUMBER OF DAYS FAIR          245
NUMBER OF DAYS PC            102
NUMBER OF DAYS CLOUDY         18

AVERAGE RH (PERCENT)     75

WEATHER CONDITIONS. NUMBER OF DAYS WITH
THUNDERSTORM             87     MIXED PRECIP               0
HEAVY RAIN               62     RAIN                      63
LIGHT RAIN              140     LT FREEZING RAIN           0
HAIL                      0     LIGHT SNOW                 0
SLEET                     0     FOG                      207
FOG W/VIS <= 1/4 MILE    36     HAZE                      52

-  INDICATES NEGATIVE NUMBERS.
R  INDICATES RECORD WAS SET OR TIED.
MM INDICATES DATA IS MISSING.
T  INDICATES TRACE AMOUNT.

$$
