000
CXUS52 KMLB 011629 AAA
CLMVRB

CLIMATE REPORT
NATIONAL WEATHER SERVICE MELBOURNE FL
903 AM EST SUN JAN 1 2017

...................................

...THE VERO BEACH CLIMATE SUMMARY FOR THE MONTH OF DECEMBER 2016...

CLIMATE NORMAL PERIOD 1981 TO 2010
CLIMATE RECORD PERIOD 1942 TO 2016

WEATHER         OBSERVED          NORMAL  DEPART  LAST YEAR`S
                 VALUE   DATE(S)  VALUE   FROM    VALUE
                                          NORMAL
................................................................
TEMPERATURE (F)
MONTHLY RECORD
 WARMEST         74.0   2015
 COLDEST         53.9   2010
DAILY RECORD
 HIGH              87   12/01/2016
                        12/17/2015
                        12/24/2014
 LOW               23   12/24/1989
DECEMBER 2016
HIGHEST            87   12/01                         87
LOWEST             42   12/31                         52
AVG. MAXIMUM     79.4              74.2     5.2     80.8
AVG. MINIMUM     62.3              55.0     7.3     67.3
MEAN             70.8              64.6     6.2     74.0
DAYS MAX >= 90      0               0.0     0.0        0
DAYS MAX <= 32      0               0.0     0.0        0
DAYS MIN <= 32      0               0.5    -0.5        0
DAYS MIN <= 0       0               0.0     0.0        0

PRECIPITATION (INCHES)
MONTHLY RECORD
 MAXIMUM         6.68   1977
 MINIMUM         0.08   1961
DAILY RECORD
 MAXIMUM         2.80   2011
DECEMBER 2016
TOTALS           2.14              2.19   -0.05     4.57
DAYS >= .01        11               7.7     3.3       14
DAYS >= .10         6               3.9     2.1       10
DAYS >= .50         1               1.6    -0.6        2
DAYS >= 1.00        0               0.6    -0.6        2
GREATEST
 24 HR. TOTAL    0.64   12/11 TO 12/11

SNOWFALL (INCHES)
TOTALS            0.0               0.0     0.0      0.0
SINCE 7/1         0.0               0.0     0.0      0.0
DAYS >= TRACE       0                                  0

DEGREE_DAYS
HEATING TOTAL      15               105     -90        2
 SINCE 7/1         34               135    -101        3
COOLING TOTAL     205                93     112      292
 SINCE 1/1       3885              3404     481     4419
.................................................................

WIND (MPH)
AVERAGE WIND SPEED              8.1
HIGHEST WIND SPEED/DIRECTION    29/280    DATE  12/06
HIGHEST GUST SPEED/DIRECTION    42/200    DATE  12/06

SKY COVER
POSSIBLE SUNSHINE (PERCENT)   MM
AVERAGE SKY COVER           0.40
NUMBER OF DAYS FAIR           15
NUMBER OF DAYS PC             12
NUMBER OF DAYS CLOUDY          4

AVERAGE RH (PERCENT)     79

WEATHER CONDITIONS. NUMBER OF DAYS WITH
THUNDERSTORM              1     MIXED PRECIP               0
HEAVY RAIN                4     RAIN                       8
LIGHT RAIN               10     LT FREEZING RAIN           0
HAIL                      0     LIGHT SNOW                 0
SLEET                     0     FOG                       24
FOG W/VIS <= 1/4 MILE    11     HAZE                       4

-  INDICATES NEGATIVE NUMBERS.
R  INDICATES RECORD WAS SET OR TIED.
MM INDICATES DATA IS MISSING.
T  INDICATES TRACE AMOUNT.

=========================================================

...THE VERO BEACH CLIMATE SUMMARY FOR THE YEAR OF 2016...

CLIMATE NORMAL PERIOD 1981 TO 2010
CLIMATE RECORD PERIOD 1942 TO 2016

WEATHER         OBSERVED          NORMAL  DEPART  LAST YEAR`S
                 VALUE   DATE(S)  VALUE   FROM    VALUE
                                          NORMAL
.............................................................
TEMPERATURE (F)
YEARLY RECORDS
 WARMEST         76.2   2015
 COOLEST         70.6   1968
DAILY RECORD
 HIGH             102   06/22/2009
 LOW               21   01/22/1985
2016 DATA
HIGHEST            96   08/07                         97
                        07/29
LOWEST             35   01/24                         30
AVG. MAXIMUM     83.0              81.9     1.1     84.8
AVG. MINIMUM     65.9              64.2     1.7     67.6
MEAN             74.5              73.1     1.4     76.2
DAYS MAX >= 90     89              48.1    40.9      108
DAYS MAX <= 32      0               0.0     0.0        0
DAYS MIN <= 32      0               1.7    -1.7        1
DAYS MIN <= 0       0               0.0     0.0        0

PRECIPITATION (INCHES)
YEARLY RECORD
 MAXIMUM        81.74   1982
 MINIMUM        32.70   1961
2016 DATA
TOTALS          65.30             51.87   13.43    49.69
DAILY AVG.       0.18              0.14    0.04     0.14
DAYS >= .01       122             122.6    -0.6      132
DAYS >= .10        73              75.5    -2.5       81
DAYS >= .50        35              32.5     2.5       30
DAYS >= 1.00       17              15.2     1.8       15
GREATEST
 24 HR. TOTAL   11.26   05/17 TO 05/18

SNOWFALL (INCHES)
TOTALS            0.0               0.0              0.0
SINCE 7/1         0.0               0.0              0.0
DAYS >= TRACE       0               0.0                0

DEGREE_DAYS
HEATING TOTAL     315               455    -140      233
 SINCE 7/1         34               135    -101        3
COOLING TOTAL    3886              3404     482     4419
 SINCE 1/1       3886              3404     482     4419
..............................................................

WIND (MPH)
AVERAGE WIND SPEED              8.2
HIGHEST WIND SPEED/DIRECTION    55/310    DATE  10/07
HIGHEST GUST SPEED/DIRECTION    74/280    DATE  10/07

SKY COVER
POSSIBLE SUNSHINE (PERCENT)   MM
AVERAGE SKY COVER           0.30
NUMBER OF DAYS FAIR          244
NUMBER OF DAYS PC            108
NUMBER OF DAYS CLOUDY         14

AVERAGE RH (PERCENT)     73

WEATHER CONDITIONS. NUMBER OF DAYS WITH
THUNDERSTORM             88     MIXED PRECIP               0
HEAVY RAIN               62     RAIN                      74
LIGHT RAIN              132     LT FREEZING RAIN           0
HAIL                      0     LIGHT SNOW                 0
SLEET                     0     FOG                      166
FOG W/VIS <= 1/4 MILE    29     HAZE                      52

-  INDICATES NEGATIVE NUMBERS.
R  INDICATES RECORD WAS SET OR TIED.
MM INDICATES DATA IS MISSING.
T  INDICATES TRACE AMOUNT.

$$

SMITH
