000
CXUS52 KMLB 011356
CLMVRB


CLIMATE REPORT
NATIONAL WEATHER SERVICE MELBOURNE FL
831 AM EST THU DEC 1 2016

...................................

...THE VERO BEACH CLIMATE SUMMARY FOR THE MONTH OF NOVEMBER 2016...

CLIMATE NORMAL PERIOD 1981 TO 2010
CLIMATE RECORD PERIOD 1942 TO 2016

WEATHER         OBSERVED          NORMAL  DEPART  LAST YEAR`S
                 VALUE   DATE(S)  VALUE   FROM    VALUE
                                          NORMAL
................................................................
TEMPERATURE (F)
MONTHLY RECORD
 WARMEST         77.5   2015
 COOLEST         64.2   1970
DAILY RECORD
 HIGH              92   11/06/2002
                        11/05/1992
 LOW               31   11/25/1970
NOVEMBER 2016
HIGHEST            84   11/01                         89
LOWEST             42   11/21                         55
AVG. MAXIMUM     78.9              78.9     0.0     84.4
AVG. MINIMUM     59.6              61.5    -1.9     70.6
MEAN             69.2              70.2    -1.0     77.5
DAYS MAX >= 90      0               0.1    -0.1        0
DAYS MAX <= 32      0               0.0     0.0        0
DAYS MIN <= 32      0               0.0     0.0        0
DAYS MIN <= 0       0               0.0     0.0        0

PRECIPITATION (INCHES)
MONTHLY RECORD
 MAXIMUM        11.76   1984
 MINIMUM         0.11   1970
DAILY RECORD
 MAXIMUM         4.98   11/04/1982
NOVEMBER 2016
TOTALS           0.68              3.28   -2.60     3.09
DAYS >= .01         7               8.7    -1.7       14
DAYS >= .10         3               4.7    -1.7        8
DAYS >= .50         0               1.6    -1.6        2
DAYS >= 1.00        0               0.9    -0.9        1
GREATEST
 24 HR. TOTAL    0.32   11/29 TO 11/30

SNOWFALL (INCHES)
TOTALS            0.0               0.0     0.0      0.0
SINCE 7/1         0.0               0.0     0.0      0.0
DAYS >= TRACE       0                                  0

DEGREE_DAYS
HEATING TOTAL      19                27      -8        1
 SINCE 7/1         19                30     -11        1
COOLING TOTAL     153               183     -30      382
 SINCE 1/1       3680              3311     369     4127
.................................................................

WIND (MPH)
AVERAGE WIND SPEED              7.7
HIGHEST WIND SPEED/DIRECTION    23/170    DATE  11/30
HIGHEST GUST SPEED/DIRECTION    30/170    DATE  11/30

SKY COVER
POSSIBLE SUNSHINE (PERCENT)   MM
AVERAGE SKY COVER           0.30
NUMBER OF DAYS FAIR           18
NUMBER OF DAYS PC             12
NUMBER OF DAYS CLOUDY          0

AVERAGE RH (PERCENT)     73

WEATHER CONDITIONS. NUMBER OF DAYS WITH
THUNDERSTORM              1     MIXED PRECIP               0
HEAVY RAIN                3     RAIN                       3
LIGHT RAIN                7     LT FREEZING RAIN           0
HAIL                      0     LIGHT SNOW                 0
SLEET                     0     FOG                       14
FOG W/VIS <= 1/4 MILE     0     HAZE                       1

-  INDICATES NEGATIVE NUMBERS.
R  INDICATES RECORD WAS SET OR TIED.
MM INDICATES DATA IS MISSING.
T  INDICATES TRACE AMOUNT.

$$
