000
CXUS56 KPQR 011631
CLMVUO


CLIMATE REPORT
NATIONAL WEATHER SERVICE PORTLAND OREGON
831 AM PST SUN MAR 1 2015

...................................

...THE VANCOUVER WA CLIMATE SUMMARY FOR THE MONTH OF FEBRUARY 2015...

CLIMATE NORMAL PERIOD 1981 TO 2010
CLIMATE RECORD PERIOD 1891 TO 2015

WEATHER         OBSERVED          NORMAL  DEPART  LAST YEAR`S
                 VALUE   DATE(S)  VALUE   FROM    VALUE  DATE(S)
                                          NORMAL
................................................................
TEMPERATURE (F)
RECORD
 HIGH              73   02/28/1968
 LOW               -3   02/03/1950
HIGHEST            65                MM      MM       59  02/28
LOWEST             28                MM      MM       19  02/06
AVG. MAXIMUM     56.5              51.7     4.8     46.0
AVG. MINIMUM     39.1              35.3     3.8     32.6
MEAN             47.8              43.5     4.3     39.3
DAYS MAX >= 90      0               0.0     0.0        0
DAYS MAX <= 32      0               0.0     0.0        4
DAYS MIN <= 32      3               8.9    -5.9       13
DAYS MIN <= 0       0               0.0     0.0        0

PRECIPITATION (INCHES)
TOTALS           4.07                               4.35
DAYS >= .01        13                                 16
DAYS >= .10         9                                 11
DAYS >= .50         3                                  3
DAYS >= 1.00        0                                  1
GREATEST
 24 HR. TOTAL    1.03   02/05 TO 02/06

DEGREE_DAYS
HEATING TOTAL     473                                714
 SINCE 7/1       2652                               3463
COOLING TOTAL       0                                  0
 SINCE 1/1          0                                  0
.................................................................

WIND (MPH)
AVERAGE WIND SPEED              4.0
RESULTANT WIND SPEED/DIRECTION   2/112
HIGHEST WIND SPEED/DIRECTION    24/090    DATE  02/16
HIGHEST GUST SPEED/DIRECTION    35/150    DATE  02/09

SKY COVER
POSSIBLE SUNSHINE (PERCENT)   MM
AVERAGE SKY COVER           0.50

AVERAGE RH (PERCENT)     73

WEATHER CONDITIONS. NUMBER OF DAYS WITH
THUNDERSTORM              0     MIXED PRECIP               0
HEAVY RAIN                1     RAIN                       4
LIGHT RAIN               13     FREEZING RAIN              0
LT FREEZING RAIN          0     HAIL                       0
HEAVY SNOW                0     SNOW                       0
LIGHT SNOW                0     SLEET                      0
FOG                      20     FOG W/VIS <= 1/4 MILE      6
HAZE                      1

-  INDICATES NEGATIVE NUMBERS.
R  INDICATES RECORD WAS SET OR TIED.
MM INDICATES DATA IS MISSING.
T  INDICATES TRACE AMOUNT.

$$
