000
CXUS56 KMTR 020448
CLMWVI


CLIMATE REPORT
NATIONAL WEATHER SERVICE SAN FRANCISCO BAY AREA
848 PM PST SUN MAR 1 2015

...................................

...THE WATSONVILLE AIRPORT CLIMATE SUMMARY FOR THE MONTH OF FEBRUARY 2015...

CLIMATE NORMAL PERIOD 1981 TO 2010
CLIMATE RECORD PERIOD 1998 TO 2015

WEATHER         OBSERVED          NORMAL   LAST YEAR`S
                 VALUE   DATE(S)  VALUE    VALUE  DATE(S)

.........................................................
TEMPERATURE (F)
HIGHEST            83R  02/13        MM        72  02/21
                        02/12                      02/13
LOWEST             36   02/24        MM        35  02/04
                        02/23                      02/01
AVG. MAXIMUM     69.3                        62.4
AVG. MINIMUM     47.5                        44.5
MEAN             58.4              51.8      53.4
DAYS MAX >= 90      0                           0
DAYS MAX <= 32      0                           0
DAYS MIN <= 32      0                           0
DAYS MIN <= 0       0                           0

PRECIPITATION (INCHES)
RECORD
 MAXIMUM           MM   MM
 MINIMUM           MM   MM
TOTALS           2.23                        4.70
DAILY AVG.       0.08                        0.17
DAYS >= .01         4                          13
DAYS >= .10         4                           7
DAYS >= .50         2                           3
DAYS >= 1.00        0                           1
GREATEST
 24 HR. TOTAL    1.43   02/06 TO 02/07    02/28 TO 02/28
                                                   02/28 TO 02/28
                                                   02/28 TO 02/28

DEGREE_DAYS
HEATING TOTAL     182                         317
 SINCE 7/1        972                        1739
COOLING TOTAL       4                           0
 SINCE 1/1          4                           0
..........................................................

WIND (MPH)
AVERAGE WIND SPEED              3.9
RESULTANT WIND SPEED/DIRECTION   1/235
HIGHEST WIND SPEED/DIRECTION    31/180    DATE  02/08
HIGHEST GUST SPEED/DIRECTION    43/200    DATE  02/08

SKY COVER
POSSIBLE SUNSHINE (PERCENT)   MM
AVERAGE SKY COVER           0.30
NUMBER OF DAYS FAIR           14
NUMBER OF DAYS PC             11
NUMBER OF DAYS CLOUDY          3

AVERAGE RH (PERCENT)     70

WEATHER CONDITIONS. NUMBER OF DAYS WITH
THUNDERSTORM              0     MIXED PRECIP               0
HEAVY RAIN                3     RAIN                       4
LIGHT RAIN                5     FREEZING RAIN              0
LT FREEZING RAIN          0     HAIL                       0
HEAVY SNOW                0     SNOW                       0
LIGHT SNOW                0     SLEET                      0
FOG                      14     FOG W/VIS <= 1/4 MILE      3
HAZE                      5

-  INDICATES NEGATIVE NUMBERS.
R  INDICATES RECORD WAS SET OR TIED.
MM INDICATES DATA IS MISSING.
T  INDICATES TRACE AMOUNT.

$$
