000
CXUS51 KCLE 060535
CLMYNG


CLIMATE REPORT
NATIONAL WEATHER SERVICE CLEVELAND OH
1234 AM EST TUE FEB 6 2018

...................................

...THE YOUNGSTOWN OH CLIMATE SUMMARY FOR THE MONTH OF JANUARY 2018...

CLIMATE NORMAL PERIOD 1981 TO 2010
CLIMATE RECORD PERIOD 1897 TO 2018

WEATHER         OBSERVED          NORMAL  DEPART  LAST YEAR`S
                 VALUE   DATE(S)  VALUE   FROM    VALUE
                                          NORMAL
.............................................................
TEMPERATURE (F)
RECORD
 HIGH              71   01/25/1950
 LOW              -22   01/19/1994
HIGHEST            62   01/11
LOWEST            -11   01/07
AVG. MAXIMUM     33.3              32.5     0.8     39.4
AVG. MINIMUM     15.6              19.0    -3.4     25.4
MEAN             24.4              25.8    -1.4     32.4
DAYS MAX >= 90      0               0.0     0.0        0
DAYS MAX <= 32     16              15.4     0.6        9
DAYS MIN <= 32     26              26.8    -0.8       21
DAYS MIN <= 0       6               2.1     3.9        1

PRECIPITATION (INCHES)
RECORD
 MAXIMUM         7.64   1950
 MINIMUM         0.73
TOTALS           3.14              2.55    0.59     5.35
DAYS >= .01        19              17.1     1.9       24
DAYS >= .10        12               6.7     5.3       10
DAYS >= .50         2               1.2     0.8        4
DAYS >= 1.00        0               0.2    -0.2        1
GREATEST
 24 HR. TOTAL    0.90   01/12 TO 01/12              1.66

SNOWFALL (INCHES)
RECORDS
 TOTAL           36.4   1999
TOTALS           23.1              16.6     6.5     13.6
SINCE 7/1        43.1              36.0     7.1     41.3
DAYS >= 1.0         9               5.4     3.6        6
GREATEST
 24 HR TOTAL      3.7   01/12 TO 01/12

DEGREE_DAYS
HEATING TOTAL    1249              1217      32     1002
 SINCE 7/1       3498              3623    -125     3053
COOLING TOTAL       0                 0       0        0
 SINCE 1/1          0                 0       0        0
..............................................................

WIND (MPH)
AVERAGE WIND SPEED              9.7
HIGHEST WIND SPEED/DIRECTION    32/250    DATE  01/23
HIGHEST GUST SPEED/DIRECTION    43/220    DATE  01/23

SKY COVER
AVERAGE SKY COVER           0.80

AVERAGE RH (PERCENT)     73

WEATHER CONDITIONS. NUMBER OF DAYS WITH
THUNDERSTORM              0     MIXED PRECIP               0
HEAVY RAIN                1     RAIN                       2
LIGHT RAIN               10     FREEZING RAIN              1
LT FREEZING RAIN          4     HAIL                       0
HEAVY SNOW                1     SNOW                       8
LIGHT SNOW               17     SLEET                      4
FOG                      20     FOG W/VIS <= 1/4 MILE      2
HAZE                      3

-  INDICATES NEGATIVE NUMBERS.
R  INDICATES RECORD WAS SET OR TIED.
MM INDICATES DATA IS MISSING.
T  INDICATES TRACE AMOUNT.

$$
