439
CXUS51 KCTP 011006
CLSBFD

CLIMATE REPORT
NATIONAL WEATHER SERVICE STATE COLLEGE PA
505 AM EST THU DEC 1 2016

...................................

...THE BRADFORD CLIMATE SUMMARY FOR THE AUTUMN SEASON
FROM 9/1/2016 TO 11/30/2016...

CLIMATE NORMAL PERIOD 1981 TO 2010
CLIMATE RECORD PERIOD 1957 TO 2016

WEATHER         OBSERVED          NORMAL  DEPART  LAST YEAR`S
                 VALUE   DATE(S)  VALUE   FROM    VALUE  DATE(S)
                                          NORMAL
................................................................
TEMPERATURE (F)
RECORD
 HIGH              90   09/03/2011
 LOW               -2   11/30/1976
HIGHEST            85   09/07        MM      MM       85  09/08
                                                          09/04
                                                          09/07
LOWEST             17   11/23        MM      MM       18  11/30
AVG. MAXIMUM     61.3              56.7     4.6     61.0
AVG. MINIMUM     39.6              36.7     2.9     39.9
MEAN             50.5              46.7     3.8     50.5
DAYS MAX >= 90      0                MM      MM        0
DAYS MAX <= 32      2                MM      MM        1
DAYS MIN <= 32     30                MM      MM       26
DAYS MIN <= 0       0                MM      MM        0

PRECIPITATION (INCHES)
RECORD
 MAXIMUM        17.08   1970
 MINIMUM         4.03   1964
TOTALS          12.26             11.11    1.15    10.59
DAILY AVG.       0.13              0.12    0.01     0.11
DAYS >= .01        42                MM      MM       40
DAYS >= .10        24                MM      MM       20
DAYS >= .50         8                MM      MM        6
DAYS >= 1.00        2                MM      MM        3
GREATEST
 24 HR. TOTAL    2.62   MM
 STORM TOTAL       MM
 (MM/DD(HH))            MM

DEGREE_DAYS
HEATING TOTAL    1345              1682    -337     1354
 SINCE 7/1       1388              1835    -447     1480
COOLING TOTAL      45                16      29       52
 SINCE 1/1        370               193     177      260

FREEZE DATES
RECORD
 EARLIEST     08/05/1972
 LATEST       06/30/1961
EARLIEST                        MM
LATEST                          MM
.................................................

WIND (MPH)
AVERAGE WIND SPEED              6.4
RESULTANT WIND SPEED/DIRECTION   1/269
HIGHEST WIND SPEED/DIRECTION    33/300    DATE  11/21
HIGHEST GUST SPEED/DIRECTION    43/290    DATE  11/21

SKY COVER
POSSIBLE SUNSHINE (PERCENT)   MM
AVERAGE SKY COVER           0.50
NUMBER OF DAYS FAIR           35
NUMBER OF DAYS PC             31
NUMBER OF DAYS CLOUDY         25

AVERAGE RH (PERCENT)     78

WEATHER CONDITIONS. NUMBER OF DAYS WITH
THUNDERSTORM              6     MIXED PRECIP               0
HEAVY RAIN               17     RAIN                      23
LIGHT RAIN               42     FREEZING RAIN              0
LT FREEZING RAIN          1     HAIL                       0
HEAVY SNOW                0     SNOW                       3
LIGHT SNOW                8     SLEET                      0
FOG                      72     FOG W/VIS <= 1/4 MILE     17
HAZE                      6

-  INDICATES NEGATIVE NUMBERS.
R  INDICATES RECORD WAS SET OR TIED.
MM INDICATES DATA IS MISSING.
T  INDICATES TRACE AMOUNT.

$$

LA CORTE
