000
CXUS51 KCTP 011354
CLSBFD

CLIMATE REPORT
NATIONAL WEATHER SERVICE STATE COLLEGE PA
953 AM EDT WED JUN 1 2016

...................................

...THE BRADFORD CLIMATE SUMMARY FOR THE SPRING SEASON, FROM
3/1/2016 TO 5/31/2016...

CLIMATE NORMAL PERIOD 1981 TO 2010
CLIMATE RECORD PERIOD 1957 TO 2016

WEATHER         OBSERVED          NORMAL  DEPART  LAST YEAR`S
                 VALUE   DATE(S)  VALUE   FROM    VALUE  DATE(S)
                                          NORMAL
................................................................
TEMPERATURE (F)
RECORD
 HIGH              88   05/30/2006
 LOW              -21   03/02/1980
HIGHEST            85   05/28        MM      MM       86  05/10
LOWEST              7   03/03        MM      MM      -11  03/06

AVG. MAXIMUM     57.0              54.0     3.0     54.5
AVG. MINIMUM     33.7              31.5     2.2     32.6
MEAN             45.3              42.7     2.6     43.5

DAYS MAX >= 90      0                MM      MM        0
DAYS MAX <= 32      5                MM      MM        9
DAYS MIN <= 32     38                MM      MM       47
DAYS MIN <= 0       0                MM      MM        2

PRECIPITATION (INCHES)
RECORD
 MAXIMUM        20.43   2011
 MINIMUM         5.47   1999
TOTALS           9.82             11.10   -1.28     9.59
DAILY AVG.       0.10              0.12   -0.02     0.11
DAYS >= .01        43                MM      MM       52
DAYS >= .10        25                MM      MM       29
DAYS >= .50         6                MM      MM        5
DAYS >= 1.00        1                MM      MM        0
GREATEST
 24 HR. TOTAL    1.27   MM
 STORM TOTAL       MM                                 MM
 (MM/DD(HH))            MM

DEGREE_DAYS
HEATING TOTAL    1803              2058    -255     1977
 SINCE 7/1       6503              7628   -1125     7876
COOLING TOTAL      19                10       9       44
 SINCE 1/1         19                10       9       44

FREEZE DATES
RECORD
 EARLIEST     08/05/1972
 LATEST       06/30/1961
EARLIEST                        MM
LATEST                          MM
..................................................

WIND (MPH)
AVERAGE WIND SPEED              6.9
RESULTANT WIND SPEED/DIRECTION   1/277
HIGHEST WIND SPEED/DIRECTION    35/320    DATE  04/03
HIGHEST GUST SPEED/DIRECTION    52/300    DATE  04/03

SKY COVER
POSSIBLE SUNSHINE (PERCENT)   MM
AVERAGE SKY COVER           0.50
NUMBER OF DAYS FAIR           28
NUMBER OF DAYS PC             29
NUMBER OF DAYS CLOUDY         35

AVERAGE RH (PERCENT)     65

WEATHER CONDITIONS. NUMBER OF DAYS WITH
THUNDERSTORM              7     MIXED PRECIP               0
HEAVY RAIN                7     RAIN                      22
LIGHT RAIN               49     FREEZING RAIN              0
LT FREEZING RAIN          0     HAIL                       0
HEAVY SNOW                5     SNOW                       5
LIGHT SNOW               16     SLEET                      0
FOG                      48     FOG W/VIS <= 1/4 MILE     13
HAZE                      6

-  INDICATES NEGATIVE NUMBERS.
R  INDICATES RECORD WAS SET OR TIED.
MM INDICATES DATA IS MISSING.
T  INDICATES TRACE AMOUNT.

$$

LA CORTE
