608
CXUS51 KRNK 022212
CLSBLF

CLIMATE REPORT
NATIONAL WEATHER SERVICE BLACKSBURG VA
738 AM EST WED MAR 1 2017

...................................

...THE BLUEFIELD WV CLIMATE SUMMARY FOR THE SEASON, FROM
12/1/2016 TO 2/28/2017...

CLIMATE NORMAL PERIOD 1981 TO 2010
CLIMATE RECORD PERIOD 1959 TO 2017

WEATHER         OBSERVED          NORMAL  DEPART  LAST YEAR`S
                 VALUE   DATE(S)  VALUE   FROM    VALUE
                                          NORMAL
.............................................................
TEMPERATURE (F)
RECORD
 HIGH              75   02/26/1977
 LOW              -21   01/21/1985
HIGHEST            71   02/24                         74
LOWEST              1   01/09                          0
AVG. MAXIMUM     46.9              44.2     2.7     46.9
AVG. MINIMUM     30.5              28.3     2.2     31.4
MEAN             38.5              36.2     2.3     39.2
DAYS MAX >= 90      0               0.0     0.0        0
DAYS MAX <= 32     13              15.4    -2.4       15
DAYS MIN <= 32     54              57.3    -3.3       47
DAYS MIN <= 0       0               0.9    -0.9        1

PRECIPITATION (INCHES)
RECORD
 MAXIMUM        12.72   1993
 MINIMUM         4.38   1980
TOTALS           9.01              8.57    0.44     8.65
DAILY AVG.       0.10              0.10    0.00     0.09
DAYS >= .01        39              40.3    -1.3       45
DAYS >= .10        22              20.7     1.3       20
DAYS >= .50         6               5.4     0.6        6
DAYS >= 1.00        1               1.0     0.0        0
GREATEST
 24 HR. TOTAL    1.55                               0.88

SNOWFALL (INCHES)
TOTALS           17.2                               32.2
DAYS >= TRACE      22                                 27
DAYS >= 1.0         5                                  7
GREATEST
 24 HR TOTAL      3.8                                8.2

DEGREE_DAYS
HEATING TOTAL    2356              2589    -233     2091
COOLING TOTAL       0                 0       0        3
..............................................................

WIND (MPH)
AVERAGE WIND SPEED              8.9
HIGHEST WIND SPEED/DIRECTION    35/250    DATE  02/07
HIGHEST GUST SPEED/DIRECTION    50/270    DATE  01/31

SKY COVER
AVERAGE SKY COVER           0.60

AVERAGE RH (PERCENT)     68

WEATHER CONDITIONS. NUMBER OF DAYS WITH
THUNDERSTORM              2     MIXED PRECIP               0
HEAVY RAIN                6     RAIN                      15
LIGHT RAIN               43     FREEZING RAIN              0
LT FREEZING RAIN          0     HAIL                       0
HEAVY SNOW                3     SNOW                       4
LIGHT SNOW               22     SLEET                      2
FOG                      46     FOG W/VIS <= 1/4 MILE     13
HAZE                      0

-  INDICATES NEGATIVE NUMBERS.
R  INDICATES RECORD WAS SET OR TIED.
MM INDICATES DATA IS MISSING.
T  INDICATES TRACE AMOUNT.

$$

PW
