000
CXUS53 KILX 011420
CLSCMI

CHICLMCMI 000
TTAA00 KILX 011418


CLIMATE REPORT
NATIONAL WEATHER SERVICE LINCOLN IL
901 AM CDT THU JUN 1 2017

...................................

...THE CHAMPAIGN IL AIRPORT CLIMATE SUMMARY FOR THE SEASON, FROM
3/1/2017 TO 5/31/2017...

CLIMATE NORMAL PERIOD 1981 TO 2010
CLIMATE RECORD PERIOD 9999 TO 9999

WEATHER         OBSERVED          NORMAL  DEPART  LAST YEAR`S
                 VALUE   DATE(S)  VALUE   FROM    VALUE
                                          NORMAL
.............................................................
TEMPERATURE (F)
RECORD
 HIGH              MM   MM
 LOW               MM   MM
HIGHEST            91   05/18        MM      MM       89
LOWEST             12   03/15        MM      MM       15
AVG. MAXIMUM     64.9              63.2     1.7     65.6
AVG. MINIMUM     43.8              40.5     3.3     42.8
MEAN             54.4              51.8     2.6     54.2
DAYS MAX >= 90      2               1.6     0.4        0
DAYS MAX <= 32      2               1.6     0.4        0
DAYS MIN <= 32     14              25.4   -11.4       20
DAYS MIN <= 0       0               0.0     0.0        0

PRECIPITATION (INCHES)
RECORD
 MAXIMUM           MM   MM
 MINIMUM           MM   MM
TOTALS          13.38             11.09    2.29     8.85
DAILY AVG.       0.15                               0.10
DAYS >= .01        35                MM      MM       38
DAYS >= .10        24                MM      MM       24
DAYS >= .50        11                MM      MM        7
DAYS >= 1.00        5                MM      MM        0
GREATEST
 24 HR. TOTAL    1.78   MM                          1.14

DEGREE_DAYS
HEATING TOTAL    1053              1304    -251     1072
 SINCE 7/1       4572              5806   -1234     4759
COOLING TOTAL      99                92       7      100
 SINCE 1/1         99                92       7      100

FREEZE DATES
RECORD
 EARLIEST     MM
 LATEST       MM
EARLIEST                        MM
LATEST                          MM
..............................................................

WIND (MPH)
AVERAGE WIND SPEED              13.0
HIGHEST WIND SPEED/DIRECTION    40/180    DATE  05/17
HIGHEST GUST SPEED/DIRECTION    54/270    DATE  03/30

SKY COVER
POSSIBLE SUNSHINE (PERCENT)   MM
AVERAGE SKY COVER           0.40
NUMBER OF DAYS FAIR           45
NUMBER OF DAYS PC             26
NUMBER OF DAYS CLOUDY         21

AVERAGE RH (PERCENT)     66

WEATHER CONDITIONS. NUMBER OF DAYS WITH
THUNDERSTORM             23     MIXED PRECIP               0
HEAVY RAIN               17     RAIN                      18
LIGHT RAIN               43     FREEZING RAIN              0
LT FREEZING RAIN          0     HAIL                       0
HEAVY SNOW                0     SNOW                       1
LIGHT SNOW                2     SLEET                      0
FOG                      43     FOG W/VIS <= 1/4 MILE      3
HAZE                     18

-  INDICATES NEGATIVE NUMBERS.
R  INDICATES RECORD WAS SET OR TIED.
MM INDICATES DATA IS MISSING.
T  INDICATES TRACE AMOUNT.

$$
