000
CXUS51 KGYX 052233
CLSCON

PWMCLMCON 000
TTAA00 KGYX 041655


CLIMATE REPORT
NATIONAL WEATHER SERVICE GRAY ME
1155 AM EST SUN DEC 4 2016

...................................

...THE CONCORD NH CLIMATE SUMMARY FOR THE FALL SEASON, FROM
9/1/2016 TO 11/30/2016...

CLIMATE NORMAL PERIOD 1981 TO 2010
CLIMATE RECORD PERIOD 1868 TO 2016

WEATHER         OBSERVED          NORMAL  DEPART  LAST YEAR`S
                 VALUE   DATE(S)  VALUE   FROM    VALUE  DATE(S)
                                          NORMAL
................................................................
TEMPERATURE (F)
RECORD
 HIGH              98   09/02/1953
 LOW              -17   11/30/1875
HIGHEST            94   09/09        88       6       92  09/09
                                                          09/07
LOWEST             23   11/29        11      12       16  11/18
                        11/28
AVG. MAXIMUM     64.0              60.5     3.5     64.7
AVG. MINIMUM     40.3              37.1     3.2     38.9
MEAN             52.1              48.8     3.3     51.8
DAYS MAX >= 90      1               0.6     0.4        4
DAYS MAX <= 32      0               1.3    -1.3        0
DAYS MIN <= 32     31              35.0    -4.0       31
DAYS MIN <= 0       0               0.0     0.0        0

PRECIPITATION (INCHES)
RECORD
 MAXIMUM        22.08   2005
 MINIMUM         2.88   1908
TOTALS          11.57             11.14    0.43    10.19
DAILY AVG.       0.13              0.12    0.01     0.11
DAYS >= .01        33              30.6     2.4       23
DAYS >= .10        18              19.2    -1.2       16
DAYS >= .50         7               7.4    -0.4        6
DAYS >= 1.00        3               2.8     0.2        1
GREATEST
 24 HR. TOTAL    3.03   10/20 TO 10/21

SNOWFALL (INCHES)
RECORDS
 TOTAL           25.7   2011
TOTALS            0.7               2.6    -1.9      0.0
SINCE 7/1         0.7               2.6    -1.9      0.0
SNOWDEPTH AVG.      0
DAYS >= TRACE       5               1.9     3.1        0
DAYS >= 1.0         0               1.0    -1.0        0
GREATEST
 SNOW DEPTH         1   11/21
 24 HR TOTAL      0.7   11/20 TO 11/21

DEGREE_DAYS
HEATING TOTAL    1240              1512    -272     1272
 SINCE 7/1       1252              1560    -308     1280
COOLING TOTAL      91                39      52       95
 SINCE 1/1        715               452     263      597
.................................................................

WIND (MPH)
AVERAGE WIND SPEED              5.1
HIGHEST WIND SPEED/DIRECTION    31/320    DATE  11/11
HIGHEST GUST SPEED/DIRECTION    42/320    DATE  11/11

SKY COVER
AVERAGE SKY COVER           0.40

AVERAGE RH (PERCENT)     69

WEATHER CONDITIONS. NUMBER OF DAYS WITH
THUNDERSTORM              3     HEAVY RAIN                 8
RAIN                     13     LIGHT RAIN                38
FREEZING RAIN             0     LT FREEZING RAIN           1
HEAVY SNOW                0     SNOW                       0
LIGHT SNOW                3     FOG                       53
FOG W/VIS <= 1/4 MILE    24     HAZE                       9

-  INDICATES NEGATIVE NUMBERS.
R  INDICATES RECORD WAS SET OR TIED.
MM INDICATES DATA IS MISSING.
T  INDICATES TRACE AMOUNT.

&&

SUMMER WARMTH CONTINUED THRU THE MIDDLE OF SEPTEMBER WITH THE
TEMPERATURE REACHING 80 DEGREES OR WARMER FOR 15 OF THE FIRST 22
DAYS OF SEPTEMBER. APART FROM A LOCALIZED THUNDERSTORM WHICH DROPPED
MORE THAN 2 INCHES OF RAIN ON SEPTEMBER 19, DRY WEATHER DOMINATED
WITH DROUGHT INTENSIFYING INTO THE FALL. THE SUMMER WARMTH WAS
EVENTUALLY PUSHED ASIDE AS COOLER AIR MOVED IN FOR THE FINAL WEEK OF
SEPTEMBER. THE FIRST FREEZE OF THE SEASON OCCURRED ON SEPTEMBER 26
WHICH WAS NEAR THE NORMAL DATE OF FIRST FREEZE. THIS COOLER WEATHER
DID NOT LAST TOO LONG AS THE WARMTH BEGAN TO BUILD AGAIN THROUGH MID
OCTOBER. ON OCTOBER 21 TROPICAL MOISTURE SURGED NORTHWARD AHEAD OF
AN APPROACHING COLD FRONT LEADING TO VERY HEAVY RAINFALL. MORE THAN
3 INCHES OF RAIN FELL IN JUST A FEW HOURS THAT EVENING. GRADUALLY
COOLER AIR BEGAN MOVING IN BEHIND THIS SYSTEM. ANOTHER SIGNIFICANT
RAINSTORM ARRIVED ON OCTOBER 28TH, HELPING TO PUT A DENT IN THE
PERSISTENT DROUGHT. AFTER A COUPLE OF BRIEF PERIODS OF COOLER
WEATHER, THE WARM WEATHER BEGAN BUILDING AGAIN INTO THE MIDDLE OF
NOVEMBER WITH SEVERAL DAYS OF TEMPERATURES IN THE 60S. THIS CAME TO
AN END ON NOVEMBER 20 WHEN COLDER AIR ARRIVED ALONG WITH THE FIRST
MEASURABLE SNOWFALL OF THE SEASON.

THE AVERAGE TEMPERATURE FOR THE SEASON WAS 52.1 DEGREES WHICH WAS
3.3 DEGREES ABOVE NORMAL AND THE WARMEST FALL IN MORE THAN 50 YEARS.
THE WARMEST FALL ON RECORD WAS IN 1961 WHEN THE AVERAGE TEMPERATURE
WAS 53.0 DEGREES. THE COOLEST WAS ONLY 46.0 DEGREES IN 1980, 1978,
AND 1925. THE FOLLOWING TABLE LISTS THE WARMEST FALLS ON RECORD.

WARMEST AVERAGE TEMPERATURE IN FALL (1868 TO PRESENT)
RANK  TEMP  YEAR
1     53.0  1961
2     52.6  1881
3     52.3  1931
      52.3  1878
      52.3  1877
6     52.1  2016 <===
      52.1  1879
8     51.9  2011
      51.9  1882
10    51.8  2015

THE COLDEST TEMPERATURE OBSERVED THIS FALL WAS 23 DEGREES ON
NOVEMBER 28 AND 29. THIS WAS THE WARMEST FALL LOW TEMPERATURE ON
RECORD. THE FOLLOWING TABLE LISTS THE YEARS WITH THE WARMEST FALL
LOW TEMPERATURES.

LOWEST TEMPERATURE IN FALL (1868 TO PRESENT)
RANK  TEMP  YEAR
1      23   2016 <===
2      22   1915
3      20   1979
       20   1963
       20   1921
       20   1902

A TOTAL OF 11.57 INCHES OF PRECIPITATION FELL THIS FALL WHICH WAS
0.43 INCHES ABOVE NORMAL. THIS WAS THE WETTEST FALL SINCE 2011. MORE
THAN HALF OF THIS PRECIPITATION FELL ON JUST THREE DAYS: SEPTEMBER
19, OCTOBER 21, AND OCTOBER 28. OTHERWISE THE FALL WAS CHARACTERIZED
BY GENERALLY DRY CONDITIONS AND A CONTINUING DROUGHT. THE WETTEST
FALL ON RECORD WAS IN 2005 WHEN 22.08 INCHES OF PRECIPITATION FELL.
THE DRIEST WAS IN 1967 WITH ONLY 5.89 INCHES.

A TOTAL OF 0.7 INCHES OF SNOW FELL WHICH WAS 1.9 INCHES BELOW
NORMAL. ALL OF THIS SNOW FELL ON NOVEMBER 20 AND 21. FALL SNOWFALL
IS HIGHLY VARIABLE, WITH MEASURABLE SNOW OBSERVED ABOUT 79 PERCENT
OF THE TIME. THE SNOWIEST FALL WAS IN 2011 WHEN 25.7 INCHES FELL.
THERE HAVE BEEN 3 FALLS WITH NO SNOWFALL, MOST RECENTLY IN 2015.
THERE HAVE BEEN AN ADDITIONAL 29 YEARS WITH ONLY A TRACE OF SNOW
OBSERVED, MOST RECENTLY IN 2010.

THE FOLLOWING DAILY RECORDS WERE SET OR TIED IN FALL 2016...
DATE    RECORD                               PREVIOUS
SEP 19  2.15 - GREATEST PRECIPITATION        1.45 IN 1938
OCT 21  3.01 - GREATEST PRECIPITATION        2.48 IN 1996

$$

KIMBLE
