000
CXUS53 KDDC 011513
CLSDDC


CLIMATE REPORT
NATIONAL WEATHER SERVICE DODGE CITY KS
1007 AM CDT THU SEP 1 2016

...................................

...THE DODGE CITY KS CLIMATE SUMMARY FOR THE SEASON, FROM
6/1/2016 TO 8/31/2016...

CLIMATE NORMAL PERIOD 1981 TO 2010
CLIMATE RECORD PERIOD 1875 TO 2016

WEATHER         OBSERVED          NORMAL  DEPART  LAST YEAR`S
                 VALUE   DATE(S)  VALUE   FROM    VALUE  DATE(S)
                                          NORMAL
................................................................
TEMPERATURE (F)
RECORD
 HIGH             111   06/27/2012
 LOW               36   06/02/1917
HIGHEST           101   07/23        MM      MM      106  07/13
                        07/22
                        06/22
LOWEST             50   06/05        MM      MM       49  08/24
                                                          07/08
AVG. MAXIMUM     90.3              90.2     0.1     89.8
AVG. MINIMUM     65.1              64.3     0.8     64.4
MEAN             77.7              77.2     0.5     77.1
DAYS MAX >= 90     52              50.8     1.2       51
DAYS MAX <= 32      0               0.0     0.0        0
DAYS MIN <= 32      0               0.0     0.0        0
DAYS MIN <= 0       0               0.0     0.0        0

PRECIPITATION (INCHES)
RECORD
 MAXIMUM        18.89   1884
 MINIMUM         1.58   2011
TOTALS          10.89              9.07    1.82     5.97
DAILY AVG.       0.12              0.10    0.02     0.07
DAYS >= .01        29              25.1     3.9       23
DAYS >= .10        20              15.8     4.2       14
DAYS >= .50         8               6.0     2.0        4
DAYS >= 1.00        1               2.2    -1.2        1
GREATEST
 24 HR. TOTAL    2.81   07/01 TO 07/02           06/12 TO 06/12

SNOWFALL (INCHES)
RECORDS
 TOTAL             MM   MM
 24 HR TOTAL       MM
 SNOW DEPTH        MM   MM
TOTALS            0.0               0.0     0.0      0.0
 LIQUID EQUIV    0.00              0.00    0.00     0.00
SINCE 7/1         0.0               0.0     0.0      0.0
 LIQUID 7/1      0.00              0.00    0.00     0.00
SNOWDEPTH AVG.      0                MM      MM        0
DAYS >= TRACE       0               0.0     0.0        0
DAYS >= 1.0         0               0.0     0.0        0
GREATEST
 SNOW DEPTH         0   MM                             0  MM
 24 HR TOTAL      0.0   MM                       06/12 TO 06/12

DEGREE_DAYS
HEATING TOTAL       1                16     -15        2
 SINCE 7/1          0                 4      -4        2
COOLING TOTAL    1196              1136      60     1137
 SINCE 1/1       1254              1246       8     1198
...................................................

WIND (MPH)
AVERAGE WIND SPEED              11.0
RESULTANT WIND SPEED/DIRECTION   7/165
HIGHEST WIND SPEED/DIRECTION    37/230    DATE  06/23
HIGHEST GUST SPEED/DIRECTION    52/230    DATE  06/23

SKY COVER
POSSIBLE SUNSHINE (PERCENT)   MM
AVERAGE SKY COVER           0.10
NUMBER OF DAYS FAIR           80
NUMBER OF DAYS PC             11
NUMBER OF DAYS CLOUDY          1

AVERAGE RH (PERCENT)     65

WEATHER CONDITIONS. NUMBER OF DAYS WITH
THUNDERSTORM             31     MIXED PRECIP               0
HEAVY RAIN               15     RAIN                      19
LIGHT RAIN               33     FREEZING RAIN              0
LT FREEZING RAIN          0     HAIL                       0
HEAVY SNOW                0     SNOW                       0
LIGHT SNOW                0     SLEET                      0
FOG                      40     FOG W/VIS <= 1/4 MILE      6
HAZE                     16

-  INDICATES NEGATIVE NUMBERS.
R  INDICATES RECORD WAS SET OR TIED.
MM INDICATES DATA IS MISSING.
T  INDICATES TRACE AMOUNT.

$$
