016
CXUS53 KFGF 012119
CLSFAR

CLIMATE REPORT
NATIONAL WEATHER SERVICE EASTERN NORTH DAKOTA/GRAND FORKS
353 PM CDT WED JUN 1 2016

...................................

...THE FARGO HECTOR INTL AP ND CLIMATE SUMMARY FOR THE SEASON, FROM
3/1/2016 TO 5/31/2016...

CLIMATE NORMAL PERIOD 1981 TO 2010
CLIMATE RECORD PERIOD 1881 TO 2016

WEATHER         OBSERVED          NORMAL  DEPART  LAST YEAR`S
                 VALUE   DATE(S)  VALUE   FROM    VALUE  DATE(S)
                                          NORMAL
................................................................
TEMPERATURE (F)
RECORD
 HIGH             104   05/30/1934
 LOW              -34   03/10/1948
HIGHEST            91   05/05        53      38       87  05/02
LOWEST              8   03/01        32     -24      -11  03/05
AVG. MAXIMUM     58.7              53.8     4.9     57.7
AVG. MINIMUM     36.4              32.3     4.1     32.7
MEAN             47.6              43.0     4.6     45.2
DAYS MAX >= 90      1               0.8     0.2        0
DAYS MAX <= 32      5              10.8    -5.8        5
DAYS MIN <= 32     40              44.2    -4.2       42
DAYS MIN <= 0       0               2.9    -2.9        4

PRECIPITATION (INCHES)
RECORD
 MAXIMUM        11.44   1902
 MINIMUM         1.28   1980
TOTALS           4.49              5.47   -0.98     9.13
DAILY AVG.       0.05              0.06   -0.01     0.10
DAYS >= .01        28              26.7     1.3       26
DAYS >= .10        11              13.0    -2.0       16
DAYS >= .50         3               3.0     0.0        6
DAYS >= 1.00        0               0.9    -0.9        1
GREATEST
 24 HR. TOTAL    1.28   MM                       05/31 TO 05/31
                                                          05/31 TO 05/31
                                                          05/31 TO 05/31
 STORM TOTAL       MM                                 MM
 (MM/DD(HH))            MM                    05/31(00) TO 05/31(00)
                                                 05/31(00) TO 05/31(00)1
                                                 05/31(00) TO 05/31(00)1

SNOWFALL (INCHES)
RECORDS
 TOTAL           33.6   1997
 24 HR TOTAL       MM
 SNOW DEPTH        MM   MM
TOTALS            3.1              12.1    -9.0      0.4
 LIQUID EQUIV    0.31                MM      MM     0.04
SINCE 7/1        27.4              50.4   -23.0     16.0
 LIQUID 7/1      2.74                MM      MM     1.60
SNOWDEPTH AVG.      0                MM      MM        0
DAYS >= TRACE      14               7.1     6.9       14
DAYS >= 1.0         1               3.3    -2.3        0
GREATEST
 SNOW DEPTH         1   03/26                          3  03/06
                                                          03/04
                                                          03/05
 24 HR TOTAL      1.6   MM                       05/31 TO 05/31
                                                          05/31 TO 05/31
                                                          05/31 TO 05/31
 STORM TOTAL       MM                                 MM
 (MM/DD(HH))            MM                    05/31(00) TO 05/31(00)
                                                 05/31(00) TO 05/31(00)1
                                                 05/31(00) TO 05/31(00)1

DEGREE_DAYS
HEATING TOTAL    1622              2051    -429     1816
 SINCE 7/1         MM              8729      MM       MM
COOLING TOTAL      48                31      17       15
 SINCE 1/1         48                31      17       15

FREEZE DATES
RECORD
 EARLIEST     MM
 LATEST       MM
EARLIEST                        MM
LATEST                          MM
..................................................

WIND (MPH)
AVERAGE WIND SPEED              11.9
RESULTANT WIND SPEED/DIRECTION   2/041
HIGHEST WIND SPEED/DIRECTION    45/340    DATE  04/01
HIGHEST GUST SPEED/DIRECTION    52/350    DATE  04/01

SKY COVER
POSSIBLE SUNSHINE (PERCENT)   MM
AVERAGE SKY COVER           0.40
NUMBER OF DAYS FAIR           39
NUMBER OF DAYS PC             34
NUMBER OF DAYS CLOUDY         19

AVERAGE RH (PERCENT)     60

WEATHER CONDITIONS. NUMBER OF DAYS WITH
THUNDERSTORM              0     MIXED PRECIP               0
HEAVY RAIN                3     RAIN                       8
LIGHT RAIN               30     FREEZING RAIN              0
LT FREEZING RAIN          0     HAIL                       0
HEAVY SNOW                1     SNOW                       1
LIGHT SNOW               15     SLEET                      0
FOG                      37     FOG W/VIS <= 1/4 MILE      5
HAZE                      7

-  INDICATES NEGATIVE NUMBERS.
R  INDICATES RECORD WAS SET OR TIED.
MM INDICATES DATA IS MISSING.
T  INDICATES TRACE AMOUNT.

&&

SPRING 2016 AT FARGO HECTOR INTERNATIONAL AIRPORT WAS THE FIFTH WARMEST
ON RECORD WITH AN AVERAGE TEMPERATURE OF 47.6 DEGREES WITH THE RECORD
BEING 50.2 IN 2012. THE SEASON STARTED VERY DRY BUT ABUNDANT RAINFALL
DURING THE MONTH OF MAY RAISED THE PRECIPITATION TOTAL UP...BUT STILL
HAD A DEFICIT OF 0.98 INCHES BELOW NORMAL.

REMEMBER... THIS DATA IS PROVISIONAL AND IS SUBJECT TO CHANGE. THE
FINAL AND OFFICIAL RECORDS WILL BE AVAILABLE FROM THE NATIONAL
CENTERS FOR ENVIRONMENTAL INFORMATION (FORMERLY THE NATIONAL
CLIMATIC DATA CENTER).

$$
