000
CXUS53 KFGF 011057
CLSFGF

CLIMATE REPORT
NATIONAL WEATHER SERVICE EASTERN NORTH DAKOTA/GRAND FORKS
555 AM CDT FRI SEP 1 2017

...................................

...THE GRAND FORKS UNIV. (NWS) ND CLIMATE SUMMARY FOR THE SEASON, FROM
6/1/2017 TO 8/31/2017...

CLIMATE NORMAL PERIOD 1981 TO 2010
CLIMATE RECORD PERIOD 1893 TO 2017

WEATHER         OBSERVED          NORMAL  DEPART  LAST YEAR`S
                 VALUE   DATE(S)  VALUE   FROM    VALUE  DATE(S)
                                          NORMAL
................................................................
TEMPERATURE (F)
RECORD
 HIGH             109   07/12/1936
 LOW               28   06/01/1917
                        06/03/1910
                        06/02/1910
HIGHEST            93   06/02        80      13       89  07/25
                                                          07/04
                                                          07/21
LOWEST             42   06/26        56     -14       44  06/02
                        06/25
AVG. MAXIMUM     79.8              79.4     0.4     78.6
AVG. MINIMUM     56.9              56.2     0.7     58.3
MEAN             68.3              67.8     0.5     68.5
DAYS MAX >= 90      2               7.6    -5.6        0
DAYS MAX <= 32      0               0.0     0.0        0
DAYS MIN <= 32      0               0.0     0.0        0
DAYS MIN <= 0       0               0.0     0.0        0

PRECIPITATION (INCHES)
RECORD
 MAXIMUM        20.68   2002
 MINIMUM         3.41   1936
TOTALS           7.92             10.05   -2.13    14.63
DAILY AVG.       0.09              0.11   -0.02     0.16
DAYS >= .01        30              29.7     0.3       39
DAYS >= .10        13              17.9    -4.9       25
DAYS >= .50         2               6.4    -4.4        9
DAYS >= 1.00        1               2.3    -1.3        4
GREATEST
 24 HR. TOTAL    3.34   MM                       08/31 TO 08/31
                                                          08/31 TO 08/31
                                                          08/31 TO 08/31
 STORM TOTAL       MM                                 MM
 (MM/DD(HH))            MM                    08/31(00) TO 08/31(00)
                                                 08/31(00) TO 08/31(00)1
                                                 08/31(00) TO 08/31(00)1

SNOWFALL (INCHES)
RECORDS
 TOTAL            0.5   1905
 24 HR TOTAL      0.5   06/25/1905 TO 06/25/1905
 SNOW DEPTH        MM   MM
TOTALS              T               0.0     0.0        T
 LIQUID EQUIV      MM              0.00      MM       MM
SINCE 7/1           T               0.0     0.0        T
 LIQUID 7/1        MM              0.00      MM       MM
SNOWDEPTH AVG.      0                MM      MM        0
DAYS >= TRACE       1               0.0     1.0        1
DAYS >= 1.0         0               0.0     0.0        0
GREATEST
 SNOW DEPTH         0   MM                             0  MM
 24 HR TOTAL      0.0   MM                       08/31 TO 08/31
                                                          08/31 TO 08/31
                                                          08/31 TO 08/31
 STORM TOTAL       MM                                 MM
 (MM/DD(HH))            MM                    08/31(00) TO 08/31(00)
                                                 08/31(00) TO 08/31(00)1
                                                 08/31(00) TO 08/31(00)1

DEGREE_DAYS
HEATING TOTAL      63               147     -84       64
 SINCE 7/1         18                64     -46       18
COOLING TOTAL     397               406      -9      410
 SINCE 1/1        397               432     -35      434

FREEZE DATES
RECORD
 EARLIEST     MM
 LATEST       MM
EARLIEST                        MM
LATEST                          MM
..................................................

WIND (MPH)
AVERAGE WIND SPEED              MM
RESULTANT WIND SPEED/DIRECTION  MM
HIGHEST WIND SPEED/DIRECTION    MM        DATE   MM
HIGHEST GUST SPEED/DIRECTION    MM        DATE   MM

SKY COVER
POSSIBLE SUNSHINE (PERCENT)   MM
AVERAGE SKY COVER             MM
NUMBER OF DAYS FAIR            0
NUMBER OF DAYS PC              0
NUMBER OF DAYS CLOUDY          0

AVERAGE RH (PERCENT)     MM

WEATHER CONDITIONS. NUMBER OF DAYS WITH
THUNDERSTORM              0     MIXED PRECIP               0
HEAVY RAIN                4     RAIN                       5
LIGHT RAIN               18     FREEZING RAIN              0
LT FREEZING RAIN          0     HAIL                       0
HEAVY SNOW                0     SNOW                       0
LIGHT SNOW                0     SLEET                      0
FOG                       5     FOG W/VIS <= 1/4 MILE      0
HAZE                      1

-  INDICATES NEGATIVE NUMBERS.
R  INDICATES RECORD WAS SET OR TIED.
MM INDICATES DATA IS MISSING.
T  INDICATES TRACE AMOUNT.

&&

REMARKS...

THE SUMMER SEASON AT GRAND FORKS NWS/UND SITE WAS NEAR NORMAL WITH
RESPECT TO TEMPERATURES. THE AVERAGE TEMPERATURE FOR THE SUMMER WAS
68.3 DEGREES WHICH IS 0.5 DEGREES ABOVE NORMAL.

PRECIPITATION FOR THE SUMMER WAS BELOW NORMAL.  THE TOTAL RAINFALL
FOR THE SUMMER WAS 7.92 INCHES WHICH IS 2.13 INCHES BELOW NORMAL.


REMEMBER...THIS DATA IS PROVISIONAL AND SUBJECT TO CHANGE. THE FINAL
AND OFFICIAL RECORDS WILL BE AVAILABLE FROM THE NATIONAL CENTERS FOR
ENVIRONMENTAL INFORMATION (FORMERLY THE NATIONAL CLIMATE DATA
CENTER).

$$
