000
CXUS51 KGYX 040912
CLSGYX

PWMCLMGYX 000
TTAA00 KGYX 021024


CLIMATE REPORT
NATIONAL WEATHER SERVICE GRAY ME
512 AM EDT MON SEP 4 2017

...................................

...THE GRAY ME CLIMATE SUMMARY FOR THE SUMMER SEASON, FROM
6/1/2017 TO 8/31/2017...

CLIMATE NORMAL PERIOD 1981 TO 2010
CLIMATE RECORD PERIOD 1995 TO 2017

WEATHER         OBSERVED          NORMAL  DEPART  LAST YEAR`S
                 VALUE   DATE(S)  VALUE   FROM    VALUE
                                          NORMAL
.............................................................
TEMPERATURE (F)
RECORD
 HIGH              99   07/22/2011
 LOW               37   06/01/2009
HIGHEST            92   06/11        93      -1       96
LOWEST             46   06/06        44       2       47
                        06/03
AVG. MAXIMUM     77.9              77.2     0.7     79.2
AVG. MINIMUM     58.3              57.5     0.8     59.3
MEAN             68.1              67.4     0.7     69.2
DAYS MAX >= 90      3               4.1    -1.1        6
DAYS MAX <= 32      0               0.0     0.0        0
DAYS MIN <= 32      0               0.0     0.0        0
DAYS MIN <= 0       0               0.0     0.0        0

PRECIPITATION (INCHES)
RECORD
 MAXIMUM        21.77   2009
TOTALS           7.39             12.19   -4.80    11.54
DAILY AVG.       0.08              0.13   -0.05     0.13
DAYS >= .01        35              37.1    -2.1       35
DAYS >= .10        16              21.6    -5.6       17
DAYS >= .50         4               7.8    -3.8        6
DAYS >= 1.00        1               3.0    -2.0        4
GREATEST
 24 HR. TOTAL    1.71   08/18                       1.81

SNOWFALL (INCHES)
RECORDS
 TOTAL            0.0
TOTALS            0.0               0.0     0.0      0.0
SINCE 7/1         0.0               0.0     0.0      0.0
SNOWDEPTH AVG.      0
DAYS >= TRACE       0               0.0     0.0        0
DAYS >= 1.0         0               0.0     0.0        0
GREATEST
 SNOW DEPTH         0                                  0
 24 HR TOTAL      0.0                                0.0

DEGREE_DAYS
HEATING TOTAL     108               130     -22       89
 SINCE 7/1         31                36      -5       19
COOLING TOTAL     417               349      68      505
 SINCE 1/1        438               359      79      527
..............................................................



-  INDICATES NEGATIVE NUMBERS.
R  INDICATES RECORD WAS SET OR TIED.
MM INDICATES DATA IS MISSING.
T  INDICATES TRACE AMOUNT.

&&

SUMMER BEGAN WITH A PERIOD OF COOL, DAMP WEATHER. THE LOW
TEMPERATURE OF 46 ON JUNE 6 WAS THE COOLEST OF THE SEASON. WARMER
WEATHER SOON ARRIVED, AS JUST 5 DAYS LATER THE TEMPERATURE SOARED TO
92 DEGREES, THE WARMEST OF THE SUMMER. THIS WAS JUST THE FIRST OF 3
STRAIGHT DAYS ABOVE 90 DEGREES FROM JUNE 11 THROUGH JUNE 13. THIS
WOULD END UP BEING THE ONLY TIME THIS SUMMER THAT 90 DEGREES WAS
RECORDED AT THE NATIONAL WEATHER SERVICE OFFICE IN GRAY. THE NEXT
SEVERAL WEEKS CONSISTED OF ALTERNATING PERIODS OF WARMER AND COOLER
WEATHER. THE MOST PERSISTENT WARMTH OF THE SEASON CAME IN MID AUGUST
WHEN THE TEMPERATURE REACHED 80 DEGREES ON 13 OUT OF 15 DAYS. ONE
NOTABLE EXCEPTION WAS ON AUGUST 18 WHEN A FRONTAL SYSTEM BROUGHT
MORE THAN AN INCH AND A HALF OF RAIN AND THE TEMPERATURE STAYED IN
THE 60S. THIS WAS THE HEAVIEST RAINFALL IN WHAT WAS OTHERWISE A DRY
SUMMER. BY THE END OF AUGUST A SHIFT TOWARD MORE FALL-LIKE WEATHER
BEGAN, WITH COOL AND DRY WEATHER FOR THE LAST WEEK OF THE MONTH.

THE AVERAGE TEMPERATURE FOR THE SUMMER WAS 68.1 DEGREES WHICH WAS
0.7 DEGREES ABOVE NORMAL. THE WARMEST SUMMER WAS JUST LAST YEAR WHEN
THE AVERAGE TEMPERATURE WAS 69.2 DEGREES. THE COOLEST WAS IN 2009
WHEN IT WAS ONLY 65.5 DEGREES.

A TOTAL OF 7.39 INCHES OF RAIN FELL WHICH WAS 4.80 INCHES BELOW
NORMAL AND THE DRIEST SUMMER SINCE 2003. THE HEAVIEST RAINFALL WAS
ON AUGUST 18 WHEN 1.71 INCHES WAS MEASURED. THE DRIEST SUMMER WAS IN
1999 WHEN ONLY 6.92 INCHES OF RAIN WAS RECORDED. THE WETTEST WAS IN
2009 WHEN 21.77 INCHES FELL.

$$

KIMBLE
