000
CXUS51 KCTP 011352
CLSJST

CLIMATE REPORT
NATIONAL WEATHER SERVICE STATE COLLEGE PA
952 AM EDT WED JUN 1 2016

...................................

...THE JOHNSTOWN CLIMATE SUMMARY FOR THE SPRING SEASON, FROM
3/1/2016 TO 5/31/2016...

CLIMATE NORMAL PERIOD 1981 TO 2010
CLIMATE RECORD PERIOD 1892 TO 2016

WEATHER         OBSERVED          NORMAL  DEPART  LAST YEAR`S
                 VALUE   DATE(S)  VALUE   FROM    VALUE  DATE(S)
                                          NORMAL
................................................................
TEMPERATURE (F)
RECORD
 HIGH              99   05/12/1984
 LOW               -2   03/06/2015
                        03/01/1990
                        03/01/1990
HIGHEST            84   05/28        MM      MM       82  05/11
LOWEST             14   04/10        MM      MM       -2  03/06

AVG. MAXIMUM     58.9              55.4     3.5     57.8
AVG. MINIMUM     40.4              37.6     2.8     39.0
MEAN             49.7              46.5     3.2     48.4

DAYS MAX >= 90      0                MM      MM        0
DAYS MAX <= 32      2                MM      MM        3
DAYS MIN <= 32     25                MM      MM       31
DAYS MIN <= 0       0                MM      MM        1

PRECIPITATION (INCHES)
RECORD
 MAXIMUM        20.75   1908
 MINIMUM         6.74   1976
TOTALS           7.95             11.41   -3.46    11.00
DAILY AVG.       0.08              0.12   -0.04     0.12
DAYS >= .01        43                MM      MM       45
DAYS >= .10        27                MM      MM       28
DAYS >= .50         3                MM      MM        6
DAYS >= 1.00        0                MM      MM        2
GREATEST
 24 HR. TOTAL    0.83   MM
 STORM TOTAL       MM                                 MM
 (MM/DD(HH))            MM

DEGREE_DAYS
HEATING TOTAL    1424              1728    -304     1588
 SINCE 7/1       5487              6609   -1122     6777
COOLING TOTAL      38                24      14       84
 SINCE 1/1         38                24      14       84

FREEZE DATES
RECORD
 EARLIEST     08/31/1894
 LATEST       05/27/1915
EARLIEST                        MM
LATEST                          MM
..................................................

WIND (MPH)
AVERAGE WIND SPEED              9.0
RESULTANT WIND SPEED/DIRECTION   4/252
HIGHEST WIND SPEED/DIRECTION    40/240    DATE  03/01
HIGHEST GUST SPEED/DIRECTION    54/260    DATE  03/02

SKY COVER
POSSIBLE SUNSHINE (PERCENT)   MM
AVERAGE SKY COVER           0.60
NUMBER OF DAYS FAIR           30
NUMBER OF DAYS PC             24
NUMBER OF DAYS CLOUDY         38

AVERAGE RH (PERCENT)     58

WEATHER CONDITIONS. NUMBER OF DAYS WITH
THUNDERSTORM             10     MIXED PRECIP               0
HEAVY RAIN               11     RAIN                      19
LIGHT RAIN               48     FREEZING RAIN              0
LT FREEZING RAIN          0     HAIL                       0
HEAVY SNOW                2     SNOW                       4
LIGHT SNOW               16     SLEET                      0
FOG                      42     FOG W/VIS <= 1/4 MILE     17
HAZE                     28

-  INDICATES NEGATIVE NUMBERS.
R  INDICATES RECORD WAS SET OR TIED.
MM INDICATES DATA IS MISSING.
T  INDICATES TRACE AMOUNT.

$$

LA CORTE
