000
CXUS51 KOKX 011840
CLSNYC

CLIMATE REPORT
NATIONAL WEATHER SERVICE NEW YORK NY
139 PM EST MON DEC 1 2014


...THE CENTRAL PARK NY CLIMATE SUMMARY FOR THE SEASON, FROM
9/1/2014 TO 11/30/2014...

CLIMATE NORMAL PERIOD 1981 TO 2010
CLIMATE RECORD PERIOD 1869 TO 2014

WEATHER         OBSERVED          NORMAL  DEPART  LAST YEAR`S
                 VALUE   DATE(S)  VALUE   FROM    VALUE
                                          NORMAL
.............................................................
TEMPERATURE (F)
RECORD
 HIGH             102   09/02/1953
 LOW                7   11/30/1875
HIGHEST            92   09/02        MM      MM
LOWEST             22   11/19        MM      MM
AVG. MAXIMUM     64.9              64.3     0.6
AVG. MINIMUM     51.5              50.8     0.7
MEAN             58.2              57.5     0.7
DAYS MAX >= 90      2               0.6     1.4
DAYS MAX <= 32      0               0.1    -0.1
DAYS MIN <= 32      7               2.6     4.4
DAYS MIN <= 0       0               0.0     0.0

PRECIPITATION (INCHES)
RECORD
 MAXIMUM        22.13   1913
 MINIMUM         4.00   1908
TOTALS          11.49             12.70   -1.21     6.46
DAILY AVG.       0.13              0.14   -0.01
DAYS >= .01        27              27.2    -0.2
DAYS >= .10        18              17.7     0.3
DAYS >= .50         8               8.2    -0.2
DAYS >= 1.00        5               3.9     1.1
GREATEST
 24 HR. TOTAL    1.80   MM
 STORM TOTAL       MM
 (MM/DD(HH))            MM

SNOWFALL (INCHES)
RECORDS
 TOTAL           19.0   1898
 24 HR TOTAL       MM
TOTALS            0.2               0.3    -0.1
 LIQUID EQUIV    0.02              0.00    0.02
SINCE 7/1         0.2               0.3    -0.1
 LIQUID 7/1      0.02
DAYS >= TRACE       4               0.2     3.8
DAYS >= 1.0         0               0.1    -0.1
GREATEST
 SNOW DEPTH         0   MM
 24 HR TOTAL      0.2   MM
 STORM TOTAL       MM
 (MM/DD(HH))            MM

DEGREE_DAYS
HEATING TOTAL     785               831     -46
 SINCE 7/1        785               833     -48
COOLING TOTAL     190               151      39
 SINCE 1/1       1128              1105      23
..............................................................

WIND (MPH)
AVERAGE WIND SPEED              4.9
HIGHEST WIND SPEED/DIRECTION    22/280    DATE  11/18
HIGHEST GUST SPEED/DIRECTION    41/270    DATE  10/30

SKY COVER
POSSIBLE SUNSHINE (PERCENT)   MM
AVERAGE SKY COVER           0.40
NUMBER OF DAYS FAIR           44
NUMBER OF DAYS PC             28
NUMBER OF DAYS CLOUDY         19

AVERAGE RH (PERCENT)     60

WEATHER CONDITIONS. NUMBER OF DAYS WITH
THUNDERSTORM              0     MIXED PRECIP               0
HEAVY RAIN                8     RAIN                      12
LIGHT RAIN               29     FREEZING RAIN              0
LT FREEZING RAIN          0     HAIL                       0
HEAVY SNOW                0     SNOW                       0
LIGHT SNOW                2     SLEET                      0
FOG                      31     FOG W/VIS <= 1/4 MILE      0
HAZE                     18

-  INDICATES NEGATIVE NUMBERS.
R  INDICATES RECORD WAS SET OR TIED.
MM INDICATES DATA IS MISSING.
T  INDICATES TRACE AMOUNT.

$$
