000
CXUS54 KLZK 012205
CLSPBF


CLIMATE REPORT
NATIONAL WEATHER SERVICE LITTLE ROCK AR
455 PM CDT SUN JUN 1 2014

...................................

...THE PINE BLUFF CLIMATE SUMMARY FOR THE SEASON, FROM
3/1/2014 TO 5/31/2014...

CLIMATE NORMAL PERIOD 1981 TO 2010
CLIMATE RECORD PERIOD 1883 TO 2014

WEATHER         OBSERVED          NORMAL  DEPART  LAST YEAR`S
                 VALUE   DATE(S)  VALUE   FROM    VALUE  DATE(S)
                                          NORMAL
................................................................
TEMPERATURE (F)
RECORD
 HIGH             100   05/29/1926
 LOW               11   03/09/1932
HIGHEST            90   05/04        73      17       89  05/20
LOWEST             18   03/03        52     -34       24  03/03
AVG. MAXIMUM     70.8              73.6    -2.8     69.8
AVG. MINIMUM     49.5              52.3    -2.8     49.3
MEAN             60.2              63.0    -2.8     59.5
DAYS MAX >= 90      1               3.2    -2.2        0
DAYS MAX <= 32      2               0.0     2.0        0
DAYS MIN <= 32      9               2.8     6.2        7
DAYS MIN <= 0       0               0.0     0.0        0

PRECIPITATION (INCHES)
RECORD
 MAXIMUM        34.46   1905
 MINIMUM         4.79   1925
TOTALS          16.84             15.38    1.46    16.13
DAILY AVG.       0.18              0.17    0.01     0.17
DAYS >= .01        34              31.0     3.0       33
DAYS >= .10        26                                 25
DAYS >= .50        14                                 12
DAYS >= 1.00        5               5.0     0.0        4
GREATEST
 24 HR. TOTAL    2.08   05/29 TO 05/30

SNOWFALL (INCHES)
RECORDS
 TOTAL           14.0   1892
 24 HR TOTAL     14.0   03/17/1892 TO 03/17/1892
 SNOW DEPTH        14   03/17/1892
TOTALS              T               0.0     0.0      0.0
 LIQUID EQUIV       T              0.00    0.00     0.00
SINCE 7/1         3.7               3.1     0.6      2.1
 LIQUID 7/1      0.37              0.30    0.07     0.21
SNOWDEPTH AVG.      0                 0       0        0
DAYS >= TRACE       3               0.0     3.0        0
DAYS >= 1.0         0               0.0     0.0        0
GREATEST
 SNOW DEPTH         T   03/17                          0  MM
 24 HR TOTAL        T   03/17 TO 03/17

DEGREE_DAYS
HEATING TOTAL     684               493     191      746
 SINCE 7/1         MM              2881      MM     2957
COOLING TOTAL     263               304     -41      262
 SINCE 1/1        263               307     -44      267

FREEZE DATES
RECORD
 EARLIEST     10/10/2000
 LATEST       04/25/1910
EARLIEST                        11/12
LATEST                          03/16
........................................................

WIND (MPH)
AVERAGE WIND SPEED              7.9
HIGHEST WIND SPEED/DIRECTION    36/290    DATE  04/13
HIGHEST GUST SPEED/DIRECTION    48/300    DATE  04/13

SKY COVER
POSSIBLE SUNSHINE (PERCENT)   MM
AVERAGE SKY COVER           0.30
NUMBER OF DAYS FAIR           54
NUMBER OF DAYS PC             23
NUMBER OF DAYS CLOUDY         15

AVERAGE RH (PERCENT)     70

WEATHER CONDITIONS. NUMBER OF DAYS WITH
THUNDERSTORM              0     MIXED PRECIP               0
HEAVY RAIN               19     RAIN                      23
LIGHT RAIN               38     FREEZING RAIN              1
LT FREEZING RAIN          4     HAIL                       0
HEAVY SNOW                0     SNOW                       0
LIGHT SNOW                2     SLEET                      0
FOG                      47     FOG W/VIS <= 1/4 MILE      1
HAZE                      5

-  INDICATES NEGATIVE NUMBERS.
R  INDICATES RECORD WAS SET OR TIED.
MM INDICATES DATA IS MISSING.
T  INDICATES TRACE AMOUNT.

&&

...DATA FOR PINE BLUFF FOR SPRING 2014...

.SUMMARY...

EVEN THOUGH AVERAGE TEMPERATURES WERE WARMER THIS SPRING...READINGS
WERE STILL BELOW THE 30-YEAR AVERAGE FOR THE 3-MONTH SEASON FROM
MARCH 1ST-MAY 31ST. OVER ALL...READINGS WERE VERY SIMILAR TO LAST SPRING.
HOWEVER...TEMPERATURES WERE WARMER IN APRIL AND MAY...AND COLDER IN MARCH.

THE BIG STORY THIS SPRING WAS THE COLD IN EARLY MARCH...WHERE PINE
BLUFF SAW SOME OF THE COLDEST TEMPERATURES EVER RECORDED IN THE
MONTH OF MARCH...AS WELL AS THE CLIMATOLOGICAL SPRING. ALSO...SLEET
AND SNOW FELL.

THERE WAS ANOTHER COLD SNAP IN MID AND LATE MARCH...WITH LIGHT SNOW
FALLING ON THE 16TH AND 17TH.

TEMPERATURES GRADUALLY WARMED THROUGH APRIL...THOUGH THERE WAS
READINGS CAME WITHIN FOUR DEGREES OF FREEZING ON THE 15TH AND 16TH.
DURING MAY...THE WARMEST READINGS CAME EARLY IN THE FIRST WEEK...AND
BY MID MONTH...TEMPERATURES HAD FALLEN INTO THE 40S.

.TEMPERATURES...
AVERAGE HIGH...LOW AND SEASONAL TEMPERATURES...EVEN THOUGH BELOW THE
30-YEAR AVERAGE...WERE THE WARMEST SINCE 2012.

THERE WERE 9 DAYS WITH LOW TEMPERATURES AT OR BELOW FREEZING...
WHICH WAS THE MOST SINCE THE SPRING OF 1980. THERE WERE TWO DAYS
WITH A HIGH TEMPERATURE AT OR BELOW FREEZING...WHICH WAS THE MOST
SINCE 1960...AND TIED SPRING 1892 AND 1960 FOR THE MOST ON RECORD.

THERE WAS ONE DAY WITH HIGH TEMPERATURES AT OR ABOVE 90 DEGREES...
WHICH WAS THE MOST SINCE 2012.

.RAINFALL...
FOR THE SECOND SPRING IN A ROW...RAINFALL WAS ABOVE THE 30-YEAR
AVERAGE. IT WAS THE WETTEST SPRING SINCE 2011. THERE WERE 34 DAYS
WITH MEASURABLE RAINFALL...WHICH WAS THE MOST SINCE 2009.

.SNOWFALL...
SNOW FELL...BUT WAS NOT MEASURABLE.

THERE WERE THREE DAYS WITH SNOWFALL...WHICH WAS THE MOST SINCE 1975.

.FIRST/LAST DATES...
LAST FREEZE...MARCH 26TH...THE EARLIEST SINCE 2012.
FIRST 80-DEGREE DAY...APRIL 3RD...THE EARLIEST SINCE 2012.
FIRST 90-DEGREE DAY...MAY 4TH...THE EARLIEST SINCE 2012.

$$

57
