000
CXUS51 KGYX 021519 AAA
CLSPWM

PWMCLMPWM 000
TTAA00 KGYX 021336


CLIMATE REPORT
NATIONAL WEATHER SERVICE GRAY ME
1119 AM EDT WED JUL 2 2014

...................................

...THE PORTLAND ME CLIMATE SUMMARY FOR THE SEASON, FROM
3/1/2014 TO 5/31/2014...

CLIMATE NORMAL PERIOD 1981 TO 2010
CLIMATE RECORD PERIOD 1941 TO 2014

WEATHER         OBSERVED          NORMAL  DEPART  LAST YEAR`S
                 VALUE   DATE(S)  VALUE   FROM    VALUE  DATE(S)
                                          NORMAL
................................................................
TEMPERATURE (F)
RECORD
 HIGH              94   05/31/1987
 LOW              -21   03/04/1950
HIGHEST            81   05/12        85      -4
LOWEST             -2   03/04         6      -8
AVG. MAXIMUM     50.9              53.0    -2.1
AVG. MINIMUM     32.4              34.6    -2.2
MEAN             41.7              43.8    -2.1
DAYS MAX >= 90      0               0.4    -0.4
DAYS MAX <= 32     10               4.3     5.7
DAYS MIN <= 32     41              36.8     4.2
DAYS MIN <= 0       1               0.4     0.6

PRECIPITATION (INCHES)
RECORD
 MAXIMUM        22.55   1983
 MINIMUM         4.23   1965
TOTALS          10.90             12.57   -1.67
DAILY AVG.       0.12              0.14   -0.02
DAYS >= .01        39              35.5     3.5
DAYS >= .10        25              21.6     3.4
DAYS >= .50         6               8.5    -2.5
DAYS >= 1.00        2               2.8    -0.8
GREATEST
 24 HR. TOTAL    1.89   03/29 TO 03/30

SNOWFALL (INCHES)
RECORDS
 TOTAL           61.5   1906
TOTALS            4.9              15.5   -10.6
SINCE 7/1        83.7              61.9    21.8
SNOWDEPTH AVG.      2
DAYS >= TRACE      12               6.1     5.9
DAYS >= 1.0         2               3.7    -1.7
GREATEST
 SNOW DEPTH         9   03/08
                        03/06
                        03/07
 24 HR TOTAL      1.5   03/12 TO 03/13

DEGREE_DAYS
HEATING TOTAL    2122              1960     162
 SINCE 7/1       7361              7001     360
COOLING TOTAL       0                 7      -7
 SINCE 1/1          0                 7      -7
.................................................................

WIND (MPH)
AVERAGE WIND SPEED              8.7
HIGHEST WIND SPEED/DIRECTION    37/320    DATE  03/26
HIGHEST GUST SPEED/DIRECTION    50/340    DATE  03/26

SKY COVER
AVERAGE SKY COVER           0.60

AVERAGE RH (PERCENT)     65

WEATHER CONDITIONS. NUMBER OF DAYS WITH
THUNDERSTORM              0     HEAVY RAIN                 4
RAIN                     21     LIGHT RAIN                34
FREEZING RAIN             1     LT FREEZING RAIN           1
HEAVY SNOW                0     SNOW                       1
LIGHT SNOW                9     FOG                       42
FOG W/VIS <= 1/4 MILE     8     HAZE                       3

-  INDICATES NEGATIVE NUMBERS.
R  INDICATES RECORD WAS SET OR TIED.
MM INDICATES DATA IS MISSING.
T  INDICATES TRACE AMOUNT.

&&

SPRING 2014 WAS COLDER THAN NORMAL IN PORTLAND... WITH THE COLD
WINTER CONDITIONS SPILLING OVER WELL INTO THE SPRING. MARCH WAS THE
4TH COLDEST ON RECORD... WITH A RECORD 10 DAYS OF SUBFREEZING
TEMPERATURES. DESPITE NOT SEEING MUCH NEW SNOWFALL THIS SPRING...
THE WINTER SNOWPACK STAYED ON THE GROUND UNTIL APRIL 6TH. WARMER
WEATHER FINALLY ARRIVED IN MAY... WITH PORTLAND SEEING A WARMER
THAN NORMAL MONTH FOR THE FIRST TIME SINCE OCTOBER.

THE AVERAGE TEMPERATURE FOR SPRING 2014 WAS 41.7 DEGREES. THIS WAS
2.1 DEGREES BELOW NORMAL AND THE COLDEST SPRING SINCE 2005. IN
FACT... PORTLAND HAD NOT SEEN A COOLER THAN NORMAL SPRING SINCE
2008. THE WARMEST SPRING EVER WAS 2010 WITH AN AVERAGE TEMPERATURE
OF 48.9. THE COOLEST SPRING WAS 1956 WITH AN AVERAGE TEMPERATURE OF
37.9.

10.90 INCHES OF PRECIPITATION FELL. THIS WAS 1.67 INCHES BELOW
NORMAL. THE HEAVIEST PRECIPITATION FELL ON MARCH 28 THROUGH 31 WHEN
2.38 INCHES FELL OVER THE 4 DAY PERIOD. THE WETTEST SPRING ON RECORD
WAS 1983 WITH 22.55 INCHES. THE DRIEST SPRING WAS 1965 WITH ONLY
4.23 INCHES.

A TOTAL OF 4.9 INCHES OF SNOW FELL THIS SPRING. THIS WAS 10.6 INCHES
BELOW NORMAL. THIS WAS THE LEAST SNOWY SPRING SINCE 2010 WHEN ONLY
0.1 FELL. THE SNOWIEST SPRING EVER WAS 1906 WITH 61.5 INCHES. THE
LEAST SNOW FOR THE SPRING SEASON WAS ONLY A TRACE IN 1921 AND 1910.

THE FOLLOWING DAILY RECORDS WERE SET OR TIED IN SPRING 2014...

DATE   RECORD                              PREVIOUS
MAR 8   31 - GREATEST TEMPERATURE RANGE     29 IN 1990 AND 1967
MAR 24  11 - COLDEST LOW TEMPERATURE        13 IN 1997
MAR 24  20 - COLDEST AVERAGE TEMPERATURE    21 IN 1956
APR 17  22 - COLDEST LOW TEMPERATURE        24 IN 2003
APR 17  31 - COLDEST AVERAGE TEMPERATURE    31 IN 2003 /TIED/
MAY 17  46 - COLDEST AVERAGE TEMPERATURE    47 IN 2009

$$

KIMBLE
