000
CXUS53 KLSX 011816 RRA
CLSUIN

CLIMATE REPORT
NATIONAL WEATHER SERVICE ST LOUIS MO
1254 PM CDT THU JUN 1 2017

...................................

...THE QUINCY IL CLIMATE SUMMARY FOR THE SEASON, FROM
3/1/2017 TO 5/31/2017...

CLIMATE NORMAL PERIOD 1981 TO 2010
CLIMATE RECORD PERIOD 1901 TO 2017

WEATHER         OBSERVED          NORMAL  DEPART
                 VALUE   DATE(S)  VALUE   FROM
                                          NORMAL
................................................
TEMPERATURE (F)
RECORD
 HIGH             103   05/30/1934
 LOW              -13   03/05/1960
HIGHEST            86   05/16
                        05/15
LOWEST             13   03/15
AVG. MAXIMUM     65.0              62.5     2.5
AVG. MINIMUM     45.4              42.8     2.6
MEAN             55.2              52.6     2.6
DAYS MAX >= 90      0
DAYS MAX <= 32      1
DAYS MIN <= 32     13
DAYS MIN <= 0       0

PRECIPITATION (INCHES)
RECORD
 MAXIMUM        25.78   1973
 MINIMUM         4.20   1956
TOTALS          14.73             10.69    4.04
DAYS >= .01        36
DAYS >= .10        22
DAYS >= .50        11
DAYS >= 1.00        2
GREATEST
 24 HR. TOTAL    2.73   04/29 TO 04/30

DEGREE_DAYS
HEATING TOTAL     992              1224    -232
 SINCE 7/1       4433              5566   -1133
COOLING TOTAL     109                86      23
 SINCE 1/1        109                86      23
.................................................

WIND (MPH)
HIGHEST WIND SPEED/DIRECTION    46/250    DATE  03/06
HIGHEST GUST SPEED/DIRECTION    60/270    DATE  03/06


WEATHER CONDITIONS. NUMBER OF DAYS WITH
THUNDERSTORM             17      FOG W/VIS <= 1/4 MILE      3

-  INDICATES NEGATIVE NUMBERS.
R  INDICATES RECORD WAS SET OR TIED.
MM INDICATES DATA IS MISSING.
T  INDICATES TRACE AMOUNT.


...SEASONAL...

16TH WETTEST METEOROLOGICAL SPRING ON RECORD (14.73 INCHES).

TIED 8TH MOST OCCURRENCES OF AT LEAST A HALF OF AN INCH OF RAINFALL
WITHIN A CALENDAR DAY (11 DAYS).


...MONTHLY...

8TH WETTEST APRIL ON RECORD.


...DAILY...

3 RECORD HIGH MINIMUM TEMPERATURES SET OR TIED (05/17, 04/15, AND 04/09).

3 RECORD RAINFALL VALUES SET (05/19, 04/29, AND 04/26).


GOSSELIN

$$
