207
CXUS54 KTSA 220940
CF6FYV
PRELIMINARY LOCAL CLIMATOLOGICAL DATA (WS FORM: F-6)

                                          STATION:   FAYETTEVILLE ARKANSAS
                                          MONTH:     JANUARY
                                          YEAR:      2018
                                          LATITUDE:   36  0 N
                                          LONGITUDE:  94 10 W

  TEMPERATURE IN F:       :PCPN:    SNOW:  WIND      :SUNSHINE: SKY     :PK WND
================================================================================
1   2   3   4   5  6A  6B    7    8   9   10  11  12  13   14  15   16   17  18
                                     12Z  AVG MX 2MIN
DY MAX MIN AVG DEP HDD CDD  WTR  SNW DPTH SPD SPD DIR MIN PSBL S-S WX    SPD DR
================================================================================

 1  20   4  12 -23  53   0 0.00  0.0    0  4.0 10  60   M    M   2        14  20
 2  22  10  16 -19  49   0 0.00  0.0    0  1.7  8 220   M    M   4         9 220
 3  32  10  21 -14  44   0 0.00  0.0    0  5.6 15 330   M    M   0        20 320
 4  38  11  25 -10  40   0 0.00  0.0    0  1.6  8  50   M    M   0        11  60
 5  52  13  33  -2  32   0 0.00  0.0    0  2.5 16 260   M    M   0        23 240
 6  51  16  34  -1  31   0 0.00  0.0    0  4.5 15 170   M    M   0 1      19 170
 7  47  35  41   6  24   0 0.54  0.0    0 11.2 26 170   M    M   8 1      35 180
 8  49  26  38   3  27   0 0.00  0.0    0  4.3 12 330   M    M   6 128    14 320
 9  47  27  37   2  28   0 0.00  0.0    0  3.6 13 180   M    M   5 12     14 190
10  58  39  49  14  16   0 0.00  0.0    0 13.2 32 170   M    M   2        44 180
11  63  16  40   5  25   0    T    T    0 14.5 28 320   M    M   9 16     33 310
12  30  11  21 -14  44   0    T    T    0 11.7 22 330   M    M   4 1      27 340
13  32  18  25 -10  40   0 0.00  0.0    0  4.2 10  10   M    M   6        15  30
14  36  24  30  -5  35   0 0.00  0.0    0  7.3 16 210   M    M   7        21 210
15  36  11  24 -11  41   0 0.00  0.0    0 11.0 21 350   M    M   8        26 330
16  13   1   7 -28  58   0 0.00  0.0    0  8.4 18 340   M    M   2        25 340
17  31  -1  15 -20  50   0 0.00  0.0    0  1.6  8 190   M    M   0        12 270
18  43   9  26 -10  39   0 0.00  0.0    0  8.0 16 200   M    M   0        23 200
19  54  29  42   6  23   0 0.00  0.0    0 11.3 21 190   M    M   1        27 190
20  63  45  54  18  11   0 0.00  0.0    0 13.7 25 180   M    M   6        36 190
21  70  50  60  24   5   0 1.09  0.0    0 15.0 29 260   M    M   4 13     45 250
================================================================================
SM  887  404       715   0  1.63    T    158.9          M       74
================================================================================
AV 42.2 19.2                               7.6 FASTST   M    M   4    MAX(MPH)
                                 MISC ---->  # 32 170               # 45  250
================================================================================
NOTES:
# LAST OF SEVERAL OCCURRENCES

COLUMN 17 PEAK WIND IN M.P.H.

PRELIMINARY LOCAL CLIMATOLOGICAL DATA (WS FORM: F-6) , PAGE 2

                                          STATION:  FAYETTEVILLE ARKANSAS
                                          MONTH:    JANUARY
                                          YEAR:     2018
                                          LATITUDE:   36  0 N
                                          LONGITUDE:  94 10 W

[TEMPERATURE DATA]      [PRECIPITATION DATA]       SYMBOLS USED IN COLUMN 16

AVERAGE MONTHLY: 30.7   TOTAL FOR MONTH:   1.63    1 = FOG OR MIST
DPTR FM NORMAL:  -4.5   DPTR FM NORMAL:   -0.32    2 = FOG REDUCING VISIBILITY
HIGHEST:    70 ON 21    GRTST 24HR  1.09 ON 21-21      TO 1/4 MILE OR LESS
LOWEST:     -1 ON 17                               3 = THUNDER
                        SNOW, ICE PELLETS, HAIL    4 = ICE PELLETS
                        TOTAL MONTH:    T          5 = HAIL
                        GRTST 24HR    T  ON 12-12  6 = FREEZING RAIN OR DRIZZLE
                        GRTST DEPTH:   0           7 = DUSTSTORM OR SANDSTORM:
                                                       VSBY 1/2 MILE OR LESS
                                                   8 = SMOKE OR HAZE
[NO. OF DAYS WITH]      [WEATHER - DAYS WITH]      9 = BLOWING SNOW
                                                   X = TORNADO
MAX 32 OR BELOW:   7    0.01 INCH OR MORE:   2
MAX 90 OR ABOVE:   0    0.10 INCH OR MORE:   2
MIN 32 OR BELOW:  17    0.50 INCH OR MORE:   2
MIN  0 OR BELOW:   1    1.00 INCH OR MORE:   1

[HDD (BASE 65) ]
TOTAL THIS MO.   715    CLEAR  (SCALE 0-3)  10
DPTR FM NORMAL    88    PTCLDY (SCALE 4-7)  10
TOTAL FM JUL 1  2251    CLOUDY (SCALE 8-10)  1
DPTR FM NORMAL   -59

[CDD (BASE 65) ]
TOTAL THIS MO.     0
DPTR FM NORMAL     0    [PRESSURE DATA]
TOTAL FM JAN 1     0    HIGHEST SLP M ON M
DPTR FM NORMAL     0    LOWEST  SLP 29.61 ON 21

[REMARKS]
