000
CXUS54 KTSA 170940
CF6TUL
PRELIMINARY LOCAL CLIMATOLOGICAL DATA (WS FORM: F-6)

                                          STATION:   TULSA OKLAHOMA
                                          MONTH:     DECEMBER
                                          YEAR:      2017
                                          LATITUDE:   36 12 N
                                          LONGITUDE:  95 54 W

  TEMPERATURE IN F:       :PCPN:    SNOW:  WIND      :SUNSHINE: SKY     :PK WND
================================================================================
1   2   3   4   5  6A  6B    7    8   9   10  11  12  13   14  15   16   17  18
                                     12Z  AVG MX 2MIN
DY MAX MIN AVG DEP HDD CDD  WTR  SNW DPTH SPD SPD DIR MIN PSBL S-S WX    SPD DR
================================================================================

 1  61  36  49   6  16   0 0.00  0.0    0  6.6 17 180   M    M   8        22 180
 2  69  40  55  12  10   0 0.00  0.0    0  3.6 12 150   M    M   4        16 140
 3  73  44  59  17   6   0 0.00  0.0    0  9.7 22 170   M    M   7 1      27 170
 4  78  44  61  19   4   0 0.00  0.0    0 18.7 33 300   M    M   9        39 190
 5  47  35  41  -1  24   0    T    T    0  9.7 22 350   M    M   8        26 360
 6  56  32  44   2  21   0 0.00  0.0    0  6.6 18 320   M    M   1        21 320
 7  37  22  30 -11  35   0 0.00  0.0    0 10.1 22 340   M    M   2        30 360
 8  45  17  31 -10  34   0 0.00  0.0    0  5.7 16 190   M    M   2        19 190
 9  56  28  42   1  23   0 0.00  0.0    0  6.8 20 340   M    M   0        27 320
10  65  29  47   7  18   0 0.00  0.0    0  6.9 17 300   M    M   0        22 300
11  69  37  53  13  12   0 0.00  0.0    0  9.3 28 350   M    M   2        34 340
12  49  29  39  -1  26   0 0.00  0.0    0  9.0 23 350   M    M   1        31 360
13  67  36  52  12  13   0 0.00  0.0    0  7.1 18 340   M    M   2 8      21 340
14  49  37  43   4  22   0 0.00  0.0    0  8.0 17 350   M    M   6        21 350
15  51  33  42   3  23   0 0.00  0.0    0  8.1 16 250   M    M   3        20 260
16  62  40  51  12  14   0 0.20    M    0 14.0 32 170   M    M   4 1      39 170
================================================================================
SM  934  539       301   0  0.20    T    139.9          M       59
================================================================================
AV 58.4 33.7                               8.7 FASTST   M    M   4    MAX(MPH)
                                 MISC ---->  # 33 300               # 39  190
================================================================================
NOTES:
# LAST OF SEVERAL OCCURRENCES

COLUMN 17 PEAK WIND IN M.P.H.

PRELIMINARY LOCAL CLIMATOLOGICAL DATA (WS FORM: F-6) , PAGE 2

                                          STATION:  TULSA OKLAHOMA
                                          MONTH:    DECEMBER
                                          YEAR:     2017
                                          LATITUDE:   36 12 N
                                          LONGITUDE:  95 54 W

[TEMPERATURE DATA]      [PRECIPITATION DATA]       SYMBOLS USED IN COLUMN 16

AVERAGE MONTHLY: 46.0   TOTAL FOR MONTH:   0.20    1 = FOG OR MIST
DPTR FM NORMAL:   5.2   DPTR FM NORMAL:   -1.17    2 = FOG REDUCING VISIBILITY
HIGHEST:    78 ON  4    GRTST 24HR  0.20 ON 16-16      TO 1/4 MILE OR LESS
LOWEST:     17 ON  8                               3 = THUNDER
                        SNOW, ICE PELLETS, HAIL    4 = ICE PELLETS
                        TOTAL MONTH:    T          5 = HAIL
                        GRTST 24HR    T  ON  5- 5  6 = FREEZING RAIN OR DRIZZLE
                        GRTST DEPTH:   0           7 = DUSTSTORM OR SANDSTORM:
                                                       VSBY 1/2 MILE OR LESS
                                                   8 = SMOKE OR HAZE
[NO. OF DAYS WITH]      [WEATHER - DAYS WITH]      9 = BLOWING SNOW
                                                   X = TORNADO
MAX 32 OR BELOW:   0    0.01 INCH OR MORE:   1
MAX 90 OR ABOVE:   0    0.10 INCH OR MORE:   1
MIN 32 OR BELOW:   6    0.50 INCH OR MORE:   0
MIN  0 OR BELOW:   0    1.00 INCH OR MORE:   0

[HDD (BASE 65) ]
TOTAL THIS MO.   301    CLEAR  (SCALE 0-3)   9
DPTR FM NORMAL   -86    PTCLDY (SCALE 4-7)   6
TOTAL FM JUL 1   803    CLOUDY (SCALE 8-10)  1
DPTR FM NORMAL  -220

[CDD (BASE 65) ]
TOTAL THIS MO.     0
DPTR FM NORMAL     0    [PRESSURE DATA]
TOTAL FM JAN 1  2136    HIGHEST SLP M ON M
DPTR FM NORMAL   100    LOWEST  SLP 29.63 ON  4

[REMARKS]
