000
CDUS44 KTSA 171519
CLITUL

CLIMATE REPORT
NATIONAL WEATHER SERVICE TULSA OK
912 AM CST SUN DEC 17 2017


...................................

...THE TULSA OKLAHOMA CLIMATE SUMMARY FOR DECEMBER 17 2017...
VALID AS OF 0900 AM LOCAL TIME.

CLIMATE NORMAL PERIOD 1981 TO 2010
CLIMATE RECORD PERIOD 1882 TO 2017


WEATHER ITEM   OBSERVED TIME   RECORD YEAR NORMAL DEPARTURE LAST
                VALUE   (LST)  VALUE       VALUE  FROM      YEAR
                                                  NORMAL
..................................................................
TEMPERATURE (F)
 TODAY
  MAXIMUM         45    759 AM  78    1908  49     -4       60
  MINIMUM         44    555 AM   2    1932  29     15       11
  AVERAGE         45                        39      6       36

PRECIPITATION (IN)
  TODAY            0.03          2.60 1895   0.08  -0.05     0.01
  MONTH TO DATE    0.23                      1.45  -1.22     0.19
  SINCE DEC 1      0.23                      1.45  -1.22     0.19
  SINCE JAN 1     44.83                     39.93   4.90    27.94

SNOWFALL (IN)
  TODAY           MM                                         0.5
  MONTH TO DATE    T                                         0.5
  SINCE DEC 1      T                                         0.5
  SINCE JUL 1      T                                         0.5

DEGREE DAYS
 HEATING
  TODAY           20                        26     -6       29
  MONTH TO DATE  321                       413    -92      453
  SINCE DEC 1    321                       413    -92      453
  SINCE JUL 1    823                      1049   -226      792
..................................................................


WIND (MPH)
  HIGHEST WIND SPEED    16   HIGHEST WIND DIRECTION     S (180)
  HIGHEST GUST SPEED    19   HIGHEST GUST DIRECTION     S (180)
  AVERAGE WIND SPEED     7.7


SKY COVER
  POSSIBLE SUNSHINE  MM
  AVERAGE SKY COVER 1.0


WEATHER CONDITIONS
 THE FOLLOWING WEATHER WAS RECORDED TODAY.
  LIGHT RAIN
  FOG


RELATIVE HUMIDITY (PERCENT)
 HIGHEST   100           900 AM
 LOWEST     92          1200 AM
 AVERAGE    96

..........................................................


THE TULSA OKLAHOMA CLIMATE NORMALS FOR TOMORROW
                         NORMAL    RECORD    YEAR
 MAXIMUM TEMPERATURE (F)   48        72      1939
 MINIMUM TEMPERATURE (F)   29         3      2016


SUNRISE AND SUNSET
DECEMBER 17 2017......SUNRISE   729 AM CST   SUNSET   511 PM CST
DECEMBER 18 2017......SUNRISE   729 AM CST   SUNSET   511 PM CST


-  INDICATES NEGATIVE NUMBERS.
R  INDICATES RECORD WAS SET OR TIED.
MM INDICATES DATA IS MISSING.
T  INDICATES TRACE AMOUNT.




$$

&&
ALL DATA MEASURED AT THE TULSA INTERNATIONAL AIRPORT...
EXCEPT SNOWFALL...WHICH IS MEASURED AT THE NWS OFFICE.
