000
CXUS54 KTSA 010950
CF6BVO
PRELIMINARY LOCAL CLIMATOLOGICAL DATA (WS FORM: F-6)
STATION: BARTLESVILLE OKLAHOMA
MONTH: FEBRUARY
YEAR: 2022
LATITUDE: 36 45 N
LONGITUDE: 96 0 W
TEMPERATURE IN F: :PCPN: SNOW: WIND :SUNSHINE: SKY :PK WND
================================================================================
1 2 3 4 5 6A 6B 7 8 9 10 11 12 13 14 15 16 17 18
12Z AVG MX 2MIN
DY MAX MIN AVG DEP HDD CDD WTR SNW DPTH SPD SPD DIR MIN PSBL S-S WX SPD DR
================================================================================
1 59 35 47 11 18 0 0.05 M M 9.2 24 20 M M 8 1 35 10
2 35 17 26 -10 39 0 0.13 M M 19.6 30 20 M M 10 16 41 30
3 20 14 17 -20 48 0 0.02 M M 16.2 28 20 M M 10 1 36 30
4 33 -1 16 -21 49 0 0.02 M M 3.5 12 240 M M 2 1 20 260
5 44 5 25 -12 40 0 0.00 0.0 M 6.1 17 160 M M 0 22 160
6 47 19 33 -4 32 0 0.00 0.0 M 2.4 10 200 M M 0 17 200
7 57 19 38 1 27 0 0.00 0.0 M 4.6 15 220 M M 0 22 210
8 68 34 51 13 14 0 0.00 0.0 M 8.2 18 210 M M 0 8 30 250
9 66 23 45 7 20 0 0.00 0.0 M 2.7 14 300 M M 0 23 320
10 61 32 47 9 18 0 0.00 0.0 M 4.1 12 240 M M 2 19 260
11 62 37 50 12 15 0 0.00 0.0 M 10.7 25 10 M M 0 33 10
12 39 19 29 -10 36 0 0.00 0.0 M 6.5 24 360 M M 0 34 10
13 50 21 36 -3 29 0 0.00 0.0 M 6.3 16 240 M M 1 26 230
14 61 21 41 2 24 0 0.00 0.0 M 4.0 14 20 M M 0 18 80
15 69 25 47 8 18 0 0.00 0.0 M 13.7 30 160 M M 0 46 160
16 72 51 62 22 3 0 0.00 0.0 M 14.5 25 200 M M 6 40 190
17 51 13 32 -8 33 0 0.85 M M 10.4 26 10 M M 7 1368 40 10
18 48 9 29 -11 36 0 0.00 0.0 M 4.1 15 210 M M 0 21 230
19 53 26 40 0 25 0 0.00 0.0 M 6.8 15 30 M M 0 23 250
20 71 29 50 9 15 0 0.00 0.0 M 10.9 26 210 M M 0 40 210
21 75 45 60 19 5 0 0.00 0.0 M 11.8 24 200 M M 0 35 200
22 62 17 40 -1 25 0 0.00 0.0 M 8.0 18 360 M M 5 30 350
23 17 11 14 -28 51 0 0.17 M M 13.2 20 10 M M 8 30 360
24 24 14 19 -23 46 0 0.02 M M 5.8 14 40 M M 9 6 18 30
25 30 11 21 -21 44 0 0.00 0.0 M 5.3 15 20 M M 0 20 30
26 43 17 30 -13 35 0 0.00 0.0 M 1.5 8 360 M M 0 13 20
27 59 15 37 -6 28 0 0.00 0.0 M 1.8 12 260 M M 0 8 19 240
28 71 21 46 3 19 0 0.00 0.0 M 4.4 15 220 M M 0 20 220
================================================================================
SM 1447 599 792 0 1.26 0.0 216.3 M 68
================================================================================
AV 51.7 21.4 7.7 FASTST M M 2 MAX(MPH)
MISC ----> # 30 20 46 160
================================================================================
NOTES:
# LAST OF SEVERAL OCCURRENCES
COLUMN 17 PEAK WIND IN M.P.H.
PRELIMINARY LOCAL CLIMATOLOGICAL DATA (WS FORM: F-6) , PAGE 2
STATION: BARTLESVILLE OKLAHOMA
MONTH: FEBRUARY
YEAR: 2022
LATITUDE: 36 45 N
LONGITUDE: 96 0 W
[TEMPERATURE DATA] [PRECIPITATION DATA] SYMBOLS USED IN COLUMN 16
AVERAGE MONTHLY: 36.5 TOTAL FOR MONTH: 1.26 1 = FOG OR MIST
DPTR FM NORMAL: -2.9 DPTR FM NORMAL: -0.62 2 = FOG REDUCING VISIBILITY
HIGHEST: 75 ON 21 GRTST 24HR 0.85 ON 17-17 TO 1/4 MILE OR LESS
LOWEST: -1 ON 4 3 = THUNDER
SNOW, ICE PELLETS, HAIL 4 = ICE PELLETS
TOTAL MONTH: 0.0 INCH 5 = HAIL
GRTST 24HR 0.0 6 = FREEZING RAIN OR DRIZZLE
GRTST DEPTH: 0 7 = DUSTSTORM OR SANDSTORM:
VSBY 1/2 MILE OR LESS
8 = SMOKE OR HAZE
[NO. OF DAYS WITH] [WEATHER - DAYS WITH] 9 = BLOWING SNOW
X = TORNADO
MAX 32 OR BELOW: 4 0.01 INCH OR MORE: 7
MAX 90 OR ABOVE: 0 0.10 INCH OR MORE: 3
MIN 32 OR BELOW: 23 0.50 INCH OR MORE: 1
MIN 0 OR BELOW: 1 1.00 INCH OR MORE: 0
[HDD (BASE 65) ]
TOTAL THIS MO. 792 CLEAR (SCALE 0-3) 20
DPTR FM NORMAL 75 PTCLDY (SCALE 4-7) 5
TOTAL FM JUL 1 2923 CLOUDY (SCALE 8-10) 3
DPTR FM NORMAL -389
[CDD (BASE 65) ]
TOTAL THIS MO. 0
DPTR FM NORMAL -1 [PRESSURE DATA]
TOTAL FM JAN 1 0 HIGHEST SLP 30.71 ON 25
DPTR FM NORMAL 0 LOWEST SLP 29.58 ON 21
[REMARKS]
#FINAL-02-22#