000
CDUS44 KTSA 272225
CLIFSM

CLIMATE REPORT
NATIONAL WEATHER SERVICE TULSA OK
418 PM CST FRI FEB 27 2015


...................................

...THE FORT SMITH ARKANSAS CLIMATE SUMMARY FOR FEBRUARY 27 2015...
VALID TODAY AS OF 0400 PM LOCAL TIME.

CLIMATE NORMAL PERIOD 1981 TO 2010
CLIMATE RECORD PERIOD 1882 TO 2015


WEATHER ITEM   OBSERVED TIME   RECORD YEAR NORMAL DEPARTURE LAST
                VALUE   (LST)  VALUE       VALUE  FROM      YEAR
                                                  NORMAL
..................................................................
TEMPERATURE (F)
 TODAY
  MAXIMUM         25    126 PM  79    1988  59    -34       56
  MINIMUM         18    642 AM  15    1934  37    -19       20
  AVERAGE         22                        48    -26       38

PRECIPITATION (IN)
  TODAY            0.02          1.19 1945   0.11  -0.09     0.00
  MONTH TO DATE    1.97                      2.66  -0.69     0.94
  SINCE DEC 1      6.50                      8.76  -2.26     5.83
  SINCE JAN 1      4.19                      5.47  -1.28     1.73

SNOWFALL (IN)
  TODAY            T                                         0.0
  MONTH TO DATE    4.3                                       5.2
  SINCE DEC 1      4.3                                      10.2
  SINCE JUL 1      4.3                                      10.2

DEGREE DAYS
 HEATING
  TODAY           43                        17     26       27
  MONTH TO DATE  724                       565    159      675
  SINCE DEC 1   2158                      2091     67     2329
  SINCE JUL 1   2777                      2656    121     2919
..................................................................


WIND (MPH)
  HIGHEST WIND SPEED    17   HIGHEST WIND DIRECTION    NE (60)
  HIGHEST GUST SPEED    20   HIGHEST GUST DIRECTION    NE (60)
  AVERAGE WIND SPEED     8.2


SKY COVER
  POSSIBLE SUNSHINE  MM
  AVERAGE SKY COVER 0.4


WEATHER CONDITIONS
 THE FOLLOWING WEATHER WAS RECORDED TODAY.
  SNOW
  LIGHT SNOW
  FOG
  HAZE


RELATIVE HUMIDITY (PERCENT)
 HIGHEST    84           400 PM
 LOWEST     40           100 PM
 AVERAGE    62

..........................................................


THE FORT SMITH ARKANSAS CLIMATE NORMALS FOR TOMORROW
                         NORMAL    RECORD    YEAR
 MAXIMUM TEMPERATURE (F)   60        80      2006
                                             1932
 MINIMUM TEMPERATURE (F)   37         7      1890


SUNRISE AND SUNSET
FEBRUARY 27 2015......SUNRISE   650 AM CST   SUNSET   611 PM CST
FEBRUARY 28 2015......SUNRISE   649 AM CST   SUNSET   612 PM CST


-  INDICATES NEGATIVE NUMBERS.
R  INDICATES RECORD WAS SET OR TIED.
MM INDICATES DATA IS MISSING.
T  INDICATES TRACE AMOUNT.




$$

&&
...........................................................

THE ARKANSAS RIVER AT VAN BUREN

                   OBSERVED      24 HOUR     24 HOUR
                    VALUE        CHANGE      FORECAST

 STAGE (FEET)
  THIS AFTERNOON     19.7         +0.8

MEAN FLOW (CFS)
  TODAY                                        8400
...........................................................
ALL DATA MEASURED AT THE FORT SMITH REGIONAL AIRPORT
