000
CDUS44 KTSA 220902
CLIFSM

CLIMATE REPORT
NATIONAL WEATHER SERVICE TULSA OK
302 AM CST MON DEC 22 2014


...................................

...THE FORT SMITH ARKANSAS CLIMATE SUMMARY FOR DECEMBER 21 2014...

CLIMATE NORMAL PERIOD 1981 TO 2010
CLIMATE RECORD PERIOD 1882 TO 2014


WEATHER ITEM   OBSERVED TIME   RECORD YEAR NORMAL DEPARTURE LAST
                VALUE   (LST)  VALUE       VALUE  FROM      YEAR
                                                  NORMAL
..................................................................
TEMPERATURE (F)
 YESTERDAY
  MAXIMUM         51    334 PM  76    1889  50      1       44
  MINIMUM         44    949 AM   4    1989  30     14       36
  AVERAGE         48                        40      8       40

PRECIPITATION (IN)
  YESTERDAY        0.00          2.37 1968   0.10  -0.10     1.58
  MONTH TO DATE    2.15                      2.35  -0.20     4.10
  SINCE DEC 1      2.15                      2.35  -0.20     4.10
  SINCE JAN 1     41.98                     44.52  -2.54    47.05

SNOWFALL (IN)
  YESTERDAY        0.0                                       0.0
  MONTH TO DATE    T                                         5.0
  SINCE DEC 1      T                                         5.0
  SINCE JUL 1      T                                         5.0

DEGREE DAYS
 HEATING
  YESTERDAY       17                        25     -8       25
  MONTH TO DATE  416                       479    -63      516
  SINCE DEC 1    416                       479    -63      516
  SINCE JUL 1   1035                      1044     -9     1106
..................................................................


WIND (MPH)
  HIGHEST WIND SPEED    14   HIGHEST WIND DIRECTION     E (70)
  HIGHEST GUST SPEED    17   HIGHEST GUST DIRECTION     E (70)
  AVERAGE WIND SPEED     6.0


SKY COVER
  POSSIBLE SUNSHINE  MM
  AVERAGE SKY COVER 1.0


WEATHER CONDITIONS
 THE FOLLOWING WEATHER WAS RECORDED YESTERDAY.
  FOG
  HAZE


RELATIVE HUMIDITY (PERCENT)
 HIGHEST    83          1200 AM
 LOWEST     59           200 PM
 AVERAGE    71

..........................................................


THE FORT SMITH ARKANSAS CLIMATE NORMALS FOR TODAY
                         NORMAL    RECORD    YEAR
 MAXIMUM TEMPERATURE (F)   50        73      1996
                                             1982
 MINIMUM TEMPERATURE (F)   30         1      1989


SUNRISE AND SUNSET
DECEMBER 22 2014......SUNRISE   723 AM CST   SUNSET   509 PM CST
DECEMBER 23 2014......SUNRISE   723 AM CST   SUNSET   510 PM CST


-  INDICATES NEGATIVE NUMBERS.
R  INDICATES RECORD WAS SET OR TIED.
MM INDICATES DATA IS MISSING.
T  INDICATES TRACE AMOUNT.




$$

&&
...........................................................

THE ARKANSAS RIVER AT VAN BUREN

                   OBSERVED      24 HOUR     24 HOUR
                    VALUE        CHANGE      FORECAST

 STAGE (FEET)
  THIS MORNING       19.4         +0.2

MEAN FLOW (CFS)
  TODAY                                        9400
...........................................................
ALL DATA MEASURED AT THE FORT SMITH REGIONAL AIRPORT
