000
CDUS44 KTSA 250806
CLIFSM

CLIMATE REPORT
NATIONAL WEATHER SERVICE TULSA OK
302 AM CDT FRI JUL 25 2014


...................................

...THE FORT SMITH ARKANSAS CLIMATE SUMMARY FOR JULY 24 2014...

CLIMATE NORMAL PERIOD 1981 TO 2010
CLIMATE RECORD PERIOD 1882 TO 2014


WEATHER ITEM   OBSERVED TIME   RECORD YEAR NORMAL DEPARTURE LAST
                VALUE   (LST)  VALUE       VALUE  FROM      YEAR
                                                  NORMAL
..................................................................
TEMPERATURE (F)
 YESTERDAY
  MAXIMUM         87    511 PM 107    2011  94     -7       90
                                      1934
  MINIMUM         67    513 AM  62    2000  72     -5       71
                                      1894
  AVERAGE         77                        83     -6       81

PRECIPITATION (IN)
  YESTERDAY        0.00          2.40 1895   0.10  -0.10     0.65
  MONTH TO DATE    1.72                      2.58  -0.86     3.32
  SINCE JUN 1      6.17                      6.86  -0.69     9.42
  SINCE JAN 1     20.91                     26.05  -5.14    30.40

DEGREE DAYS
 COOLING
  YESTERDAY       12                        18     -6       16
  MONTH TO DATE  319                       412    -93      427
  SINCE JUN 1    757                       797    -40      880
  SINCE JAN 1   1035                      1041     -6     1154
..................................................................


WIND (MPH)
  HIGHEST WIND SPEED    14   HIGHEST WIND DIRECTION     E (80)
  HIGHEST GUST SPEED    19   HIGHEST GUST DIRECTION     E (110)
  AVERAGE WIND SPEED     5.3


SKY COVER
  POSSIBLE SUNSHINE  MM
  AVERAGE SKY COVER 0.3


WEATHER CONDITIONS
 THE FOLLOWING WEATHER WAS RECORDED YESTERDAY.
  FOG


RELATIVE HUMIDITY (PERCENT)
 HIGHEST   100           500 AM
 LOWEST     57           500 PM
 AVERAGE    79

..........................................................


THE FORT SMITH ARKANSAS CLIMATE NORMALS FOR TODAY
                         NORMAL    RECORD    YEAR
 MAXIMUM TEMPERATURE (F)   94       105      1993
                                             1986
                                             1964
 MINIMUM TEMPERATURE (F)   72        58      1911


SUNRISE AND SUNSET
JULY 25 2014..........SUNRISE   621 AM CDT   SUNSET   827 PM CDT
JULY 26 2014..........SUNRISE   622 AM CDT   SUNSET   826 PM CDT


-  INDICATES NEGATIVE NUMBERS.
R  INDICATES RECORD WAS SET OR TIED.
MM INDICATES DATA IS MISSING.
T  INDICATES TRACE AMOUNT.




$$

&&
...........................................................

THE ARKANSAS RIVER AT VAN BUREN

                   OBSERVED      24 HOUR     24 HOUR
                    VALUE        CHANGE      FORECAST

 STAGE (FEET)
  THIS MORNING       19.4         +0.1

MEAN FLOW (CFS)
  TODAY                                        10000
...........................................................
ALL DATA MEASURED AT THE FORT SMITH REGIONAL AIRPORT
