000
CDUS44 KTSA 292125
CLIFSM

CLIMATE REPORT
NATIONAL WEATHER SERVICE TULSA OK
418 PM CDT WED JUN 29 2016


...................................

...THE FORT SMITH ARKANSAS CLIMATE SUMMARY FOR JUNE 29 2016...
VALID TODAY AS OF 0400 PM LOCAL TIME.

CLIMATE NORMAL PERIOD 1981 TO 2010
CLIMATE RECORD PERIOD 1882 TO 2016


WEATHER ITEM   OBSERVED TIME   RECORD YEAR NORMAL DEPARTURE LAST
                VALUE   (LST)  VALUE       VALUE  FROM      YEAR
                                                  NORMAL
..................................................................
TEMPERATURE (F)
 TODAY
  MAXIMUM         96    255 PM 105    2012  91      5       92
  MINIMUM         69    501 AM  56    1985  70     -1       71
  AVERAGE         83                        81      2       82

PRECIPITATION (IN)
  TODAY            0.00          2.15 1997   0.12  -0.12     0.00
  MONTH TO DATE    1.91                      4.15  -2.24     3.13
  SINCE JUN 1      1.91                      4.15  -2.24     3.13
  SINCE JAN 1     19.12                     23.34  -4.22    36.38

DEGREE DAYS
 COOLING
  TODAY           18                        16      2       17
  MONTH TO DATE  485                       370    115      466
  SINCE JUN 1    485                       370    115      466
  SINCE JAN 1    670                       614     56      706
..................................................................


WIND (MPH)
  HIGHEST WIND SPEED     9   HIGHEST WIND DIRECTION    SE (140)
  HIGHEST GUST SPEED    14   HIGHEST GUST DIRECTION     E (80)
  AVERAGE WIND SPEED     3.1


SKY COVER
  POSSIBLE SUNSHINE  MM
  AVERAGE SKY COVER 0.0


WEATHER CONDITIONS
 THE FOLLOWING WEATHER WAS RECORDED TODAY.
  NO SIGNIFICANT WEATHER WAS OBSERVED.


RELATIVE HUMIDITY (PERCENT)
 HIGHEST    84           500 AM
 LOWEST     27           300 PM
 AVERAGE    56

..........................................................


THE FORT SMITH ARKANSAS CLIMATE NORMALS FOR TOMORROW
                         NORMAL    RECORD    YEAR
 MAXIMUM TEMPERATURE (F)   91       104      2012
 MINIMUM TEMPERATURE (F)   71        56      1950


SUNRISE AND SUNSET
JUNE 29 2016..........SUNRISE   606 AM CDT   SUNSET   836 PM CDT
JUNE 30 2016..........SUNRISE   606 AM CDT   SUNSET   836 PM CDT


-  INDICATES NEGATIVE NUMBERS.
R  INDICATES RECORD WAS SET OR TIED.
MM INDICATES DATA IS MISSING.
T  INDICATES TRACE AMOUNT.




$$

&&
...........................................................

THE ARKANSAS RIVER AT VAN BUREN

                   OBSERVED      24 HOUR     24 HOUR
                    VALUE        CHANGE      FORECAST

 STAGE (FEET)
  THIS AFTERNOON     19.3         -0.5

MEAN FLOW (CFS)
  TODAY                                        -99
...........................................................
ALL DATA MEASURED AT THE FORT SMITH REGIONAL AIRPORT
