000
CDUS44 KTSA 270800
CLIFSM

CLIMATE REPORT
NATIONAL WEATHER SERVICE TULSA OK
147 AM CDT FRI MAY 27 2016


...................................

...THE FORT SMITH ARKANSAS CLIMATE SUMMARY FOR MAY 26 2016...

CLIMATE NORMAL PERIOD 1981 TO 2010
CLIMATE RECORD PERIOD 1882 TO 2016


WEATHER ITEM   OBSERVED TIME   RECORD YEAR NORMAL DEPARTURE LAST
                VALUE   (LST)  VALUE       VALUE  FROM      YEAR
                                                  NORMAL
..................................................................
TEMPERATURE (F)
 YESTERDAY
  MAXIMUM         85   1039 AM  95    2012  83      2       83
                                      1964
  MINIMUM         69   1159 PM  44    1988  62      7       62
  AVERAGE         77                        72      5       73

PRECIPITATION (IN)
  YESTERDAY        0.00          3.57 1965   0.17  -0.17     0.00
  MONTH TO DATE    3.65                      4.64  -0.99    18.33
  SINCE MAR 1     15.01                     12.79   2.22    27.12
  SINCE JAN 1     17.16                     18.36  -1.20    31.73

DEGREE DAYS
 COOLING
  YESTERDAY       12                         8      4        8
  MONTH TO DATE   92                       135    -43      133
  SINCE MAR 1    140                       200    -60      201
  SINCE JAN 1    141                       201    -60      201
..................................................................


WIND (MPH)
  HIGHEST WIND SPEED    22   HIGHEST WIND DIRECTION     S (200)
  HIGHEST GUST SPEED    31   HIGHEST GUST DIRECTION     S (200)
  AVERAGE WIND SPEED     6.5


SKY COVER
  POSSIBLE SUNSHINE  MM
  AVERAGE SKY COVER 0.6


WEATHER CONDITIONS
 THE FOLLOWING WEATHER WAS RECORDED YESTERDAY.
  FOG
  HAZE


RELATIVE HUMIDITY (PERCENT)
 HIGHEST    93           200 AM
 LOWEST     54           500 PM
 AVERAGE    74

..........................................................


THE FORT SMITH ARKANSAS CLIMATE NORMALS FOR TODAY
                         NORMAL    RECORD    YEAR
 MAXIMUM TEMPERATURE (F)   83        95      2012
                                             1964
 MINIMUM TEMPERATURE (F)   63        44      1961


SUNRISE AND SUNSET
MAY 27 2016...........SUNRISE   606 AM CDT   SUNSET   824 PM CDT
MAY 28 2016...........SUNRISE   605 AM CDT   SUNSET   825 PM CDT


-  INDICATES NEGATIVE NUMBERS.
R  INDICATES RECORD WAS SET OR TIED.
MM INDICATES DATA IS MISSING.
T  INDICATES TRACE AMOUNT.




$$

&&
...........................................................

THE ARKANSAS RIVER AT VAN BUREN

                   OBSERVED      24 HOUR     24 HOUR
                    VALUE        CHANGE      FORECAST

 STAGE (FEET)
  THIS MORNING       19.3         -0.9

MEAN FLOW (CFS)
  TODAY                                        -99
...........................................................
ALL DATA MEASURED AT THE FORT SMITH REGIONAL AIRPORT
