000
CDUS44 KTSA 020802
CLIFSM

CLIMATE REPORT
NATIONAL WEATHER SERVICE TULSA OK
147 AM CDT THU APR 2 2015


...................................

...THE FORT SMITH ARKANSAS CLIMATE SUMMARY FOR APRIL 1 2015...

CLIMATE NORMAL PERIOD 1981 TO 2010
CLIMATE RECORD PERIOD 1882 TO 2015


WEATHER ITEM   OBSERVED TIME   RECORD YEAR NORMAL DEPARTURE LAST
                VALUE   (LST)  VALUE       VALUE  FROM      YEAR
                                                  NORMAL
..................................................................
TEMPERATURE (F)
 YESTERDAY
  MAXIMUM         79    212 PM  92    1946  70      9       80
  MINIMUM         61   1159 PM  26    1954  45     16       54
  AVERAGE         70                        58     12       67

PRECIPITATION (IN)
  YESTERDAY        0.01          3.44 1988   0.13  -0.12     0.00
  MONTH TO DATE    0.01                      0.13  -0.12     0.00
  SINCE MAR 1      4.51                      3.98   0.53     3.85
  SINCE JAN 1      9.12                      9.55  -0.43     5.62

SNOWFALL (IN)
  YESTERDAY        0.0                                       0.0
  MONTH TO DATE    0.0                                       0.0
  SINCE MAR 1      1.0                                       0.5
  SINCE JUL 1      6.6                                      10.7

DEGREE DAYS
 HEATING
  YESTERDAY        0                         8     -8        0
  MONTH TO DATE    0                         8     -8        0
  SINCE MAR 1    391                       394     -3      459
  SINCE JUL 1   3205                      3067    138     3404

 COOLING
  YESTERDAY        5                         1      4        2
  MONTH TO DATE    5                         1      4        2
  SINCE MAR 1     20                        12      8        2
  SINCE JAN 1     20                        13      7        2
..................................................................


WIND (MPH)
  HIGHEST WIND SPEED    16   HIGHEST WIND DIRECTION     S (200)
  HIGHEST GUST SPEED    22   HIGHEST GUST DIRECTION     S (160)
  AVERAGE WIND SPEED     5.9


SKY COVER
  POSSIBLE SUNSHINE  MM
  AVERAGE SKY COVER 0.3


WEATHER CONDITIONS
 THE FOLLOWING WEATHER WAS RECORDED YESTERDAY.
  LIGHT RAIN


RELATIVE HUMIDITY (PERCENT)
 HIGHEST    90           500 AM
 LOWEST     48           200 PM
 AVERAGE    69

..........................................................


THE FORT SMITH ARKANSAS CLIMATE NORMALS FOR TODAY
                         NORMAL    RECORD    YEAR
 MAXIMUM TEMPERATURE (F)   70        92      1918
 MINIMUM TEMPERATURE (F)   45        26      1936


SUNRISE AND SUNSET
APRIL  2 2015.........SUNRISE   703 AM CDT   SUNSET   740 PM CDT
APRIL  3 2015.........SUNRISE   702 AM CDT   SUNSET   740 PM CDT


-  INDICATES NEGATIVE NUMBERS.
R  INDICATES RECORD WAS SET OR TIED.
MM INDICATES DATA IS MISSING.
T  INDICATES TRACE AMOUNT.




$$

&&
...........................................................

THE ARKANSAS RIVER AT VAN BUREN

                   OBSERVED      24 HOUR     24 HOUR
                    VALUE        CHANGE      FORECAST

 STAGE (FEET)
  THIS MORNING       19.6         +0.3

MEAN FLOW (CFS)
  TODAY                                        17100
...........................................................
ALL DATA MEASURED AT THE FORT SMITH REGIONAL AIRPORT
