000
CDUS44 KTSA 202121
CLIFSM

CLIMATE REPORT
NATIONAL WEATHER SERVICE TULSA OK
418 PM CDT WED AUG 20 2014


...................................

...THE FORT SMITH ARKANSAS CLIMATE SUMMARY FOR AUGUST 20 2014...
VALID TODAY AS OF 0400 PM LOCAL TIME.

CLIMATE NORMAL PERIOD 1981 TO 2010
CLIMATE RECORD PERIOD 1882 TO 2014


WEATHER ITEM   OBSERVED TIME   RECORD YEAR NORMAL DEPARTURE LAST
                VALUE   (LST)  VALUE       VALUE  FROM      YEAR
                                                  NORMAL
..................................................................
TEMPERATURE (F)
 TODAY
  MAXIMUM         94    258 PM 106    1993  93      1       91
  MINIMUM         73    611 AM  58    1991  71      2       68
                                      1953
  AVERAGE         84                        82      2       80

PRECIPITATION (IN)
  TODAY            0.00          5.07 1890   0.08  -0.08     0.00
  MONTH TO DATE    1.39                      1.70  -0.31     3.72
  SINCE JUN 1      8.52                      9.28  -0.76    13.77
  SINCE JAN 1     23.26                     28.47  -5.21    34.75

DEGREE DAYS
 COOLING
  TODAY           19                        17      2       15
  MONTH TO DATE  312                       356    -44      326
  SINCE JUN 1   1169                      1277   -108     1313
  SINCE JAN 1   1447                      1521    -74     1587
..................................................................


WIND (MPH)
  HIGHEST WIND SPEED    17   HIGHEST WIND DIRECTION    SW (220)
  HIGHEST GUST SPEED    23   HIGHEST GUST DIRECTION    SW (220)
  AVERAGE WIND SPEED     6.1


SKY COVER
  POSSIBLE SUNSHINE  MM
  AVERAGE SKY COVER 0.0


WEATHER CONDITIONS
 THE FOLLOWING WEATHER WAS RECORDED TODAY.
  FOG


RELATIVE HUMIDITY (PERCENT)
 HIGHEST    94           100 AM
 LOWEST     41           300 PM
 AVERAGE    68

..........................................................


THE FORT SMITH ARKANSAS CLIMATE NORMALS FOR TOMORROW
                         NORMAL    RECORD    YEAR
 MAXIMUM TEMPERATURE (F)   93       106      1993
 MINIMUM TEMPERATURE (F)   71        56      1956


SUNRISE AND SUNSET
AUGUST 20 2014........SUNRISE   641 AM CDT   SUNSET   800 PM CDT
AUGUST 21 2014........SUNRISE   642 AM CDT   SUNSET   759 PM CDT


-  INDICATES NEGATIVE NUMBERS.
R  INDICATES RECORD WAS SET OR TIED.
MM INDICATES DATA IS MISSING.
T  INDICATES TRACE AMOUNT.




$$

&&
...........................................................

THE ARKANSAS RIVER AT VAN BUREN

                   OBSERVED      24 HOUR     24 HOUR
                    VALUE        CHANGE      FORECAST

 STAGE (FEET)
  THIS AFTERNOON     19.4         -0.4

MEAN FLOW (CFS)
  TODAY                                        8400
...........................................................
ALL DATA MEASURED AT THE FORT SMITH REGIONAL AIRPORT
