000
CDUS44 KTSA 010811
CLIFSM

CLIMATE REPORT
NATIONAL WEATHER SERVICE TULSA OK
302 AM CDT WED OCT 1 2014


...................................

...THE FORT SMITH ARKANSAS CLIMATE SUMMARY FOR SEPTEMBER 30 2014...

CLIMATE NORMAL PERIOD 1981 TO 2010
CLIMATE RECORD PERIOD 1882 TO 2014


WEATHER ITEM   OBSERVED TIME   RECORD YEAR NORMAL DEPARTURE LAST
                VALUE   (LST)  VALUE       VALUE  FROM      YEAR
                                                  NORMAL
..................................................................
TEMPERATURE (F)
 YESTERDAY
  MAXIMUM         84    336 PM  99    1953  80      4       86
  MINIMUM         61    612 AM  37    1984  56      5       67
                                      1895
  AVERAGE         73                        68      5       77

PRECIPITATION (IN)
  YESTERDAY        0.00          2.06 1883   0.13  -0.13     0.00
  MONTH TO DATE    6.90                      4.05   2.85     1.50
  SINCE SEP 1      6.90                      4.05   2.85     1.50
  SINCE JAN 1     30.35                     33.41  -3.06    36.37

DEGREE DAYS
 HEATING
  YESTERDAY        0                         2     -2        0
  MONTH TO DATE    4                        17    -13        0
  SINCE SEP 1      4                        17    -13        0
  SINCE JUL 1      4                        17    -13        0

 COOLING
  YESTERDAY        8                         5      3       12
  MONTH TO DATE  296                       283     13      419
  SINCE SEP 1    296                       283     13      419
  SINCE JAN 1   1959                      1978    -19     2222
..................................................................


WIND (MPH)
  HIGHEST WIND SPEED    12   HIGHEST WIND DIRECTION     S (160)
  HIGHEST GUST SPEED    16   HIGHEST GUST DIRECTION     S (160)
  AVERAGE WIND SPEED     5.2


SKY COVER
  POSSIBLE SUNSHINE  MM
  AVERAGE SKY COVER 0.2


WEATHER CONDITIONS
 THE FOLLOWING WEATHER WAS RECORDED YESTERDAY.
  FOG


RELATIVE HUMIDITY (PERCENT)
 HIGHEST    93           200 AM
 LOWEST     47           100 PM
 AVERAGE    70

..........................................................


THE FORT SMITH ARKANSAS CLIMATE NORMALS FOR TODAY
                         NORMAL    RECORD    YEAR
 MAXIMUM TEMPERATURE (F)   80        96      1953
                                             1938
 MINIMUM TEMPERATURE (F)   56        35      1984


SUNRISE AND SUNSET
OCTOBER  1 2014.......SUNRISE   712 AM CDT   SUNSET   701 PM CDT
OCTOBER  2 2014.......SUNRISE   713 AM CDT   SUNSET   700 PM CDT


-  INDICATES NEGATIVE NUMBERS.
R  INDICATES RECORD WAS SET OR TIED.
MM INDICATES DATA IS MISSING.
T  INDICATES TRACE AMOUNT.




$$

&&
...........................................................

THE ARKANSAS RIVER AT VAN BUREN

                   OBSERVED      24 HOUR     24 HOUR
                    VALUE        CHANGE      FORECAST

 STAGE (FEET)
  THIS MORNING       19.6         +0.0

MEAN FLOW (CFS)
  TODAY                                        3400
...........................................................
ALL DATA MEASURED AT THE FORT SMITH REGIONAL AIRPORT
