000
CDUS44 KTSA 010807
CLIFSM

CLIMATE REPORT
NATIONAL WEATHER SERVICE TULSA OK
307 AM CDT SAT OCT 1 2016


...................................

...THE FORT SMITH ARKANSAS CLIMATE SUMMARY FOR SEPTEMBER 30 2016...

CLIMATE NORMAL PERIOD 1981 TO 2010
CLIMATE RECORD PERIOD 1882 TO 2016


WEATHER ITEM   OBSERVED TIME   RECORD YEAR NORMAL DEPARTURE LAST
                VALUE   (LST)  VALUE       VALUE  FROM      YEAR
                                                  NORMAL
..................................................................
TEMPERATURE (F)
 YESTERDAY
  MAXIMUM         83    330 PM  99    1953  80      3       84
  MINIMUM         52    640 AM  37    1984  56     -4       63
                                      1895
  AVERAGE         68                        68      0       74

PRECIPITATION (IN)
  YESTERDAY        0.00          2.06 1883   0.13  -0.13     0.00
  MONTH TO DATE    1.79                      4.05  -2.26     2.57
  SINCE SEP 1      1.79                      4.05  -2.26     2.57
  SINCE JAN 1     28.44                     33.41  -4.97    52.17

DEGREE DAYS
 HEATING
  YESTERDAY        0                         2     -2        0
  MONTH TO DATE    0                        17    -17        0
  SINCE SEP 1      0                        17    -17        0
  SINCE JUL 1      0                        17    -17        0

 COOLING
  YESTERDAY        3                         5     -2        9
  MONTH TO DATE  383                       283    100      360
  SINCE SEP 1    383                       283    100      360
  SINCE JAN 1   2234                      1978    256     2175
..................................................................


WIND (MPH)
  HIGHEST WIND SPEED    13   HIGHEST WIND DIRECTION     W (280)
  HIGHEST GUST SPEED    18   HIGHEST GUST DIRECTION     W (270)
  AVERAGE WIND SPEED     4.9


SKY COVER
  POSSIBLE SUNSHINE  MM
  AVERAGE SKY COVER 0.0


WEATHER CONDITIONS
 THE FOLLOWING WEATHER WAS RECORDED YESTERDAY.
  NO SIGNIFICANT WEATHER WAS OBSERVED.


RELATIVE HUMIDITY (PERCENT)
 HIGHEST    89           600 AM
 LOWEST     24           300 PM
 AVERAGE    57

..........................................................


THE FORT SMITH ARKANSAS CLIMATE NORMALS FOR TODAY
                         NORMAL    RECORD    YEAR
 MAXIMUM TEMPERATURE (F)   80        96      1953
                                             1938
 MINIMUM TEMPERATURE (F)   56        35      1984


SUNRISE AND SUNSET
OCTOBER  1 2016.......SUNRISE   713 AM CDT   SUNSET   701 PM CDT
OCTOBER  2 2016.......SUNRISE   713 AM CDT   SUNSET   659 PM CDT


-  INDICATES NEGATIVE NUMBERS.
R  INDICATES RECORD WAS SET OR TIED.
MM INDICATES DATA IS MISSING.
T  INDICATES TRACE AMOUNT.




$$

&&
...........................................................

THE ARKANSAS RIVER AT VAN BUREN

                   OBSERVED      24 HOUR     24 HOUR
                    VALUE        CHANGE      FORECAST

 STAGE (FEET)
  THIS MORNING       20.0         +0.2

MEAN FLOW (CFS)
  TODAY                                        -99
...........................................................
ALL DATA MEASURED AT THE FORT SMITH REGIONAL AIRPORT
