000
CDUS44 KTSA 190910 RRA
CLIFSM

CLIMATE REPORT
NATIONAL WEATHER SERVICE TULSA OK
1247 AM CST FRI JAN 19 2018


...................................

...THE FORT SMITH ARKANSAS CLIMATE SUMMARY FOR JANUARY 18 2018...

CLIMATE NORMAL PERIOD 1981 TO 2010
CLIMATE RECORD PERIOD 1882 TO 2018


WEATHER ITEM   OBSERVED TIME   RECORD YEAR NORMAL DEPARTURE LAST
                VALUE   (LST)  VALUE       VALUE  FROM      YEAR
                                                  NORMAL
..................................................................
TEMPERATURE (F)
 YESTERDAY
  MAXIMUM         47    328 PM  72    1974  50     -3       48
                                      1951
                                      1907
  MINIMUM         12    705 AM  -9    1930  29    -17       40
  AVERAGE         30                        39     -9       44

PRECIPITATION (IN)
  YESTERDAY        0.00          1.36 1996   0.10  -0.10     0.01
  MONTH TO DATE    0.54                      1.60  -1.06     1.30
  SINCE DEC 1      2.82                      4.89  -2.07     2.07
  SINCE JAN 1      0.54                      1.60  -1.06     1.30

SNOWFALL (IN)
  YESTERDAY        0.0                                       0.0
  MONTH TO DATE    T                                         2.0
  SINCE DEC 1      T                                         2.0
  SINCE JUL 1      T                                         2.0

DEGREE DAYS
 HEATING
  YESTERDAY       35                        26      9       21
  MONTH TO DATE  588                       468    120      413
  SINCE DEC 1   1265                      1202     63     1106
  SINCE JUL 1   1701                      1767    -66     1392
..................................................................


WIND (MPH)
  HIGHEST WIND SPEED    12   HIGHEST WIND DIRECTION    SW (220)
  HIGHEST GUST SPEED    15   HIGHEST GUST DIRECTION    SW (230)
  AVERAGE WIND SPEED     3.1


SKY COVER
  POSSIBLE SUNSHINE  MM
  AVERAGE SKY COVER 0.0


WEATHER CONDITIONS
 THE FOLLOWING WEATHER WAS RECORDED YESTERDAY.
  NO SIGNIFICANT WEATHER WAS OBSERVED.


RELATIVE HUMIDITY (PERCENT)
 HIGHEST    88           400 AM
 LOWEST     17           400 PM
 AVERAGE    53

..........................................................


THE FORT SMITH ARKANSAS CLIMATE NORMALS FOR TODAY
                         NORMAL    RECORD    YEAR
 MAXIMUM TEMPERATURE (F)   50        81      1952
 MINIMUM TEMPERATURE (F)   29        -2      1940
                                             1892


SUNRISE AND SUNSET
JANUARY 19 2018.......SUNRISE   724 AM CST   SUNSET   532 PM CST
JANUARY 20 2018.......SUNRISE   724 AM CST   SUNSET   533 PM CST


-  INDICATES NEGATIVE NUMBERS.
R  INDICATES RECORD WAS SET OR TIED.
MM INDICATES DATA IS MISSING.
T  INDICATES TRACE AMOUNT.




$$

&&
...........................................................

THE ARKANSAS RIVER AT VAN BUREN

                   OBSERVED      24 HOUR     24 HOUR
                    VALUE        CHANGE      FORECAST

 STAGE (FEET)
  THIS MORNING       19.1         -0.6

 MEAN FLOW (CFS)
  TODAY                                        512
...........................................................
ALL DATA MEASURED AT THE FORT SMITH REGIONAL AIRPORT
