488
CDUS44 KTSA 212220
CLIFSM

CLIMATE REPORT
NATIONAL WEATHER SERVICE TULSA OK
420 PM CST SAT JAN 21 2017


...................................

...THE FORT SMITH ARKANSAS CLIMATE SUMMARY FOR JANUARY 21 2017...
VALID TODAY AS OF 0400 PM LOCAL TIME.

CLIMATE NORMAL PERIOD 1981 TO 2010
CLIMATE RECORD PERIOD 1882 TO 2017


WEATHER ITEM   OBSERVED TIME   RECORD YEAR NORMAL DEPARTURE LAST
                VALUE   (LST)  VALUE       VALUE  FROM      YEAR
                                                  NORMAL
..................................................................
TEMPERATURE (F)
 TODAY
  MAXIMUM         68    259 PM  76    1999  50     18       39
  MINIMUM         40    708 AM  -1    1930  29     11       32
  AVERAGE         54                        40     14       36

PRECIPITATION (IN)
  TODAY            0.00          2.79 1904   0.09  -0.09     0.01
  MONTH TO DATE    1.30                      1.87  -0.57     0.39
  SINCE DEC 1      2.07                      5.16  -3.09    11.20
  SINCE JAN 1      1.30                      1.87  -0.57     0.39

SNOWFALL (IN)
  TODAY            0.0                                       0.0
  MONTH TO DATE    2.0                                        T
  SINCE DEC 1      2.0                                        T
  SINCE JUL 1      2.0                                        T

DEGREE DAYS
 HEATING
  TODAY           11                        25    -14       29
  MONTH TO DATE  446                       545    -99      567
  SINCE DEC 1   1139                      1279   -140     1044
  SINCE JUL 1   1425                      1844   -419     1401
..................................................................


WIND (MPH)
  HIGHEST WIND SPEED    10   HIGHEST WIND DIRECTION     E (70)
  HIGHEST GUST SPEED    13   HIGHEST GUST DIRECTION    NE (60)
  AVERAGE WIND SPEED     5.3


SKY COVER
  POSSIBLE SUNSHINE  MM
  AVERAGE SKY COVER 0.2


WEATHER CONDITIONS
 THE FOLLOWING WEATHER WAS RECORDED TODAY.
  NO SIGNIFICANT WEATHER WAS OBSERVED.


RELATIVE HUMIDITY (PERCENT)
 HIGHEST    89           800 AM
 LOWEST     49           300 PM
 AVERAGE    69

..........................................................


THE FORT SMITH ARKANSAS CLIMATE NORMALS FOR TOMORROW
                         NORMAL    RECORD    YEAR
 MAXIMUM TEMPERATURE (F)   50        78      1969
                                             1943
 MINIMUM TEMPERATURE (F)   29        -9      1930


SUNRISE AND SUNSET
JANUARY 21 2017.......SUNRISE   723 AM CST   SUNSET   535 PM CST
JANUARY 22 2017.......SUNRISE   723 AM CST   SUNSET   536 PM CST


-  INDICATES NEGATIVE NUMBERS.
R  INDICATES RECORD WAS SET OR TIED.
MM INDICATES DATA IS MISSING.
T  INDICATES TRACE AMOUNT.




$$

&&
...........................................................

THE ARKANSAS RIVER AT VAN BUREN

                   OBSERVED      24 HOUR     24 HOUR
                    VALUE        CHANGE      FORECAST

 STAGE (FEET)
  THIS AFTERNOON     19.5         +0.3

MEAN FLOW (CFS)
  TODAY                                        -99
...........................................................
ALL DATA MEASURED AT THE FORT SMITH REGIONAL AIRPORT
