000
CDUS44 KTSA 180938
CLIFSM

CLIMATE REPORT
NATIONAL WEATHER SERVICE TULSA OK
337 AM CST SAT NOV 18 2017


...................................

...THE FORT SMITH ARKANSAS CLIMATE SUMMARY FOR NOVEMBER 17 2017...

CLIMATE NORMAL PERIOD 1981 TO 2010
CLIMATE RECORD PERIOD 1882 TO 2017


WEATHER ITEM   OBSERVED TIME   RECORD YEAR NORMAL DEPARTURE LAST
                VALUE   (LST)  VALUE       VALUE  FROM      YEAR
                                                  NORMAL
..................................................................
TEMPERATURE (F)
 YESTERDAY
  MAXIMUM         77    426 PM  82    2016  62     15       82
                                      2013
  MINIMUM         56    421 AM  15    1959  40     16       49
  AVERAGE         67                        51     16       66

PRECIPITATION (IN)
  YESTERDAY        0.00          3.50 1957   0.15  -0.15     0.00
  MONTH TO DATE    0.26                      2.57  -2.31     0.03
  SINCE SEP 1      3.55                     10.94  -7.39     2.20
  SINCE JAN 1     45.66                     40.30   5.36    28.85

SNOWFALL (IN)
  YESTERDAY        0.0                                       0.0
  MONTH TO DATE    0.0                                       0.0
  SINCE SEP 1      0.0                                       0.0
  SINCE JUL 1      0.0                                       0.0

DEGREE DAYS
 HEATING
  YESTERDAY        0                        14    -14        0
  MONTH TO DATE  144                       189    -45       65
  SINCE SEP 1    279                       343    -64       89
  SINCE JUL 1    279                       343    -64       89
..................................................................


WIND (MPH)
  HIGHEST WIND SPEED    25   HIGHEST WIND DIRECTION    SW (210)
  HIGHEST GUST SPEED    33   HIGHEST GUST DIRECTION    SW (210)
  AVERAGE WIND SPEED    10.1


SKY COVER
  POSSIBLE SUNSHINE  MM
  AVERAGE SKY COVER 0.7


WEATHER CONDITIONS
 THE FOLLOWING WEATHER WAS RECORDED YESTERDAY.
  NO SIGNIFICANT WEATHER WAS OBSERVED.


RELATIVE HUMIDITY (PERCENT)
 HIGHEST    86           700 AM
 LOWEST     60           300 PM
 AVERAGE    73

..........................................................


THE FORT SMITH ARKANSAS CLIMATE NORMALS FOR TODAY
                         NORMAL    RECORD    YEAR
 MAXIMUM TEMPERATURE (F)   62        84      1930
 MINIMUM TEMPERATURE (F)   39        18      2014
                                             1959


SUNRISE AND SUNSET
NOVEMBER 18 2017......SUNRISE   656 AM CST   SUNSET   509 PM CST
NOVEMBER 19 2017......SUNRISE   657 AM CST   SUNSET   509 PM CST


-  INDICATES NEGATIVE NUMBERS.
R  INDICATES RECORD WAS SET OR TIED.
MM INDICATES DATA IS MISSING.
T  INDICATES TRACE AMOUNT.




$$

&&
...........................................................

THE ARKANSAS RIVER AT VAN BUREN

                   OBSERVED      24 HOUR     24 HOUR
                    VALUE        CHANGE      FORECAST

 STAGE (FEET)
  THIS MORNING       19.6         -0.3

 MEAN FLOW (CFS)
  TODAY                                        308
...........................................................
ALL DATA MEASURED AT THE FORT SMITH REGIONAL AIRPORT
