000
CDUS44 KTSA 220807
CLIFSM

CLIMATE REPORT
NATIONAL WEATHER SERVICE TULSA OK
302 AM CDT TUE JUL 22 2014


...................................

...THE FORT SMITH ARKANSAS CLIMATE SUMMARY FOR JULY 21 2014...

CLIMATE NORMAL PERIOD 1981 TO 2010
CLIMATE RECORD PERIOD 1882 TO 2014


WEATHER ITEM   OBSERVED TIME   RECORD YEAR NORMAL DEPARTURE LAST
                VALUE   (LST)  VALUE       VALUE  FROM      YEAR
                                                  NORMAL
..................................................................
TEMPERATURE (F)
 YESTERDAY
  MAXIMUM         90    433 PM 106    2011  94     -4       93
  MINIMUM         66    543 AM  60    1971  72     -6       74
  AVERAGE         78                        83     -5       84

PRECIPITATION (IN)
  YESTERDAY        0.00          2.57 2009   0.10  -0.10      T
  MONTH TO DATE    1.42                      2.28  -0.86     0.38
  SINCE JUN 1      5.87                      6.56  -0.69     6.48
  SINCE JAN 1     20.61                     25.75  -5.14    27.46

DEGREE DAYS
 COOLING
  YESTERDAY       13                        18     -5       19
  MONTH TO DATE  272                       358    -86      368
  SINCE JUN 1    710                       743    -33      821
  SINCE JAN 1    988                       987      1     1095
..................................................................


WIND (MPH)
  HIGHEST WIND SPEED     9   HIGHEST WIND DIRECTION     E (80)
  HIGHEST GUST SPEED    13   HIGHEST GUST DIRECTION    NE (50)
  AVERAGE WIND SPEED     4.0


SKY COVER
  POSSIBLE SUNSHINE  MM
  AVERAGE SKY COVER 0.1


WEATHER CONDITIONS
 THE FOLLOWING WEATHER WAS RECORDED YESTERDAY.
  FOG


RELATIVE HUMIDITY (PERCENT)
 HIGHEST    93           300 AM
 LOWEST     52           300 PM
 AVERAGE    73

..........................................................


THE FORT SMITH ARKANSAS CLIMATE NORMALS FOR TODAY
                         NORMAL    RECORD    YEAR
 MAXIMUM TEMPERATURE (F)   94       106      2011
                                             1943
 MINIMUM TEMPERATURE (F)   72        51      1970


SUNRISE AND SUNSET
JULY 22 2014..........SUNRISE   619 AM CDT   SUNSET   829 PM CDT
JULY 23 2014..........SUNRISE   620 AM CDT   SUNSET   828 PM CDT


-  INDICATES NEGATIVE NUMBERS.
R  INDICATES RECORD WAS SET OR TIED.
MM INDICATES DATA IS MISSING.
T  INDICATES TRACE AMOUNT.




$$

&&
...........................................................

THE ARKANSAS RIVER AT VAN BUREN

                   OBSERVED      24 HOUR     24 HOUR
                    VALUE        CHANGE      FORECAST

 STAGE (FEET)
  THIS MORNING       19.7         +0.4

MEAN FLOW (CFS)
  TODAY                                        12000
...........................................................
ALL DATA MEASURED AT THE FORT SMITH REGIONAL AIRPORT
