000
CDUS44 KTSA 290833
CLIFSM

CLIMATE REPORT
NATIONAL WEATHER SERVICE TULSA OK
332 AM CDT FRI MAY 29 2015


...................................

...THE FORT SMITH ARKANSAS CLIMATE SUMMARY FOR MAY 28 2015...

CLIMATE NORMAL PERIOD 1981 TO 2010
CLIMATE RECORD PERIOD 1882 TO 2015


WEATHER ITEM   OBSERVED TIME   RECORD YEAR NORMAL DEPARTURE LAST
                VALUE   (LST)  VALUE       VALUE  FROM      YEAR
                                                  NORMAL
..................................................................
TEMPERATURE (F)
 YESTERDAY
  MAXIMUM         79    413 PM  97    2012  83     -4       81
  MINIMUM         67   1148 AM  48    1961  63      4       67
                                      1891
  AVERAGE         73                        73      0       74

PRECIPITATION (IN)
  YESTERDAY        0.19          2.90 1982   0.17   0.02     0.00
  MONTH TO DATE   18.53                      4.98  13.55     5.63
  SINCE MAR 1     27.32                     13.13  14.19    12.42
  SINCE JAN 1     31.93                     18.70  13.23    14.19

DEGREE DAYS
 COOLING
  YESTERDAY        8                         8      0        9
  MONTH TO DATE  152                       151      1      192
  SINCE MAR 1    220                       216      4      243
  SINCE JAN 1    220                       217      3      243
..................................................................


WIND (MPH)
  HIGHEST WIND SPEED    16   HIGHEST WIND DIRECTION     S (200)
  HIGHEST GUST SPEED    23   HIGHEST GUST DIRECTION     S (190)
  AVERAGE WIND SPEED     5.8


SKY COVER
  POSSIBLE SUNSHINE  MM
  AVERAGE SKY COVER 0.2


WEATHER CONDITIONS
 THE FOLLOWING WEATHER WAS RECORDED YESTERDAY.
  THUNDERSTORM
  RAIN
  LIGHT RAIN
  FOG


RELATIVE HUMIDITY (PERCENT)
 HIGHEST    93           300 AM
 LOWEST     62           500 PM
 AVERAGE    78

..........................................................


THE FORT SMITH ARKANSAS CLIMATE NORMALS FOR TODAY
                         NORMAL    RECORD    YEAR
 MAXIMUM TEMPERATURE (F)   84        98      1951
 MINIMUM TEMPERATURE (F)   63        46      1947


SUNRISE AND SUNSET
MAY 29 2015...........SUNRISE   605 AM CDT   SUNSET   825 PM CDT
MAY 30 2015...........SUNRISE   605 AM CDT   SUNSET   826 PM CDT


-  INDICATES NEGATIVE NUMBERS.
R  INDICATES RECORD WAS SET OR TIED.
MM INDICATES DATA IS MISSING.
T  INDICATES TRACE AMOUNT.




$$

&&
...........................................................

THE ARKANSAS RIVER AT VAN BUREN

                   OBSERVED      24 HOUR     24 HOUR
                    VALUE        CHANGE      FORECAST

 STAGE (FEET)
  THIS MORNING       31.6         +0.1

MEAN FLOW (CFS)
  TODAY                                        -99
...........................................................
ALL DATA MEASURED AT THE FORT SMITH REGIONAL AIRPORT
