000
CDUS44 KTSA 252118
CLIFSM

CLIMATE REPORT
NATIONAL WEATHER SERVICE TULSA OK
418 PM CDT SAT OCT 25 2014


...................................

...THE FORT SMITH ARKANSAS CLIMATE SUMMARY FOR OCTOBER 25 2014...
VALID TODAY AS OF 0400 PM LOCAL TIME.

CLIMATE NORMAL PERIOD 1981 TO 2010
CLIMATE RECORD PERIOD 1882 TO 2014


WEATHER ITEM   OBSERVED TIME   RECORD YEAR NORMAL DEPARTURE LAST
                VALUE   (LST)  VALUE       VALUE  FROM      YEAR
                                                  NORMAL
..................................................................
TEMPERATURE (F)
 TODAY
  MAXIMUM         86    259 PM  88    1950  72     14       60
  MINIMUM         55    644 AM  29    1982  48      7       38
  AVERAGE         71                        60     11       49

PRECIPITATION (IN)
  TODAY            0.00          1.92 1936   0.14  -0.14     0.00
  MONTH TO DATE    7.62                      3.46   4.16     3.51
  SINCE SEP 1     14.52                      7.51   7.01     5.01
  SINCE JAN 1     37.97                     36.87   1.10    39.88

SNOWFALL (IN)
  TODAY            0.0                                       0.0
  MONTH TO DATE    0.0                                       0.0
  SINCE SEP 1      0.0                                       0.0
  SINCE JUL 1      0.0                                       0.0

DEGREE DAYS
 HEATING
  TODAY            0                         6     -6       16
  MONTH TO DATE   43                        93    -50      119
  SINCE SEP 1     47                       110    -63      119
  SINCE JUL 1     47                       110    -63      119

 COOLING
  TODAY            6                         1      5        0
  MONTH TO DATE   80                        61     19       81
  SINCE SEP 1    376                       344     32      500
  SINCE JAN 1   2039                      2039      0     2303
..................................................................


WIND (MPH)
  HIGHEST WIND SPEED    10   HIGHEST WIND DIRECTION     W (270)
  HIGHEST GUST SPEED    14   HIGHEST GUST DIRECTION     W (250)
  AVERAGE WIND SPEED     2.6


SKY COVER
  POSSIBLE SUNSHINE  MM
  AVERAGE SKY COVER 0.2


WEATHER CONDITIONS
 THE FOLLOWING WEATHER WAS RECORDED TODAY.
  FOG
  FOG W/VISIBILITY <= 1/4 MILE
  HAZE


RELATIVE HUMIDITY (PERCENT)
 HIGHEST   100           400 AM
 LOWEST     42           300 PM
 AVERAGE    71

..........................................................


THE FORT SMITH ARKANSAS CLIMATE NORMALS FOR TOMORROW
                         NORMAL    RECORD    YEAR
 MAXIMUM TEMPERATURE (F)   72        90      1891
 MINIMUM TEMPERATURE (F)   48        30      1994
                                             1957


SUNRISE AND SUNSET
OCTOBER 25 2014.......SUNRISE   732 AM CDT   SUNSET   630 PM CDT
OCTOBER 26 2014.......SUNRISE   733 AM CDT   SUNSET   629 PM CDT


-  INDICATES NEGATIVE NUMBERS.
R  INDICATES RECORD WAS SET OR TIED.
MM INDICATES DATA IS MISSING.
T  INDICATES TRACE AMOUNT.




$$

&&
...........................................................

THE ARKANSAS RIVER AT VAN BUREN

                   OBSERVED      24 HOUR     24 HOUR
                    VALUE        CHANGE      FORECAST

 STAGE (FEET)
  THIS AFTERNOON     19.5         -0.1

MEAN FLOW (CFS)
  TODAY                                        23700
...........................................................
ALL DATA MEASURED AT THE FORT SMITH REGIONAL AIRPORT
