000
CDUS44 KTSA 210813
CLIFSM

CLIMATE REPORT
NATIONAL WEATHER SERVICE TULSA OK
312 AM CDT TUE APR 21 2015


...................................

...THE FORT SMITH ARKANSAS CLIMATE SUMMARY FOR APRIL 20 2015...

CLIMATE NORMAL PERIOD 1981 TO 2010
CLIMATE RECORD PERIOD 1882 TO 2015


WEATHER ITEM   OBSERVED TIME   RECORD YEAR NORMAL DEPARTURE LAST
                VALUE   (LST)  VALUE       VALUE  FROM      YEAR
                                                  NORMAL
..................................................................
TEMPERATURE (F)
 YESTERDAY
  MAXIMUM         67    346 PM  94    1987  75     -8       81
  MINIMUM         46   1159 PM  35    1978  51     -5       56
                                      1953
  AVERAGE         57                        63     -6       69

PRECIPITATION (IN)
  YESTERDAY        0.00          2.13 1928   0.15  -0.15     0.01
  MONTH TO DATE    3.52                      2.72   0.80     2.02
  SINCE MAR 1      8.02                      6.57   1.45     5.87
  SINCE JAN 1     12.63                     12.14   0.49     7.64

SNOWFALL (IN)
  YESTERDAY        0.0                                       0.0
  MONTH TO DATE    0.0                                       0.0
  SINCE MAR 1      1.0                                       0.5
  SINCE JUL 1      6.6                                      10.7

DEGREE DAYS
 HEATING
  YESTERDAY        8                         4      4        0
  MONTH TO DATE   52                       124    -72      124
  SINCE MAR 1    443                       510    -67      583
  SINCE JUL 1   3257                      3183     74     3528

 COOLING
  YESTERDAY        0                         2     -2        4
  MONTH TO DATE   45                        30     15       33
  SINCE MAR 1     60                        41     19       33
  SINCE JAN 1     60                        42     18       33
..................................................................


WIND (MPH)
  HIGHEST WIND SPEED    25   HIGHEST WIND DIRECTION     W (290)
  HIGHEST GUST SPEED    31   HIGHEST GUST DIRECTION    NW (320)
  AVERAGE WIND SPEED    11.1


SKY COVER
  POSSIBLE SUNSHINE  MM
  AVERAGE SKY COVER 0.1


WEATHER CONDITIONS
 THE FOLLOWING WEATHER WAS RECORDED YESTERDAY.
  NO SIGNIFICANT WEATHER WAS OBSERVED.


RELATIVE HUMIDITY (PERCENT)
 HIGHEST    77           500 AM
 LOWEST     24           300 PM
 AVERAGE    51

..........................................................


THE FORT SMITH ARKANSAS CLIMATE NORMALS FOR TODAY
                         NORMAL    RECORD    YEAR
 MAXIMUM TEMPERATURE (F)   75        91      1965
 MINIMUM TEMPERATURE (F)   51        34      1978


SUNRISE AND SUNSET
APRIL 21 2015.........SUNRISE   638 AM CDT   SUNSET   755 PM CDT
APRIL 22 2015.........SUNRISE   637 AM CDT   SUNSET   756 PM CDT


-  INDICATES NEGATIVE NUMBERS.
R  INDICATES RECORD WAS SET OR TIED.
MM INDICATES DATA IS MISSING.
T  INDICATES TRACE AMOUNT.




$$

&&
...........................................................

THE ARKANSAS RIVER AT VAN BUREN

                   OBSERVED      24 HOUR     24 HOUR
                    VALUE        CHANGE      FORECAST

 STAGE (FEET)
  THIS MORNING       19.2         -0.6

MEAN FLOW (CFS)
  TODAY                                        45900
...........................................................
ALL DATA MEASURED AT THE FORT SMITH REGIONAL AIRPORT
